000
CXUS53 KGID 011550
CF6EAR
PRELIMINARY LOCAL CLIMATOLOGICAL DATA (WS FORM: F-6)
STATION: KEARNEY NE
MONTH: JULY
YEAR: 2022
LATITUDE: 40 43 N
LONGITUDE: 99 0 W
TEMPERATURE IN F: :PCPN: SNOW: WIND :SUNSHINE: SKY :PK WND
================================================================================
1 2 3 4 5 6A 6B 7 8 9 10 11 12 13 14 15 16 17 18
12Z AVG MX 2MIN
DY MAX MIN AVG DEP HDD CDD WTR SNW DPTH SPD SPD DIR MIN PSBL S-S WX SPD DR
================================================================================
1 82 62 72 -2 0 7 T M M 10.6 20 40 M M 4 25 80
2 83 61 72 -2 0 7 0.00 M M 7.6 15 150 M M 4 1 M M
3 89 62 76 2 0 11 0.66 M M 12.4 27 130 M M 6 123 40 150
4 96 72 84 10 0 19 0.00 M M 11.4 18 200 M M 1 M M
5 95 69 82 8 0 17 0.02 M M 14.2 27 140 M M 3 35 40
6 85 68 77 3 0 12 0.02 M M 10.4 24 160 M M 4 33 160
7 83 69 76 1 0 11 0.00 M M 7.0 16 360 M M 7 1 M M
8 85 65 75 0 0 10 0.00 M M 8.0 13 40 M M 1 17 350
9 89 63 76 1 0 11 0.00 M M 9.4 17 130 M M 1 12 22 130
10 100 69 85 10 0 20 T M M 17.5 31 330 M M 0 56 330
11 86 64 75 0 0 10 0.01 M M 14.0 31 190 M M 1 50 210
12 87 58 73 -2 0 8 0.00 M M 6.4 8 140 M M 1 M M
13 94 65 80 5 0 15 0.00 M M 11.8 20 200 M M 1 M M
14 101 70 86 11 0 21 0.00 M M 12.6 22 180 M M 0 27 180
15 96 73 85 10 0 20 0.00 M M 8.0 16 30 M M 0 20 260
16 92 65 79 4 0 14 0.99 M M 8.7 39 360 M M 1 13 48 360
17 84 64 74 -1 0 9 0.00 M M 6.5 13 360 M M 4 12 M M
18 91 65 78 3 0 13 0.00 M M 11.6 18 170 M M 0 1 22 160
19 91 67 79 4 0 14 0.00 M M 9.3 15 350 M M 0 21 180
20 90 63 77 2 0 12 0.00 M M 5.3 9 200 M M 0 M M
21 91 67 79 4 0 14 0.03 M M 10.4 30 170 M M 1 46 180
22 96 69 83 8 0 18 0.07 M M 9.9 21 350 M M 2 3 33 170
23 100 69 85 10 0 20 0.02 M M 14.6 23 200 M M 1 3 35 300
24 84 65 75 0 0 10 0.00 M M 10.3 16 60 M M 0 22 60
25 68 59 64 -11 1 0 1.26 M M 8.8 16 160 M M 9 1 21 160
26 83 64 74 -1 0 9 T M M 7.5 21 10 M M 7 12 33 360
27 84 62 73 -2 0 8 T M M 4.6 8 140 M M 1 M M
28 77 63 70 -5 0 5 0.01 M M 7.1 14 20 M M 3 M M
29 78 57 68 -7 0 3 0.00 M M 6.9 14 200 M M 1 M M
30 80 56 68 -7 0 3 0.00 M M 9.3 15 150 M M 0 18 160
31 89 61 75 0 0 10 0.00 M M 8.9 15 220 M M 1 M M
================================================================================
SM 2729 2006 1 361 3.09 M 301.0 M 65
================================================================================
AV 88.0 64.7 9.7 FASTST M M 2 MAX(MPH)
MISC ----> 39 360 M M
================================================================================
NOTES:
# LAST OF SEVERAL OCCURRENCES
COLUMN 17 PEAK WIND IN M.P.H.
PRELIMINARY LOCAL CLIMATOLOGICAL DATA (WS FORM: F-6) , PAGE 2
STATION: KEARNEY NE
MONTH: JULY
YEAR: 2022
LATITUDE: 40 43 N
LONGITUDE: 99 0 W
[TEMPERATURE DATA] [PRECIPITATION DATA] SYMBOLS USED IN COLUMN 16
AVERAGE MONTHLY: 76.4 TOTAL FOR MONTH: 3.09 1 = FOG OR MIST
DPTR FM NORMAL: 1.6 DPTR FM NORMAL: -0.27 2 = FOG REDUCING VISIBILITY
HIGHEST: 101 ON 14 GRTST 24HR 1.26 ON 25-25 TO 1/4 MILE OR LESS
LOWEST: 56 ON 30 3 = THUNDER
SNOW, ICE PELLETS, HAIL 4 = ICE PELLETS
TOTAL MONTH: M 5 = HAIL
GRTST 24HR M ON M 6 = FREEZING RAIN OR DRIZZLE
GRTST DEPTH: M ON M 7 = DUSTSTORM OR SANDSTORM:
VSBY 1/2 MILE OR LESS
8 = SMOKE OR HAZE
[NO. OF DAYS WITH] [WEATHER - DAYS WITH] 9 = BLOWING SNOW
X = TORNADO
MAX 32 OR BELOW: 0 0.01 INCH OR MORE: 10
MAX 90 OR ABOVE: 13 0.10 INCH OR MORE: 3
MIN 32 OR BELOW: 0 0.50 INCH OR MORE: 3
MIN 0 OR BELOW: 0 1.00 INCH OR MORE: 1
[HDD (BASE 65) ]
TOTAL THIS MO. 1 CLEAR (SCALE 0-3) 23
DPTR FM NORMAL 1 PTCLDY (SCALE 4-7) 7
TOTAL FM JUL 1 1 CLOUDY (SCALE 8-10) 1
DPTR FM NORMAL 1
[CDD (BASE 65) ]
TOTAL THIS MO. 361
DPTR FM NORMAL 55 [PRESSURE DATA]
TOTAL FM JAN 1 719 HIGHEST SLP 30.20 ON 9
DPTR FM NORMAL 187 LOWEST SLP 29.67 ON 23
[REMARKS]
#FINAL-07-22#