000
CXUS53 KGID 010840
CF6EAR
PRELIMINARY LOCAL CLIMATOLOGICAL DATA (WS FORM: F-6)
STATION: KEARNEY NE
MONTH: NOVEMBER
YEAR: 2021
LATITUDE: 40 43 N
LONGITUDE: 99 0 W
TEMPERATURE IN F: :PCPN: SNOW: WIND :SUNSHINE: SKY :PK WND
================================================================================
1 2 3 4 5 6A 6B 7 8 9 10 11 12 13 14 15 16 17 18
12Z AVG MX 2MIN
DY MAX MIN AVG DEP HDD CDD WTR SNW DPTH SPD SPD DIR MIN PSBL S-S WX SPD DR
================================================================================
1 36 32 34 -10 31 0 0.30 M M 3.9 7 120 M M 10 1 M M
2 42 31 37 -7 28 0 0.00 M M 5.7 10 200 M M 10 12 M M
3 44 33 39 -4 26 0 0.00 M M 9.6 13 230 M M 7 M M
4 60 28 44 1 21 0 0.00 M M 9.4 16 180 M M 2 12 M M
5 68 38 53 11 12 0 0.00 M M 11.6 23 200 M M 0 M M
6 73 35 54 12 11 0 0.00 M M 9.4 16 190 M M 0 M M
7 71 41 56 14 9 0 0.00 M M 6.4 13 190 M M 0 M M
8 60 40 50 9 15 0 0.00 M M 15.2 27 40 M M 1 31 20
9 57 35 46 5 19 0 0.00 M M 9.3 15 70 M M 1 M M
10 51 37 44 4 21 0 0.09 M M 8.0 21 340 M M 7 1 33 340
11 51 33 42 2 23 0 0.00 M M 17.8 31 290 M M 0 41 300
12 41 21 31 -8 34 0 0.00 M M 19.7 31 340 M M 4 44 340
13 53 18 36 -3 29 0 0.03 M M 9.0 41 360 M M 4 58 340
14 57 38 48 9 17 0 0.00 M M 10.4 17 260 M M 7 23 260
15 75 41 58 20 7 0 0.00 M M 8.5 14 310 M M 0 M M
16 65 45 55 17 10 0 0.00 M M 9.5 15 210 M M 0 M M
17 48 24 36 -1 29 0 0.00 M M 12.3 18 320 M M 1 25 330
18 47 19 33 -4 32 0 0.00 M M 8.1 14 160 M M 0 8 M M
19 51 30 41 5 24 0 0.00 M M 13.0 22 180 M M 0 33 190
20 55 24 40 4 25 0 0.00 M M 7.1 17 350 M M 2 M M
21 49 25 37 1 28 0 0.00 M M 10.4 22 350 M M 1 30 350
22 60 27 44 9 21 0 0.00 M M 6.6 14 210 M M 2 M M
23 69 28 49 14 16 0 0.00 M M 13.2 23 180 M M 0 32 200
24 48 31 40 6 25 0 0.00 M M 18.1 30 350 M M 3 38 350
25 41 17 29 -5 36 0 0.00 M M 10.1 17 200 M M 1 30 350
26 65 29 47 14 18 0 0.00 M M 8.9 15 250 M M 0 18 270
27 60 35 48 15 17 0 0.00 M M 14.2 29 350 M M 0 37 350
28 56 24 40 7 25 0 0.00 M M 8.8 21 220 M M 0 28 220
29 72 36 54 22 11 0 0.00 M M 7.9 14 350 M M 0 M M
30 60 36 48 16 17 0 0.00 M M 7.2 13 200 M M 1 M M
================================================================================
SM 1685 931 637 0 0.42 M 309.3 M 64
================================================================================
AV 56.2 31.0 10.3 FASTST M M 2 MAX(MPH)
MISC ----> 41 360 M M
================================================================================
NOTES:
# LAST OF SEVERAL OCCURRENCES
COLUMN 17 PEAK WIND IN M.P.H.
PRELIMINARY LOCAL CLIMATOLOGICAL DATA (WS FORM: F-6) , PAGE 2
STATION: KEARNEY NE
MONTH: NOVEMBER
YEAR: 2021
LATITUDE: 40 43 N
LONGITUDE: 99 0 W
[TEMPERATURE DATA] [PRECIPITATION DATA] SYMBOLS USED IN COLUMN 16
AVERAGE MONTHLY: 43.6 TOTAL FOR MONTH: 0.42 1 = FOG OR MIST
DPTR FM NORMAL: 5.7 DPTR FM NORMAL: -0.58 2 = FOG REDUCING VISIBILITY
HIGHEST: 75 ON 15 GRTST 24HR 0.30 ON 1- 1 TO 1/4 MILE OR LESS
LOWEST: 17 ON 25 3 = THUNDER
SNOW, ICE PELLETS, HAIL 4 = ICE PELLETS
TOTAL MONTH: M 5 = HAIL
GRTST 24HR M ON M 6 = FREEZING RAIN OR DRIZZLE
GRTST DEPTH: M ON M 7 = DUSTSTORM OR SANDSTORM:
VSBY 1/2 MILE OR LESS
8 = SMOKE OR HAZE
[NO. OF DAYS WITH] [WEATHER - DAYS WITH] 9 = BLOWING SNOW
X = TORNADO
MAX 32 OR BELOW: 0 0.01 INCH OR MORE: 3
MAX 90 OR ABOVE: 0 0.10 INCH OR MORE: 1
MIN 32 OR BELOW: 16 0.50 INCH OR MORE: 0
MIN 0 OR BELOW: 0 1.00 INCH OR MORE: 0
[HDD (BASE 65) ]
TOTAL THIS MO. 637 CLEAR (SCALE 0-3) 23
DPTR FM NORMAL -203 PTCLDY (SCALE 4-7) 5
TOTAL FM JUL 1 1010 CLOUDY (SCALE 8-10) 2
DPTR FM NORMAL -414
[CDD (BASE 65) ]
TOTAL THIS MO. 0
DPTR FM NORMAL 0 [PRESSURE DATA]
TOTAL FM JAN 1 1123 HIGHEST SLP 30.58 ON 25
DPTR FM NORMAL 255 LOWEST SLP 29.55 ON 16
[REMARKS]
#FINAL-11-21#