000
CXUS53 KMPX 010653
CLMEAU
CLIMATE REPORT
NATIONAL WEATHER SERVICE TWIN CITIES/CHANHASSEN MN
153 AM CDT THU JUN 01 2023
...................................
...THE EAU CLAIRE WI CLIMATE SUMMARY FOR THE MONTH OF MAY 2023...
CLIMATE NORMAL PERIOD 1991 TO 2020
CLIMATE RECORD PERIOD 1893 TO 2023
WEATHER OBSERVED NORMAL DEPART LAST YEAR`S
VALUE DATE(S) VALUE FROM VALUE DATE(S)
NORMAL
................................................................
TEMPERATURE (F)
RECORD
HIGH 107 05/31/1934
LOW 20 05/03/1967
05/09/1966
05/04/1907
HIGHEST 90 05/31 80 10 94 05/12
LOWEST 30 05/03 37 -7 32 05/04
05/23
AVG. MAXIMUM 73.7 69.6 4.1 70.9
AVG. MINIMUM 47.1 45.1 2.0 46.8
MEAN 60.4 57.4 3.0 58.9
DAYS MAX >= 90 1 0.7 0.3 1
DAYS MAX <= 32 0 0.0 0.0 0
DAYS MIN <= 32 1 2.2 -1.2 2
DAYS MIN <= 0 0 0.0 0.0 0
PRECIPITATION (INCHES)
RECORD
MAXIMUM 10.54 1938
MINIMUM 0.75 1900
TOTALS 2.04 3.91 -1.87 4.86
DAILY AVG. 0.07 0.13 -0.06 0.16
DAYS >= .01 5 13.3 -8.3 12
DAYS >= .10 3 8.0 -5.0 9
DAYS >= .50 1 2.8 -1.8 3
DAYS >= 1.00 1 0.9 0.1 2
GREATEST
24 HR. TOTAL 1.34 05/05 TO 05/06
SNOWFALL (INCHES)
RECORDS
TOTAL 9.3 2013
TOTALS 0.0 0.4 -0.4 0.0
SINCE 7/1 75.2 55.4 19.8 MM
SNOWDEPTH AVG. 0 0
DAYS >= 1.0 0 0.0 0.0 0
GREATEST
SNOW DEPTH 0 0 MM
24 HR TOTAL MM
DEGREE DAYS
HEATING TOTAL 158 266 -108 236
SINCE 7/1 7526 7869 -343 MM
COOLING TOTAL 20 28 -8 52
SINCE 1/1 41 30 11 MM
................................................................
WIND (MPH)
AVERAGE WIND SPEED 6.8
HIGHEST WIND SPEED/DIRECTION 26/340 DATE 05/01
HIGHEST GUST SPEED/DIRECTION 39/340 DATE 05/01
39/360 05/02
SKY COVER
POSSIBLE SUNSHINE (PERCENT) MM
AVERAGE SKY COVER 0.31
NUMBER OF DAYS FAIR 20
NUMBER OF DAYS PC 6
NUMBER OF DAYS CLOUDY 5
AVERAGE RH (PERCENT) 60
WEATHER CONDITIONS. NUMBER OF DAYS WITH
THUNDERSTORM 2 MIXED PRECIP 0
HEAVY RAIN 2 RAIN 2
LIGHT RAIN 6 FREEZING RAIN 0
LT FREEZING RAIN 0 HAIL 0
HEAVY SNOW 0 SNOW 0
LIGHT SNOW 0 SLEET 0
FOG 12 FOG W/VIS <= 1/4 MILE 2
HAZE 3
- INDICATES NEGATIVE NUMBERS.
R INDICATES RECORD WAS SET OR TIED.
MM INDICATES DATA IS MISSING.
T INDICATES TRACE AMOUNT.
$$