000
CXUS53 KEAX 310348
CF6EAX
PRELIMINARY LOCAL CLIMATOLOGICAL DATA (WS FORM: F-6)
STATION: PLEASANT HILL NWS MO
MONTH: APRIL
YEAR: 2022
LATITUDE: 38 48 N
LONGITUDE: 94 16 W
TEMPERATURE IN F: :PCPN: SNOW: WIND :SUNSHINE: SKY :PK WND
================================================================================
1 2 3 4 5 6A 6B 7 8 9 10 11 12 13 14 15 16 17 18
12Z AVG MX 2MIN
DY MAX MIN AVG DEP HDD CDD WTR SNW DPTH SPD SPD DIR MIN PSBL S-S WX SPD DR
================================================================================
1 59 26 43 -7 22 0 0.00 0.0 0 M M M M M M M M
2 62 44 53 2 12 0 T 0.0 0 M M M M M M M M
3 69 40 55 4 10 0 0.11 0.0 0 M M M M M M M M
4 60 44 52 1 13 0 0.00 0.0 0 M M M M M M M M
5 70 44 57 5 8 0 0.37 0.0 0 M M M M M M 3 M M
6 62 41 52 0 13 0 0.11 0.0 0 M M M M M M M M
7 49 35 42 -10 23 0 0.02 T 0 M M M M M M M M
8 50 33 42 -10 23 0 0.01 T 0 M M M M M M M M
9 62 31 47 -6 18 0 0.00 0.0 0 M M M M M M M M
10 79 49 64 11 1 0 0.00 0.0 0 M M M M M M M M
11 67 49 58 5 7 0 T 0.0 0 M M M M M M 3 M M
12 83 48 66 12 0 1 0.01 0.0 0 M M M M M M M M
13 69 37 53 -1 12 0 0.42 T 0 M M M M M M 34 M M
14 61 31 46 -8 19 0 0.00 0.0 0 M M M M M M M M
15 65 43 54 0 11 0 T 0.0 0 M M M M M M M M
16 56 38 47 -8 18 0 0.00 0.0 0 M M M M M M M M
17 46 36 41 -14 24 0 0.24 0.0 0 M M M M M M M M
18 56 34 45 -10 20 0 0.00 0.0 0 M M M M M M M M
19 58 30 44 -12 21 0 0.08 0.0 0 M M M M M M M M
20 58 48 53 -3 12 0 0.08 0.0 0 M M M M M M 3 M M
21 78 44 61 5 4 0 0.05 0.0 0 M M M M M M 3 M M
22 82 65 74 17 0 9 0.00 0.0 0 M M M M M M M M
23 72 59 66 9 0 1 0.03 0.0 0 M M M M M M M M
24 67 49 58 1 7 0 0.41 0.0 0 M M M M M M M M
25 60 41 51 -7 14 0 0.00 0.0 0 M M M M M M M M
26 65 36 51 -7 14 0 0.00 0.0 0 M M M M M M M M
27 74 47 61 3 4 0 0.00 0.0 0 M M M M M M M M
28 68 55 62 3 3 0 0.40 0.0 0 M M M M M M 3 M M
29 72 55 64 5 1 0 1.92 T 0 M M M M M M 35 M M
30 64 52 58 -1 7 0 0.21 0.0 0 M M M M M M 3 M M
================================================================================
SM 1943 1284 341 11 4.47 T M M M
================================================================================
AV 64.8 42.8 M FASTST M M M MAX(MPH)
MISC ----> M M M M
================================================================================
NOTES:
# LAST OF SEVERAL OCCURRENCES
COLUMN 17 PEAK WIND IN M.P.H.
PRELIMINARY LOCAL CLIMATOLOGICAL DATA (WS FORM: F-6) , PAGE 2
STATION: PLEASANT HILL NWS MO
MONTH: APRIL
YEAR: 2022
LATITUDE: 38 48 N
LONGITUDE: 94 16 W
[TEMPERATURE DATA] [PRECIPITATION DATA] SYMBOLS USED IN COLUMN 16
AVERAGE MONTHLY: 53.8 TOTAL FOR MONTH: 4.47 1 = FOG OR MIST
DPTR FM NORMAL: -0.9 DPTR FM NORMAL: 0.30 2 = FOG REDUCING VISIBILITY
HIGHEST: 83 ON 12 GRTST 24HR 1.92 ON 29-29 TO 1/4 MILE OR LESS
LOWEST: 26 ON 1 3 = THUNDER
SNOW, ICE PELLETS, HAIL 4 = ICE PELLETS
TOTAL MONTH: T 5 = HAIL
GRTST 24HR T ON 7- 7 6 = FREEZING RAIN OR DRIZZLE
GRTST DEPTH: 0 7 = DUSTSTORM OR SANDSTORM:
VSBY 1/2 MILE OR LESS
8 = SMOKE OR HAZE
[NO. OF DAYS WITH] [WEATHER - DAYS WITH] 9 = BLOWING SNOW
X = TORNADO
MAX 32 OR BELOW: 0 0.01 INCH OR MORE: 16
MAX 90 OR ABOVE: 0 0.10 INCH OR MORE: 9
MIN 32 OR BELOW: 4 0.50 INCH OR MORE: 1
MIN 0 OR BELOW: 0 1.00 INCH OR MORE: 1
[HDD (BASE 65) ]
TOTAL THIS MO. 341 CLEAR (SCALE 0-3) 0
DPTR FM NORMAL 17 PTCLDY (SCALE 4-7) 0
TOTAL FM JUL 1 4332 CLOUDY (SCALE 8-10) 30
DPTR FM NORMAL -478
[CDD (BASE 65) ]
TOTAL THIS MO. 11
DPTR FM NORMAL -4 [PRESSURE DATA]
TOTAL FM JAN 1 11 HIGHEST SLP M ON M
DPTR FM NORMAL -7 LOWEST SLP M ON M
[REMARKS]
#FINAL-04-22#