000
CXUS51 KAKQ 010711
CF6ECG
PRELIMINARY LOCAL CLIMATOLOGICAL DATA (WS FORM: F-6)
STATION: ELIZABETH CITY NC
MONTH: AUGUST
YEAR: 2023
LATITUDE: 36 16 N
LONGITUDE: 76 11 W
TEMPERATURE IN F: :PCPN: SNOW: WIND :SUNSHINE: SKY :PK WND
================================================================================
1 2 3 4 5 6A 6B 7 8 9 10 11 12 13 14 15 16 17 18
12Z AVG MX 2MIN
DY MAX MIN AVG DEP HDD CDD WTR SNW DPTH SPD SPD DIR MIN PSBL S-S WX SPD DR
================================================================================
1 86 67 77 -2 0 12 T 0.0 0 9.9 20 20 M M 1 1 28 220
2 83 61 72 -7 0 7 0.00 0.0 0 8.0 15 50 M M 1 22 300
3 85 59 72 -7 0 7 T 0.0 0 4.7 13 130 M M 1 18 100
4 80 72 76 -3 0 11 0.64 0.0 0 7.1 18 210 M M 10 1 23 170
5 87 71 79 0 0 14 0.00 0.0 0 7.6 15 30 M M 4 1 19 340
6 88 68 78 -1 0 13 0.00 0.0 0 4.9 17 110 M M 2 12 20 110
7 93 71 82 3 0 17 T 0.0 0 9.0 25 230 M M 1 1 31 220
8 91 71 81 2 0 16 0.00 0.0 0 11.5 20 240 M M 1 29 230
9 88 68 78 -1 0 13 0.00 0.0 0 5.4 13 120 M M 0 18 16 120
10 88 68 78 -1 0 13 0.03 0.0 0 9.2 24 210 M M 3 3 32 200
11 89 69 79 0 0 14 0.00 0.0 0 5.7 15 210 M M 1 20 220
12 94 70 82 3 0 17 0.00 0.0 0 5.6 15 170 M M 2 20 120
13 98 79 89 10 0 24 0.00 0.0 0 9.7 17 220 M M 1 24 230
14 96 77 87 8 0 22 0.31 0.0 0 8.8 18 220 M M 1 13 23 160
15 98 74 86 7 0 21 0.76 0.0 0 12.4 31 300 M M 2 138 40 310
16 88 72 80 1 0 15 0.05 0.0 0 5.7 16 30 M M 4 13 19 30
17 88 75 82 4 0 17 0.35 0.0 0 8.3 17 210 M M 5 13 21 200
18 90 72 81 3 0 16 0.00 0.0 0 7.4 15 280 M M 2 26 260
19 83 70 77 -1 0 12 0.00 0.0 0 7.3 17 40 M M 1 1 21 40
20 90 68 79 1 0 14 0.00 0.0 0 6.1 16 130 M M 1 21 120
21 95 72 84 6 0 19 0.00 0.0 0 4.4 12 260 M M 1 1 16 270
22 90 72 81 3 0 16 0.00 0.0 0 11.6 22 30 M M 1 8 27 10
23 82 66 74 -4 0 9 0.00 0.0 0 10.9 22 40 M M 1 8 31 80
24 85 65 75 -3 0 10 0.00 0.0 0 5.1 14 130 M M 2 17 130
25 91 73 82 4 0 17 0.00 0.0 0 9.9 18 200 M M 2 24 180
26 94 76 85 7 0 20 0.00 0.0 0 7.9 16 200 M M 3 8 24 190
27 89 72 81 4 0 16 0.13 0.0 0 8.6 17 60 M M 4 123 21 60
28 87 76 82 5 0 17 T 0.0 0 4.9 13 40 M M 3 48 90
29 90 73 82 5 0 17 0.04 0.0 0 4.5 13 100 M M 6 1 14 110
30 93 74 84 7 0 19 0.15 0.0 0 7.2 16 210 M M 3 1 19 200
31 76 67 72 -5 0 7 1.36 0.0 0 20.3 31 40 M M 7 13 42 40
================================================================================
SM 2755 2188 0 462 3.82 0.0 249.6 M 77
================================================================================
AV 88.9 70.6 8.1 FASTST M M 2 MAX(MPH)
MISC ----> # 31 300 48 90
================================================================================
NOTES:
# LAST OF SEVERAL OCCURRENCES
COLUMN 17 PEAK WIND IN M.P.H.
PRELIMINARY LOCAL CLIMATOLOGICAL DATA (WS FORM: F-6) , PAGE 2
STATION: ELIZABETH CITY NC
MONTH: AUGUST
YEAR: 2023
LATITUDE: 36 16 N
LONGITUDE: 76 11 W
[TEMPERATURE DATA] [PRECIPITATION DATA] SYMBOLS USED IN COLUMN 16
AVERAGE MONTHLY: 79.7 TOTAL FOR MONTH: 3.82 1 = FOG OR MIST
DPTR FM NORMAL: 1.3 DPTR FM NORMAL: -1.50 2 = FOG REDUCING VISIBILITY
HIGHEST: 98 ON 15,13 GRTST 24HR 1.51 ON 30-31 TO 1/4 MILE OR LESS
LOWEST: 59 ON 3 3 = THUNDER
SNOW, ICE PELLETS, HAIL 4 = ICE PELLETS
TOTAL MONTH: 0.0 INCH 5 = HAIL
GRTST 24HR 0.0 6 = FREEZING RAIN OR DRIZZLE
GRTST DEPTH: 0 7 = DUSTSTORM OR SANDSTORM:
VSBY 1/2 MILE OR LESS
8 = SMOKE OR HAZE
[NO. OF DAYS WITH] [WEATHER - DAYS WITH] 9 = BLOWING SNOW
X = TORNADO
MAX 32 OR BELOW: 0 0.01 INCH OR MORE: 10
MAX 90 OR ABOVE: 14 0.10 INCH OR MORE: 7
MIN 32 OR BELOW: 0 0.50 INCH OR MORE: 3
MIN 0 OR BELOW: 0 1.00 INCH OR MORE: 1
[HDD (BASE 65) ]
TOTAL THIS MO. 0 CLEAR (SCALE 0-3) 24
DPTR FM NORMAL 0 PTCLDY (SCALE 4-7) 6
TOTAL FM JUL 1 0 CLOUDY (SCALE 8-10) 1
DPTR FM NORMAL 0
[CDD (BASE 65) ]
TOTAL THIS MO. 462
DPTR FM NORMAL 47 [PRESSURE DATA]
TOTAL FM JAN 1 1381 HIGHEST SLP M ON M
DPTR FM NORMAL -35 LOWEST SLP 29.62 ON 31
[REMARKS]
#FINAL-08-23#