000
CXUS52 KTAE 010800
CF6ECP
PRELIMINARY LOCAL CLIMATOLOGICAL DATA (WS FORM: F-6)
STATION: PANAMA CITY NW
MONTH: OCTOBER
YEAR: 2023
LATITUDE: 30 21 N
LONGITUDE: 85 48 W
TEMPERATURE IN F: :PCPN: SNOW: WIND :SUNSHINE: SKY :PK WND
================================================================================
1 2 3 4 5 6A 6B 7 8 9 10 11 12 13 14 15 16 17 18
12Z AVG MX 2MIN
DY MAX MIN AVG DEP HDD CDD WTR SNW DPTH SPD SPD DIR MIN PSBL S-S WX SPD DR
================================================================================
1 88 67 78 3 0 13 0.00 0.0 M 9.0 18 20 M M 1 28 30
2 89 66 78 3 0 13 0.00 M M 7.6 15 40 M M 1 22 30
3 88 63 76 1 0 11 0.00 0.0 M 6.9 14 30 M M 0 18 20 50
4 90 62 76 2 0 11 0.00 M M 6.4 13 20 M M 1 18 20 10
5 88 69 79 5 0 14 0.00 M M 5.0 14 100 M M 1 19 120
6 87 69 78 4 0 13 T M M 2.5 15 170 M M 4 18 180
7 84 57 71 -2 0 6 0.00 M M 10.5 20 360 M M 2 26 320
8 77 49 63 -10 2 0 0.00 M M 6.1 15 330 M M 0 22 300
9 77 42 60 -13 5 0 0.00 M M 3.0 15 160 M M 0 19 160
10 84 49 67 -5 0 2 0.00 0.0 M 2.7 12 180 M M 0 1 17 150
11 73 62 68 -4 0 3 1.36 0.0 M 8.2 25 40 M M 7 1 34 50
12 70 62 66 -6 0 1 0.56 0.0 M 7.4 18 30 M M 10 138 27 50
13 75 66 71 0 0 6 0.01 0.0 M 5.2 10 320 M M 10 1 13 320
14 82 63 73 2 0 8 0.00 0.0 M 7.2 14 200 M M 4 19 210
15 72 54 63 -7 2 0 0.00 0.0 0 9.9 21 300 M M 4 27 280
16 70 49 60 -10 5 0 0.00 0.0 0 10.8 23 300 M M 1 32 300
17 74 44 59 -11 6 0 0.00 0.0 0 3.3 13 280 M M 1 18 290
18 77 47 62 -7 3 0 0.00 0.0 0 3.1 13 190 M M 0 20 160
19 78 50 64 -5 1 0 0.00 0.0 0 3.6 14 160 M M 1 18 180
20 84 57 71 2 0 6 0.00 0.0 0 8.0 22 230 M M 1 31 230
21 84 59 72 4 0 7 0.00 0.0 0 4.6 13 290 M M 0 18 20
22 88 56 72 4 0 7 0.00 0.0 0 2.9 12 270 M M 0 1 15 270
23 87 60 74 6 0 9 0.00 0.0 0 4.0 12 60 M M 0 1 16 40
24 84 61 73 6 0 8 0.00 0.0 0 7.8 15 110 M M 3 22 100
25 84 62 73 6 0 8 0.00 0.0 0 6.1 15 110 M M 3 23 100
26 86 65 76 10 0 11 0.00 0.0 0 5.8 13 120 M M 2 19 100
27 84 61 73 7 0 8 0.00 0.0 0 3.7 9 160 M M 6 12 60
28 86 60 73 7 0 8 0.00 0.0 0 4.3 15 180 M M 1 18 160
29 85 61 73 7 0 8 0.00 0.0 0 3.8 13 160 M M 2 1 16 160
30 84 60 72 7 0 7 T M M 3.5 14 330 M M 5 12 19 330
31 74 56 65 0 0 0 0.00 0.0 0 11.7 20 320 M M 3 28 340
================================================================================
SM 2533 1808 24 188 1.93 0.0 184.6 M 74
================================================================================
AV 81.7 58.3 6.0 FASTST M M 2 MAX(MPH)
MISC ----> 25 40 34 50
================================================================================
NOTES:
# LAST OF SEVERAL OCCURRENCES
COLUMN 17 PEAK WIND IN M.P.H.
PRELIMINARY LOCAL CLIMATOLOGICAL DATA (WS FORM: F-6) , PAGE 2
STATION: PANAMA CITY NW
MONTH: OCTOBER
YEAR: 2023
LATITUDE: 30 21 N
LONGITUDE: 85 48 W
[TEMPERATURE DATA] [PRECIPITATION DATA] SYMBOLS USED IN COLUMN 16
AVERAGE MONTHLY: 70.0 TOTAL FOR MONTH: 1.93 1 = FOG OR MIST
DPTR FM NORMAL: -0.1 DPTR FM NORMAL: -1.61 2 = FOG REDUCING VISIBILITY
HIGHEST: 90 ON 4 GRTST 24HR 1.91 ON 11-12 TO 1/4 MILE OR LESS
LOWEST: 42 ON 9 3 = THUNDER
SNOW, ICE PELLETS, HAIL 4 = ICE PELLETS
TOTAL MONTH: 0.0 INCH 5 = HAIL
GRTST 24HR 0.0 6 = FREEZING RAIN OR DRIZZLE
GRTST DEPTH: 0 7 = DUSTSTORM OR SANDSTORM:
VSBY 1/2 MILE OR LESS
8 = SMOKE OR HAZE
[NO. OF DAYS WITH] [WEATHER - DAYS WITH] 9 = BLOWING SNOW
X = TORNADO
MAX 32 OR BELOW: 0 0.01 INCH OR MORE: 3
MAX 90 OR ABOVE: 1 0.10 INCH OR MORE: 2
MIN 32 OR BELOW: 0 0.50 INCH OR MORE: 2
MIN 0 OR BELOW: 0 1.00 INCH OR MORE: 1
[HDD (BASE 65) ]
TOTAL THIS MO. 24 CLEAR (SCALE 0-3) 23
DPTR FM NORMAL -7 PTCLDY (SCALE 4-7) 6
TOTAL FM JUL 1 24 CLOUDY (SCALE 8-10) 2
DPTR FM NORMAL -4
[CDD (BASE 65) ]
TOTAL THIS MO. 188
DPTR FM NORMAL 1 [PRESSURE DATA]
TOTAL FM JAN 1 3081 HIGHEST SLP M ON M
DPTR FM NORMAL 518 LOWEST SLP 29.54 ON 12
[REMARKS]
#FINAL-10-23#