000
CXUS54 KEWX 011010
CF6ECU
PRELIMINARY LOCAL CLIMATOLOGICAL DATA (WS FORM: F-6)
STATION: EDWARDS COUNTY AIRPORT
MONTH: MAY
YEAR: 2021
LATITUDE: 29 57 N
LONGITUDE: 100 10 W
TEMPERATURE IN F: :PCPN: SNOW: WIND :SUNSHINE: SKY :PK WND
================================================================================
1 2 3 4 5 6A 6B 7 8 9 10 11 12 13 14 15 16 17 18
12Z AVG MX 2MIN
DY MAX MIN AVG DEP HDD CDD WTR SNW DPTH SPD SPD DIR MIN PSBL S-S WX SPD DR
================================================================================
1 63 57 60 M 5 0 2.19 M M M M M M M 8 13 M M
2 88 55 72 M 0 7 0.00 M M M M M M M 0 M M
3 91 64 78 M 0 13 0.00 M M M M M M M 0 M M
4 75 59 67 M 0 2 0.00 M M M M M M M 2 M M
5 82 54 68 M 0 3 0.00 M M M M M M M 0 M M
6 84 57 71 M 0 6 0.00 M M M M M M M 1 M M
7 82 59 71 M 0 6 0.00 M M M M M M M 0 M M
8 84 63 74 M 0 9 0.00 M M M M M M M 3 M M
9 93 68 81 M 0 16 0.00 M M M M M M M 3 M M
10 86 61 74 M 0 9 0.22 M M M M M M M 8 1 M M
11 70 57 64 M 1 0 0.00 M M M M M M M 10 12 M M
12 70 54 62 M 3 0 0.00 M M M M M M M 8 1 M M
13 77 54 66 M 0 1 0.00 M M M M M M M 8 M M
14 72 59 66 M 0 1 0.00 M M M M M M M 9 M M
15 72 64 68 M 0 3 0.01 M M M M M M M 9 1 M M
16 81 64 73 M 0 8 0.09 M M M M M M M 8 1 M M
17 81 70 76 M 0 11 0.00 M M M M M M M 9 1 M M
18 73 59 66 M 0 1 0.25 M M M M M M M 2 3 M M
19 73 61 67 M 0 2 0.03 M M M M M M M 0 123 M M
20 82 55 69 M 0 4 0.00 M M M M M M M 0 M M
21 82 63 73 M 0 8 0.00 M M M M M M M 0 M M
22 86 66 76 M 0 11 0.00 M M M M M M M 0 8 M M
23 82 66 74 M 0 9 0.01 M M M M M M M 0 M M
24 82 66 74 M 0 9 0.00 M M M M M M M 0 1 M M
25 84 70 77 M 0 12 0.00 M M M M M M M 0 1 M M
26 82 70 76 M 0 11 0.00 M M M M M M M 0 1 M M
27 88 68 78 M 0 13 0.00 M M M M M M M 0 M M
28 81 64 73 M 0 8 0.05 M M M M M M M 0 M M
29 81 61 71 M 0 6 0.88 M M M M M M M 0 3 M M
30 81 66 74 M 0 9 0.00 M M M M M M M 0 M M
31 75 63 69 M 0 4 0.15 M M M M M M M 0 3 M M
================================================================================
SM 2483 1917 9 202 3.88 M M M 88
================================================================================
AV 80.1 61.8 M FASTST M M 3 MAX(MPH)
MISC ----> M M M M
================================================================================
NOTES:
# LAST OF SEVERAL OCCURRENCES
COLUMN 17 PEAK WIND IN M.P.H.
PRELIMINARY LOCAL CLIMATOLOGICAL DATA (WS FORM: F-6) , PAGE 2
STATION: EDWARDS COUNTY AIRPORT
MONTH: MAY
YEAR: 2021
LATITUDE: 29 57 N
LONGITUDE: 100 10 W
[TEMPERATURE DATA] [PRECIPITATION DATA] SYMBOLS USED IN COLUMN 16
AVERAGE MONTHLY: 71.0 TOTAL FOR MONTH: 3.88 1 = FOG OR MIST
DPTR FM NORMAL: 0.0 DPTR FM NORMAL: M 2 = FOG REDUCING VISIBILITY
HIGHEST: 93 ON 9 GRTST 24HR 2.19 ON 1- 1 TO 1/4 MILE OR LESS
LOWEST: 54 ON 13,12 3 = THUNDER
SNOW, ICE PELLETS, HAIL 4 = ICE PELLETS
TOTAL MONTH: M 5 = HAIL
GRTST 24HR M ON M 6 = FREEZING RAIN OR DRIZZLE
GRTST DEPTH: M ON M 7 = DUSTSTORM OR SANDSTORM:
VSBY 1/2 MILE OR LESS
8 = SMOKE OR HAZE
[NO. OF DAYS WITH] [WEATHER - DAYS WITH] 9 = BLOWING SNOW
X = TORNADO
MAX 32 OR BELOW: 0 0.01 INCH OR MORE: 10
MAX 90 OR ABOVE: 2 0.10 INCH OR MORE: 5
MIN 32 OR BELOW: 0 0.50 INCH OR MORE: 2
MIN 0 OR BELOW: 0 1.00 INCH OR MORE: 1
[HDD (BASE 65) ]
TOTAL THIS MO. 9 CLEAR (SCALE 0-3) 20
DPTR FM NORMAL M PTCLDY (SCALE 4-7) 6
TOTAL FM JUL 1 1892 CLOUDY (SCALE 8-10) 5
DPTR FM NORMAL M
[CDD (BASE 65) ]
TOTAL THIS MO. 202
DPTR FM NORMAL M [PRESSURE DATA]
TOTAL FM JAN 1 335 HIGHEST SLP M ON M
DPTR FM NORMAL M LOWEST SLP M ON M
[REMARKS]
#FINAL-05-21#