000
CXUS55 KVEF 020111
CF6EED
PRELIMINARY LOCAL CLIMATOLOGICAL DATA (WS FORM: F-6)
STATION: NEEDLES CA
MONTH: FEBRUARY
YEAR: 2022
LATITUDE: 34 46 N
LONGITUDE: 114 37 W
TEMPERATURE IN F: :PCPN: SNOW: WIND :SUNSHINE: SKY :PK WND
================================================================================
1 2 3 4 5 6A 6B 7 8 9 10 11 12 13 14 15 16 17 18
12Z AVG MX 2MIN
DY MAX MIN AVG DEP HDD CDD WTR SNW DPTH SPD SPD DIR MIN PSBL S-S WX SPD DR
================================================================================
1 62 46 54 -4 11 0 0.00 M M 10.5 24 350 M M 0 29 350
2 55 40 48 -10 17 0 0.00 M M 20.3 40 360 M M 0 50 360
3 57 40 49 -9 16 0 0.00 M M 14.8 31 360 M M 1 39 10
4 63 44 54 -4 11 0 0.00 M M 14.2 25 360 M M 0 32 10
5 68 42 55 -3 10 0 0.00 M M 11.5 23 10 M M 0 28 20
6 72 46 59 1 6 0 0.00 M M 17.5 35 350 M M 0 44 10
7 72 50 61 2 4 0 0.00 M M 8.8 18 10 M M 0 23 10
8 77 44 61 2 4 0 0.00 M M 10.6 26 360 M M 0 32 10
9 79 57 68 9 0 3 0.00 M M 15.9 31 10 M M 0 37 360
10 79 62 71 12 0 6 0.00 M M 20.0 38 360 M M 0 47 360
11 84 59 72 13 0 7 0.00 M M 14.3 30 350 M M 0 37 360
12 82 56 69 10 0 4 0.00 M M 12.7 23 10 M M 0 29 360
13 80 47 64 5 1 0 0.00 M M 5.6 13 360 M M 0 16 10
14 80 43 62 2 3 0 0.00 M M 4.5 13 130 M M 0 15 130
15 78 53 66 6 0 1 0.00 M M 11.1 24 200 M M 0 38 170
16 71 49 60 0 5 0 0.00 M M 8.4 24 330 M M 2 33 340
17 67 48 58 -2 7 0 0.00 M M 15.2 30 360 M M 0 37 10
18 74 40 57 -3 8 0 0.00 M M 9.0 20 10 M M 0 24 10
19 78 49 64 3 1 0 0.00 M M 6.4 14 20 M M 0 17 10
20 80 45 63 2 2 0 0.00 M M 7.4 20 200 M M 0 26 190
21 76 58 67 6 0 2 0.00 M M 16.1 35 260 M M 0 39 250
22 67 47 57 -4 8 0 T M M 15.1 29 210 M M 2 35 210
23 59 44 52 -9 13 0 T M M 9.6 22 260 M M 3 29 270
24 59 38 49 -13 16 0 0.00 M M 6.8 15 350 M M 0 19 350
25 65 35 50 -12 15 0 0.00 M M 12.3 24 360 M M 0 29 360
26 64 43 54 -8 11 0 0.00 M M 16.5 30 360 M M 0 36 360
27 71 40 56 -6 9 0 0.00 M M 11.3 28 10 M M 0 32 360
28 79 53 66 3 0 1 0.00 M M 13.7 30 10 M M 0 38 10
================================================================================
SM 1998 1318 178 24 T M 340.1 M 8
================================================================================
AV 71.4 47.1 12.1 FASTST M M 0 MAX(MPH)
MISC ----> 40 360 50 360
================================================================================
NOTES:
# LAST OF SEVERAL OCCURRENCES
COLUMN 17 PEAK WIND IN M.P.H.
PRELIMINARY LOCAL CLIMATOLOGICAL DATA (WS FORM: F-6) , PAGE 2
STATION: NEEDLES CA
MONTH: FEBRUARY
YEAR: 2022
LATITUDE: 34 46 N
LONGITUDE: 114 37 W
[TEMPERATURE DATA] [PRECIPITATION DATA] SYMBOLS USED IN COLUMN 16
AVERAGE MONTHLY: 59.2 TOTAL FOR MONTH: T 1 = FOG OR MIST
DPTR FM NORMAL: -0.7 DPTR FM NORMAL: -0.79 2 = FOG REDUCING VISIBILITY
HIGHEST: 84 ON 11 GRTST 24HR T ON 22-22 TO 1/4 MILE OR LESS
LOWEST: 35 ON 25 3 = THUNDER
SNOW, ICE PELLETS, HAIL 4 = ICE PELLETS
TOTAL MONTH: M 5 = HAIL
GRTST 24HR M ON M 6 = FREEZING RAIN OR DRIZZLE
GRTST DEPTH: M ON M 7 = DUSTSTORM OR SANDSTORM:
VSBY 1/2 MILE OR LESS
8 = SMOKE OR HAZE
[NO. OF DAYS WITH] [WEATHER - DAYS WITH] 9 = BLOWING SNOW
X = TORNADO
MAX 32 OR BELOW: 0 0.01 INCH OR MORE: 0
MAX 90 OR ABOVE: 0 0.10 INCH OR MORE: 0
MIN 32 OR BELOW: 0 0.50 INCH OR MORE: 0
MIN 0 OR BELOW: 0 1.00 INCH OR MORE: 0
[HDD (BASE 65) ]
TOTAL THIS MO. 178 CLEAR (SCALE 0-3) 27
DPTR FM NORMAL 17 PTCLDY (SCALE 4-7) 1
TOTAL FM JUL 1 772 CLOUDY (SCALE 8-10) 0
DPTR FM NORMAL -92
[CDD (BASE 65) ]
TOTAL THIS MO. 24
DPTR FM NORMAL 6 [PRESSURE DATA]
TOTAL FM JAN 1 24 HIGHEST SLP 30.51 ON 4
DPTR FM NORMAL 5 LOWEST SLP 29.50 ON 15
[REMARKS]
#FINAL-02-22#