000
CXUS54 KBMX 011010
CF6EET
PRELIMINARY LOCAL CLIMATOLOGICAL DATA (WS FORM: F-6)
STATION: SHELBY COUNTY AIRPORT
MONTH: MAY
YEAR: 2023
LATITUDE: 33 10 N
LONGITUDE: 86 47 W
TEMPERATURE IN F: :PCPN: SNOW: WIND :SUNSHINE: SKY :PK WND
================================================================================
1 2 3 4 5 6A 6B 7 8 9 10 11 12 13 14 15 16 17 18
12Z AVG MX 2MIN
DY MAX MIN AVG DEP HDD CDD WTR SNW DPTH SPD SPD DIR MIN PSBL S-S WX SPD DR
================================================================================
1 70 46 58 -10 7 0 0.00 0.0 0 5.6 18 310 M M 1 35 320
2 74 44 59 -9 6 0 0.00 0.0 0 6.8 23 300 M M 0 37 310
3 74 43 59 -9 6 0 0.00 0.0 0 3.7 15 310 M M 0 23 300
4 77 46 62 -6 3 0 0.00 0.0 0 1.3 7 350 M M 0 11 360
5 64 58 61 -8 4 0 0.05 0.0 0 2.9 9 80 M M 8 1 17 80
6 82 59 71 2 0 6 0.00 0.0 0 3.5 12 170 M M 5 17 110
7 86 63 75 6 0 10 0.00 0.0 M 4.5 10 190 M M 2 17 180
8 82 68 75 5 0 10 T 0.0 0 4.9 12 210 M M 4 19 190
9 87 66 77 7 0 12 0.07 0.0 0 4.1 13 280 M M 5 123 22 300
10 82 64 73 3 0 8 0.00 0.0 M 2.7 10 180 M M 2 1 16 190
11 86 66 76 6 0 11 M 0.0 M 6.7 16 190 M M 4 13 26 150
12 81 66 74 3 0 9 M 0.0 0 4.0 14 300 M M 6 22 300
13 88 64 76 5 0 11 0.00 0.0 0 2.6 9 300 M M 1 18 15 310
14 89 67 78 7 0 13 0.10 0.0 M 1.1 10 350 M M 1 13 17 350
15 90 68 79 7 0 14 T 0.0 M 2.0 14 30 M M 2 13 28 360
16 86 67 77 5 0 12 0.21 0.0 M 2.6 12 320 M M 2 13 20 340
17 78 67 73 1 0 8 0.23 0.0 0 1.3 9 290 M M 7 13 12 300
18 83 66 75 3 0 10 0.07 0.0 0 3.2 8 110 M M 8 123 16 80
19 73 65 69 -4 0 4 T 0.0 M 3.6 9 130 M M 9 1 17 100
20 83 63 73 0 0 8 0.18 0.0 M 3.6 10 360 M M 7 1 18 270
21 82 66 74 1 0 9 0.00 0.0 0 3.3 8 20 M M 5 14 70
22 80 67 74 1 0 9 0.04 0.0 0 3.9 10 50 M M 7 1 19 50
23 69 62 66 -8 0 1 0.10 0.0 0 4.3 13 90 M M 10 1 26 70
24 79 62 71 -3 0 6 0.02 0.0 0 2.4 8 50 M M 6 1 15 100
25 81 60 71 -3 0 6 0.00 0.0 0 2.6 9 360 M M 1 18 19 10
26 82 58 70 -4 0 5 0.00 0.0 0 2.6 10 110 M M 1 1 16 110
27 80 58 69 -6 0 4 0.00 0.0 0 2.9 10 330 M M 2 18 350
28 80 56 68 -7 0 3 0.00 0.0 0 3.3 13 310 M M 2 18 290
29 79 60 70 -5 0 5 0.00 0.0 0 3.7 13 350 M M 3 23 350
30 83 57 70 -5 0 5 0.00 0.0 0 1.4 8 70 M M 2 13 50
31 85 65 75 -1 0 10 0.00 0.0 0 3.0 10 130 M M 4 19 120
================================================================================
SM 2495 1887 26 209 1.07 0.0 104.1 M 117
================================================================================
AV 80.5 60.9 3.4 FASTST M M 4 MAX(MPH)
MISC ----> 23 300 37 310
================================================================================
NOTES:
# LAST OF SEVERAL OCCURRENCES
COLUMN 17 PEAK WIND IN M.P.H.
PRELIMINARY LOCAL CLIMATOLOGICAL DATA (WS FORM: F-6) , PAGE 2
STATION: SHELBY COUNTY AIRPORT
MONTH: MAY
YEAR: 2023
LATITUDE: 33 10 N
LONGITUDE: 86 47 W
[TEMPERATURE DATA] [PRECIPITATION DATA] SYMBOLS USED IN COLUMN 16
AVERAGE MONTHLY: 70.7 TOTAL FOR MONTH: 1.07 1 = FOG OR MIST
DPTR FM NORMAL: -1.1 DPTR FM NORMAL: -3.08 2 = FOG REDUCING VISIBILITY
HIGHEST: 90 ON 15 GRTST 24HR 0.36 ON 16-17 TO 1/4 MILE OR LESS
LOWEST: 43 ON 3 3 = THUNDER
SNOW, ICE PELLETS, HAIL 4 = ICE PELLETS
TOTAL MONTH: 0.0 INCH 5 = HAIL
GRTST 24HR 0.0 6 = FREEZING RAIN OR DRIZZLE
GRTST DEPTH: 0 7 = DUSTSTORM OR SANDSTORM:
VSBY 1/2 MILE OR LESS
8 = SMOKE OR HAZE
[NO. OF DAYS WITH] [WEATHER - DAYS WITH] 9 = BLOWING SNOW
X = TORNADO
MAX 32 OR BELOW: 0 0.01 INCH OR MORE: 10
MAX 90 OR ABOVE: 1 0.10 INCH OR MORE: 5
MIN 32 OR BELOW: 0 0.50 INCH OR MORE: 0
MIN 0 OR BELOW: 0 1.00 INCH OR MORE: 0
[HDD (BASE 65) ]
TOTAL THIS MO. 26 CLEAR (SCALE 0-3) 15
DPTR FM NORMAL 9 PTCLDY (SCALE 4-7) 14
TOTAL FM JUL 1 1840 CLOUDY (SCALE 8-10) 2
DPTR FM NORMAL -536
[CDD (BASE 65) ]
TOTAL THIS MO. 209
DPTR FM NORMAL -18 [PRESSURE DATA]
TOTAL FM JAN 1 350 HIGHEST SLP 30.18 ON 6
DPTR FM NORMAL 20 LOWEST SLP 29.74 ON 1
[REMARKS]
#FINAL-05-23#