000
CXUS54 KBMX 011010
CF6EET
PRELIMINARY LOCAL CLIMATOLOGICAL DATA (WS FORM: F-6)
STATION: SHELBY COUNTY AIRPORT
MONTH: APRIL
YEAR: 2023
LATITUDE: 33 10 N
LONGITUDE: 86 47 W
TEMPERATURE IN F: :PCPN: SNOW: WIND :SUNSHINE: SKY :PK WND
================================================================================
1 2 3 4 5 6A 6B 7 8 9 10 11 12 13 14 15 16 17 18
12Z AVG MX 2MIN
DY MAX MIN AVG DEP HDD CDD WTR SNW DPTH SPD SPD DIR MIN PSBL S-S WX SPD DR
================================================================================
1 82 60 71 10 0 6 0.20 0.0 0 11.3 21 290 M M 4 13 41 310
2 73 48 61 0 4 0 0.00 0.0 0 2.4 9 40 M M M 18 50
3 68 54 61 0 4 0 0.66 0.0 M 3.4 12 260 M M 10 1 20 240
4 86 64 75 14 0 10 0.00 0.0 0 6.4 16 150 M M 6 1 27 160
5 86 67 77 15 0 12 0.00 0.0 0 5.2 16 160 M M 3 1 24 160
6 82 64 73 11 0 8 0.00 0.0 0 2.8 15 320 M M 3 23 320
7 74 58 66 4 0 1 0.00 0.0 0 6.1 12 330 M M 5 19 330
8 60 48 54 -8 11 0 0.80 0.0 0 6.2 13 70 M M 10 1 23 80
9 70 47 59 -3 6 0 0.00 0.0 0 4.0 10 50 M M 7 21 90
10 70 49 60 -3 5 0 0.00 0.0 0 2.8 12 80 M M 0 21 70
11 75 48 62 -1 3 0 0.00 0.0 0 2.0 9 50 M M 0 17 70
12 77 47 62 -1 3 0 0.00 0.0 0 1.1 8 130 M M 0 14 130
13 75 56 66 3 0 1 0.55 0.0 0 4.5 17 110 M M 7 13 31 110
14 71 58 65 1 0 0 0.03 0.0 0 3.4 13 240 M M 7 1 24 260
15 80 54 67 3 0 2 0.00 0.0 0 3.2 12 170 M M 2 1 19 160
16 71 51 61 -3 4 0 T 0.0 0 6.7 18 310 M M 4 1 29 310
17 71 44 58 -6 7 0 0.00 0.0 0 4.1 15 300 M M 0 26 320
18 81 45 63 -1 2 0 0.00 0.0 0 1.6 10 170 M M 0 16 160
19 84 49 67 2 0 2 0.00 0.0 0 2.7 13 170 M M 0 21 160
20 85 52 69 4 0 4 0.00 0.0 0 3.5 16 160 M M 0 23 160
21 77 58 68 3 0 3 0.15 0.0 0 4.7 18 310 M M 3 13 30 320
22 73 52 63 -3 2 0 0.01 0.0 0 5.0 15 360 M M 3 26 360
23 67 52 60 -6 5 0 T 0.0 0 5.2 12 310 M M 3 20 310
24 69 50 60 -6 5 0 0.00 0.0 0 4.5 10 50 M M 5 19 20
25 74 50 62 -4 3 0 0.00 0.0 M 2.0 9 300 M M 1 14 80
26 69 58 64 -2 1 0 T 0.0 0 4.3 10 80 M M 8 3 17 10
27 72 57 65 -2 0 0 0.29 0.0 0 3.7 12 170 M M 8 1 20 150
28 76 58 67 0 0 2 0.00 0.0 0 5.4 16 310 M M 4 24 310
29 75 54 65 -2 0 0 0.10 0.0 0 2.8 9 300 M M 3 1 17 140
30 69 54 62 -6 3 0 0.31 0.0 0 8.0 18 310 M M 5 1 31 310
================================================================================
SM 2242 1606 68 51 3.10 0.0 129.0 M 111
================================================================================
AV 74.7 53.5 4.3 FASTST M M 4 MAX(MPH)
MISC ----> 21 290 41 310
================================================================================
NOTES:
# LAST OF SEVERAL OCCURRENCES
COLUMN 17 PEAK WIND IN M.P.H.
PRELIMINARY LOCAL CLIMATOLOGICAL DATA (WS FORM: F-6) , PAGE 2
STATION: SHELBY COUNTY AIRPORT
MONTH: APRIL
YEAR: 2023
LATITUDE: 33 10 N
LONGITUDE: 86 47 W
[TEMPERATURE DATA] [PRECIPITATION DATA] SYMBOLS USED IN COLUMN 16
AVERAGE MONTHLY: 64.1 TOTAL FOR MONTH: 3.10 1 = FOG OR MIST
DPTR FM NORMAL: 0.1 DPTR FM NORMAL: -1.97 2 = FOG REDUCING VISIBILITY
HIGHEST: 86 ON 5, 4 GRTST 24HR 0.80 ON 8- 8 TO 1/4 MILE OR LESS
LOWEST: 44 ON 17 3 = THUNDER
SNOW, ICE PELLETS, HAIL 4 = ICE PELLETS
TOTAL MONTH: 0.0 INCH 5 = HAIL
GRTST 24HR 0.0 6 = FREEZING RAIN OR DRIZZLE
GRTST DEPTH: 0 7 = DUSTSTORM OR SANDSTORM:
VSBY 1/2 MILE OR LESS
8 = SMOKE OR HAZE
[NO. OF DAYS WITH] [WEATHER - DAYS WITH] 9 = BLOWING SNOW
X = TORNADO
MAX 32 OR BELOW: 0 0.01 INCH OR MORE: 10
MAX 90 OR ABOVE: 0 0.10 INCH OR MORE: 8
MIN 32 OR BELOW: 0 0.50 INCH OR MORE: 3
MIN 0 OR BELOW: 0 1.00 INCH OR MORE: 0
[HDD (BASE 65) ]
TOTAL THIS MO. 68 CLEAR (SCALE 0-3) 13
DPTR FM NORMAL -36 PTCLDY (SCALE 4-7) 12
TOTAL FM JUL 1 1814 CLOUDY (SCALE 8-10) 5
DPTR FM NORMAL -549
[CDD (BASE 65) ]
TOTAL THIS MO. 51
DPTR FM NORMAL -23 [PRESSURE DATA]
TOTAL FM JAN 1 141 HIGHEST SLP 30.38 ON 10
DPTR FM NORMAL 38 LOWEST SLP 29.53 ON 30
[REMARKS]
#FINAL-04-23#