000
CXUS54 KBMX 011010
CF6EET
PRELIMINARY LOCAL CLIMATOLOGICAL DATA (WS FORM: F-6)
STATION: SHELBY COUNTY AIRPORT
MONTH: SEPTEMBER
YEAR: 2022
LATITUDE: 33 10 N
LONGITUDE: 86 47 W
TEMPERATURE IN F: :PCPN: SNOW: WIND :SUNSHINE: SKY :PK WND
================================================================================
1 2 3 4 5 6A 6B 7 8 9 10 11 12 13 14 15 16 17 18
12Z AVG MX 2MIN
DY MAX MIN AVG DEP HDD CDD WTR SNW DPTH SPD SPD DIR MIN PSBL S-S WX SPD DR
================================================================================
1 90 65 78 -1 0 13 0.00 0.0 0 1.1 7 320 M M 0 10 310
2 89 71 80 1 0 15 0.00 0.0 0 2.6 10 160 M M 4 13 150
3 88 74 81 2 0 16 0.14 0.0 0 2.7 12 170 M M 6 1 16 80
4 83 71 77 -2 0 12 3.25 0.0 0 2.8 10 170 M M 9 138 15 170
5 84 72 78 0 0 13 0.03 0.0 0 2.5 9 170 M M 6 1 12 300
6 85 72 79 1 0 14 0.00 0.0 0 1.5 9 290 M M 2 18 12 310
7 87 68 78 0 0 13 T 0.0 0 2.9 9 330 M M 1 14 310
8 87 68 78 0 0 13 0.13 0.0 0 2.9 9 110 M M 3 138 17 120
9 81 70 76 -2 0 11 0.17 0.0 0 3.7 12 90 M M 8 18 20 110
10 82 69 76 -1 0 11 0.01 0.0 0 3.2 8 150 M M 6 1 14 140
11 87 71 79 2 0 14 0.00 0.0 0 4.3 13 300 M M 6 18 310
12 81 62 72 -5 0 7 0.00 0.0 0 3.8 10 300 M M 4 15 310
13 82 57 70 -7 0 5 0.00 0.0 0 1.4 9 350 M M 0 13 10
14 84 59 72 -4 0 7 0.00 0.0 0 1.4 8 360 M M 0 13 20
15 85 62 74 -2 0 9 0.00 0.0 0 1.6 9 40 M M 1 13 50
16 84 63 74 -2 0 9 0.00 0.0 0 1.4 8 70 M M 1 8 14 50
17 85 63 74 -2 0 9 0.00 0.0 0 1.8 9 140 M M 2 13 140
18 86 66 76 1 0 11 0.00 0.0 0 1.1 7 140 M M 3 1 11 130
19 88 63 76 1 0 11 0.00 0.0 0 0.7 8 350 M M 0 18 12 330
20 93 67 80 5 0 15 0.00 0.0 0 1.7 9 350 M M 2 18 12 290
21 93 71 82 8 0 17 0.00 0.0 0 1.2 7 10 M M 0 18 10 40
22 95 69 82 8 0 17 0.00 0.0 0 4.5 16 310 M M 1 1 23 320
23 82 61 72 -2 0 7 0.00 0.0 0 2.6 9 140 M M 0 14 40
24 86 58 72 -2 0 7 0.00 0.0 0 1.5 8 170 M M 0 11 230
25 82 65 74 1 0 9 T 0.0 0 2.0 10 310 M M 2 1 13 310
26 84 59 72 -1 0 7 0.00 0.0 0 3.5 14 300 M M 1 1 20 330
27 77 54 66 -6 0 1 0.00 0.0 0 3.5 15 350 M M 0 22 20
28 77 56 67 -5 0 2 0.00 0.0 0 6.3 14 350 M M 0 24 10
29 77 52 65 -7 0 0 0.00 0.0 0 9.2 22 40 M M 0 27 20
30 80 52 66 -6 0 1 0.00 0.0 0 4.2 12 330 M M 0 16 10
================================================================================
SM 2544 1930 0 296 3.73 0.0 83.6 M 68
================================================================================
AV 84.8 64.3 2.8 FASTST M M 2 MAX(MPH)
MISC ----> 22 40 27 20
================================================================================
NOTES:
# LAST OF SEVERAL OCCURRENCES
COLUMN 17 PEAK WIND IN M.P.H.
PRELIMINARY LOCAL CLIMATOLOGICAL DATA (WS FORM: F-6) , PAGE 2
STATION: SHELBY COUNTY AIRPORT
MONTH: SEPTEMBER
YEAR: 2022
LATITUDE: 33 10 N
LONGITUDE: 86 47 W
[TEMPERATURE DATA] [PRECIPITATION DATA] SYMBOLS USED IN COLUMN 16
AVERAGE MONTHLY: 74.6 TOTAL FOR MONTH: 3.73 1 = FOG OR MIST
DPTR FM NORMAL: -1.2 DPTR FM NORMAL: 0.16 2 = FOG REDUCING VISIBILITY
HIGHEST: 95 ON 22 GRTST 24HR 3.25 ON 4- 4 TO 1/4 MILE OR LESS
LOWEST: 52 ON 30,29 3 = THUNDER
SNOW, ICE PELLETS, HAIL 4 = ICE PELLETS
TOTAL MONTH: 0.0 INCH 5 = HAIL
GRTST 24HR 0.0 6 = FREEZING RAIN OR DRIZZLE
GRTST DEPTH: 0 7 = DUSTSTORM OR SANDSTORM:
VSBY 1/2 MILE OR LESS
8 = SMOKE OR HAZE
[NO. OF DAYS WITH] [WEATHER - DAYS WITH] 9 = BLOWING SNOW
X = TORNADO
MAX 32 OR BELOW: 0 0.01 INCH OR MORE: 6
MAX 90 OR ABOVE: 4 0.10 INCH OR MORE: 4
MIN 32 OR BELOW: 0 0.50 INCH OR MORE: 1
MIN 0 OR BELOW: 0 1.00 INCH OR MORE: 1
[HDD (BASE 65) ]
TOTAL THIS MO. 0 CLEAR (SCALE 0-3) 22
DPTR FM NORMAL -4 PTCLDY (SCALE 4-7) 6
TOTAL FM JUL 1 0 CLOUDY (SCALE 8-10) 2
DPTR FM NORMAL -2
[CDD (BASE 65) ]
TOTAL THIS MO. 296
DPTR FM NORMAL -32 [PRESSURE DATA]
TOTAL FM JAN 1 2221 HIGHEST SLP 30.23 ON 28
DPTR FM NORMAL 158 LOWEST SLP 29.73 ON 8
[REMARKS]
#FINAL-09-22#