000
CXUS54 KBMX 011010
CF6EET
PRELIMINARY LOCAL CLIMATOLOGICAL DATA (WS FORM: F-6)
STATION: SHELBY COUNTY AIRPORT
MONTH: MAY
YEAR: 2021
LATITUDE: 33 10 N
LONGITUDE: 86 47 W
TEMPERATURE IN F: :PCPN: SNOW: WIND :SUNSHINE: SKY :PK WND
================================================================================
1 2 3 4 5 6A 6B 7 8 9 10 11 12 13 14 15 16 17 18
12Z AVG MX 2MIN
DY MAX MIN AVG DEP HDD CDD WTR SNW DPTH SPD SPD DIR MIN PSBL S-S WX SPD DR
================================================================================
1 81 53 67 -1 0 2 0.00 0.0 0 2.1 12 60 M M 0 19 100
2 82 60 71 3 0 6 0.01 0.0 0 6.0 18 160 M M 2 22 170
3 84 69 77 9 0 12 0.95 0.0 0 7.5 23 230 M M 7 138 34 250
4 81 M M M M M 6.25 0.0 M 7.5 20 320 M M 8 1238 31 310
5 75 61 68 -1 0 3 T 0.0 0 6.0 14 300 M M 4 1 19 310
6 73 52 63 -6 2 0 T 0.0 0 3.6 22 310 M M 1 18 30 310
7 70 51 61 -8 4 0 0.00 0.0 0 3.7 14 290 M M 0 18 22 360
8 79 49 64 -6 1 0 0.00 0.0 0 3.1 10 160 M M 1 13 160
9 83 59 71 1 0 6 0.44 0.0 0 8.0 18 210 M M 2 13 28 200
10 77 63 70 0 0 5 0.55 0.0 0 3.4 10 320 M M 9 18 16 320
11 73 64 69 -1 0 4 T 0.0 0 1.5 7 320 M M 8 1 10 340
12 71 53 62 -9 3 0 0.34 0.0 0 4.6 10 50 M M 8 1 16 20
13 72 50 61 -10 4 0 0.00 0.0 0 3.2 8 20 M M 5 14 360
14 76 51 64 -7 1 0 0.00 0.0 0 0.6 7 50 M M 2 10 10
15 78 52 65 -7 0 0 0.00 0.0 0 2.3 9 160 M M 2 13 250
16 81 55 68 -4 0 3 0.00 0.0 0 2.9 13 150 M M 0 16 170
17 82 57 70 -2 0 5 0.00 0.0 0 5.0 16 160 M M 1 22 180
18 80 67 74 2 0 9 0.00 0.0 M 5.5 13 130 M M 4 22 120
19 84 68 76 3 0 11 0.00 0.0 0 7.0 16 140 M M 2 26 150
20 84 65 75 2 0 10 0.00 0.0 0 6.6 15 140 M M 1 23 150
21 86 63 75 2 0 10 0.00 0.0 0 4.9 16 150 M M 1 24 150
22 85 64 75 2 0 10 0.00 0.0 0 2.5 10 100 M M 0 14 160
23 88 61 75 1 0 10 0.00 0.0 0 1.2 8 130 M M 1 11 140
24 89 64 77 3 0 12 0.00 0.0 0 0.9 6 240 M M 1 1 9 280
25 90 66 78 4 0 13 0.00 0.0 0 2.6 12 180 M M 1 1 17 190
26 87 64 76 2 0 11 0.01 0.0 0 4.7 16 300 M M 4 22 320
27 85 67 76 1 0 11 T 0.0 0 1.8 8 180 M M 6 1 10 250
28 85 67 76 1 0 11 0.50 0.0 0 5.1 20 320 M M 5 13 30 310
29 73 57 65 -10 0 0 0.00 0.0 0 7.2 14 310 M M 3 1 21 330
30 76 53 65 -10 0 0 0.00 0.0 0 3.2 9 360 M M 2 15 330
31 82 56 69 -7 0 4 0.00 0.0 0 3.0 12 150 M M 1 16 160
================================================================================
SM 2492 1781 15 168 9.05 0.0 127.2 M 92
================================================================================
AV 80.4 59.4 4.1 FASTST M M 3 MAX(MPH)
MISC ----> 23 230 34 250
================================================================================
NOTES:
# LAST OF SEVERAL OCCURRENCES
COLUMN 17 PEAK WIND IN M.P.H.
PRELIMINARY LOCAL CLIMATOLOGICAL DATA (WS FORM: F-6) , PAGE 2
STATION: SHELBY COUNTY AIRPORT
MONTH: MAY
YEAR: 2021
LATITUDE: 33 10 N
LONGITUDE: 86 47 W
[TEMPERATURE DATA] [PRECIPITATION DATA] SYMBOLS USED IN COLUMN 16
AVERAGE MONTHLY: 69.9 TOTAL FOR MONTH: 9.05 1 = FOG OR MIST
DPTR FM NORMAL: -1.9 DPTR FM NORMAL: 4.90 2 = FOG REDUCING VISIBILITY
HIGHEST: 90 ON 25 GRTST 24HR 6.93 ON 3- 4 TO 1/4 MILE OR LESS
LOWEST: 49 ON 8 3 = THUNDER
SNOW, ICE PELLETS, HAIL 4 = ICE PELLETS
TOTAL MONTH: 0.0 INCH 5 = HAIL
GRTST 24HR 0.0 6 = FREEZING RAIN OR DRIZZLE
GRTST DEPTH: 0 7 = DUSTSTORM OR SANDSTORM:
VSBY 1/2 MILE OR LESS
8 = SMOKE OR HAZE
[NO. OF DAYS WITH] [WEATHER - DAYS WITH] 9 = BLOWING SNOW
X = TORNADO
MAX 32 OR BELOW: 0 0.01 INCH OR MORE: 8
MAX 90 OR ABOVE: 1 0.10 INCH OR MORE: 6
MIN 32 OR BELOW: 0 0.50 INCH OR MORE: 4
MIN 0 OR BELOW: 0 1.00 INCH OR MORE: 1
[HDD (BASE 65) ]
TOTAL THIS MO. 15 CLEAR (SCALE 0-3) 20
DPTR FM NORMAL -2 PTCLDY (SCALE 4-7) 9
TOTAL FM JUL 1 2327 CLOUDY (SCALE 8-10) 2
DPTR FM NORMAL -49
[CDD (BASE 65) ]
TOTAL THIS MO. 168
DPTR FM NORMAL -59 [PRESSURE DATA]
TOTAL FM JAN 1 251 HIGHEST SLP M ON M
DPTR FM NORMAL -79 LOWEST SLP 29.75 ON 3
[REMARKS]
#FINAL-05-21#