000
CXUS54 KBMX 011110
CF6EET
PRELIMINARY LOCAL CLIMATOLOGICAL DATA (WS FORM: F-6)
STATION: SHELBY COUNTY AIRPORT
MONTH: APRIL
YEAR: 2020
LATITUDE: 33 10 N
LONGITUDE: 86 47 W
TEMPERATURE IN F: :PCPN: SNOW: WIND :SUNSHINE: SKY :PK WND
================================================================================
1 2 3 4 5 6A 6B 7 8 9 10 11 12 13 14 15 16 17 18
12Z AVG MX 2MIN
DY MAX MIN AVG DEP HDD CDD WTR SNW DPTH SPD SPD DIR MIN PSBL S-S WX SPD DR
================================================================================
1 67 43 55 -4 10 0 0.00 0.0 0 4.6 16 310 M M 0 23 320
2 73 45 59 0 6 0 0.00 0.0 0 1.3 8 90 M M 0 8 13 80
3 78 48 63 3 2 0 0.00 0.0 0 1.2 8 310 M M 0 11 290
4 80 56 68 8 0 3 0.00 0.0 0 1.4 9 330 M M 0 15 310
5 82 61 72 12 0 7 0.00 0.0 0 1.2 7 130 M M 3 10 160
6 84 57 71 11 0 6 0.00 0.0 0 1.7 12 170 M M 1 15 190
7 71 64 68 8 0 3 0.21 0.0 0 2.0 8 180 M M 6 1 11 180
8 80 64 72 11 0 7 0.02 0.0 0 3.5 10 200 M M 8 1238 16 190
9 78 63 71 10 0 6 0.05 0.0 0 5.4 16 310 M M 2 13 22 310
10 63 43 53 -8 12 0 0.00 0.0 0 6.5 15 350 M M 2 24 360
11 74 40 57 -4 8 0 0.00 0.0 0 2.4 12 160 M M 0 15 160
12 77 52 65 3 0 0 0.60 0.0 0 8.5 24 180 M M 5 138 35 190
13 71 48 60 -2 5 0 0.06 0.0 0 7.6 29 290 M M 5 1 47 300
14 65 45 55 -7 10 0 0.00 0.0 0 5.8 14 310 M M 4 20 320
15 64 40 52 -10 13 0 0.00 0.0 0 6.1 16 360 M M 0 24 10
16 69 38 54 -9 11 0 0.00 0.0 0 2.1 10 90 M M 0 16 90
17 77 44 61 -2 4 0 0.00 0.0 0 4.4 17 190 M M 0 26 170
18 69 51 60 -3 5 0 0.04 0.0 0 4.2 20 300 M M 4 1 27 310
19 60 50 55 -8 10 0 4.77 0.0 0 3.4 14 350 M M 6 13 21 340
20 74 53 64 0 1 0 0.04 0.0 0 5.2 13 310 M M 3 1 19 330
21 77 49 63 -1 2 0 0.00 0.0 0 4.2 18 310 M M 0 24 310
22 66 50 58 -6 7 0 0.23 0.0 0 2.5 10 130 M M 3 13 16 120
23 72 54 63 -1 2 0 1.14 0.0 0 5.8 16 300 M M 4 13 27 310
24 75 54 65 0 0 0 0.00 0.0 0 3.5 13 290 M M 3 18 280
25 78 58 68 3 0 3 T 0.0 0 6.4 17 270 M M 5 28 270
26 71 49 60 -5 5 0 0.00 0.0 0 9.4 22 320 M M 0 32 310
27 73 44 59 -7 6 0 0.00 0.0 0 1.9 10 310 M M 0 15 340
28 81 53 67 1 0 2 0.00 0.0 0 5.0 15 170 M M 0 21 170
29 73 55 64 -2 1 0 0.02 0.0 0 6.3 20 160 M M 7 31 160
30 70 50 60 -6 5 0 0.00 0.0 0 6.6 17 290 M M 4 26 280
================================================================================
SM 2192 1521 125 37 7.18 0.0 130.1 M 75
================================================================================
AV 73.1 50.7 4.3 FASTST M M 3 MAX(MPH)
MISC ----> # 29 290 # 47 300
================================================================================
NOTES:
# LAST OF SEVERAL OCCURRENCES
COLUMN 17 PEAK WIND IN M.P.H.
PRELIMINARY LOCAL CLIMATOLOGICAL DATA (WS FORM: F-6) , PAGE 2
STATION: SHELBY COUNTY AIRPORT
MONTH: APRIL
YEAR: 2020
LATITUDE: 33 10 N
LONGITUDE: 86 47 W
[TEMPERATURE DATA] [PRECIPITATION DATA] SYMBOLS USED IN COLUMN 16
AVERAGE MONTHLY: 61.9 TOTAL FOR MONTH: 7.18 1 = FOG OR MIST
DPTR FM NORMAL: -0.7 DPTR FM NORMAL: 3.29 2 = FOG REDUCING VISIBILITY
HIGHEST: 84 ON 6 GRTST 24HR 4.77 ON 19-19 TO 1/4 MILE OR LESS
LOWEST: 38 ON 16 3 = THUNDER
SNOW, ICE PELLETS, HAIL 4 = ICE PELLETS
TOTAL MONTH: 0.0 INCH 5 = HAIL
GRTST 24HR 0.0 6 = FREEZING RAIN OR DRIZZLE
GRTST DEPTH: 0 7 = DUSTSTORM OR SANDSTORM:
VSBY 1/2 MILE OR LESS
8 = SMOKE OR HAZE
[NO. OF DAYS WITH] [WEATHER - DAYS WITH] 9 = BLOWING SNOW
X = TORNADO
MAX 32 OR BELOW: 0 0.01 INCH OR MORE: 11
MAX 90 OR ABOVE: 0 0.10 INCH OR MORE: 5
MIN 32 OR BELOW: 0 0.50 INCH OR MORE: 3
MIN 0 OR BELOW: 0 1.00 INCH OR MORE: 2
[HDD (BASE 65) ]
TOTAL THIS MO. 125 CLEAR (SCALE 0-3) 18
DPTR FM NORMAL -5 PTCLDY (SCALE 4-7) 12
TOTAL FM JUL 1 2026 CLOUDY (SCALE 8-10) 0
DPTR FM NORMAL -542
[CDD (BASE 65) ]
TOTAL THIS MO. 37
DPTR FM NORMAL -21 [PRESSURE DATA]
TOTAL FM JAN 1 121 HIGHEST SLP 30.30 ON 16
DPTR FM NORMAL 46 LOWEST SLP 29.52 ON 12
[REMARKS]
#FINAL-04-20#