000
CXUS54 KBMX 011110
CF6EET
PRELIMINARY LOCAL CLIMATOLOGICAL DATA (WS FORM: F-6)
STATION: SHELBY COUNTY AIRPORT
MONTH: NOVEMBER
YEAR: 2023
LATITUDE: 33 10 N
LONGITUDE: 86 47 W
TEMPERATURE IN F: :PCPN: SNOW: WIND :SUNSHINE: SKY :PK WND
================================================================================
1 2 3 4 5 6A 6B 7 8 9 10 11 12 13 14 15 16 17 18
12Z AVG MX 2MIN
DY MAX MIN AVG DEP HDD CDD WTR SNW DPTH SPD SPD DIR MIN PSBL S-S WX SPD DR
================================================================================
1 56 32 44 -15 21 0 0.00 0.0 0 5.1 16 350 M M 0 32 360
2 62 28 45 -13 20 0 0.00 0.0 M 1.5 10 150 M M 0 8 16 160
3 69 34 52 -6 13 0 0.00 0.0 0 1.4 8 140 M M 0 8 12 130
4 75 38 57 -1 8 0 0.00 0.0 0 0.4 9 310 M M 0 13 40
5 77 42 60 3 5 0 0.00 0.0 0 2.0 12 300 M M 0 20 330
6 78 44 61 4 4 0 0.00 0.0 M 1.6 10 200 M M 0 14 250
7 80 46 63 6 2 0 0.00 0.0 M 2.0 12 180 M M 0 1 19 180
8 81 49 65 9 0 0 0.00 0.0 0 3.5 14 180 M M 2 12 23 180
9 76 56 66 10 0 1 0.00 0.0 0 1.4 9 180 M M 1 1 14 260
10 63 56 60 4 5 0 0.15 0.0 0 2.8 8 350 M M 7 1 13 330
11 56 52 54 -2 11 0 0.21 0.0 0 4.5 10 50 M M 10 1 19 50
12 60 52 56 1 9 0 0.00 0.0 0 1.8 7 50 M M 9 1 11 50
13 67 51 59 4 6 0 0.00 0.0 0 1.6 8 100 M M 4 14 110
14 70 50 60 5 5 0 0.04 M M 3.4 10 80 M M 3 20 90
15 63 48 56 2 9 0 0.24 0.0 0 5.1 10 90 M M 9 1 21 80
16 76 56 66 12 0 1 0.00 0.0 0 4.2 10 150 M M 6 20 120
17 73 55 64 10 1 0 0.00 0.0 0 2.0 8 280 M M 4 13 80
18 71 48 60 6 5 0 0.00 0.0 0 5.8 15 310 M M 3 23 310
19 72 40 56 2 9 0 0.00 0.0 0 M M M M M 0 M M
20 72 44 58 5 7 0 0.15 0.0 M 6.8 15 140 M M 5 1 27 140
21 68 53 61 8 4 0 0.36 0.0 M 9.0 21 150 M M 8 1 37 160
22 54 36 45 -8 20 0 T 0.0 0 6.5 15 310 M M 7 25 320
23 54 33 44 -8 21 0 0.00 0.0 0 1.5 8 310 M M 0 1 11 300
24 62 40 51 -1 14 0 0.00 0.0 0 2.1 9 310 M M 3 16 300
25 65 34 50 -2 15 0 0.00 0.0 M 2.1 9 150 M M 0 14 100
26 54 46 50 -2 15 0 0.08 0.0 0 3.8 13 300 M M 6 1 19 300
27 51 36 44 -8 21 0 0.00 0.0 0 6.7 14 310 M M 2 23 310
28 54 29 42 -10 23 0 0.00 0.0 0 5.2 16 300 M M 0 26 310
29 59 25 42 -9 23 0 0.00 0.0 0 1.2 8 260 M M 0 14 210
30 57 29 43 -8 22 0 0.00 0.0 0 2.9 13 150 M M 0 18 150
================================================================================
SM 1975 1282 318 2 1.23 0.0 97.9 M 89
================================================================================
AV 65.8 42.7 3.4 FASTST M M 3 MAX(MPH)
MISC ----> 21 150 37 160
================================================================================
NOTES:
# LAST OF SEVERAL OCCURRENCES
COLUMN 17 PEAK WIND IN M.P.H.
PRELIMINARY LOCAL CLIMATOLOGICAL DATA (WS FORM: F-6) , PAGE 2
STATION: SHELBY COUNTY AIRPORT
MONTH: NOVEMBER
YEAR: 2023
LATITUDE: 33 10 N
LONGITUDE: 86 47 W
[TEMPERATURE DATA] [PRECIPITATION DATA] SYMBOLS USED IN COLUMN 16
AVERAGE MONTHLY: 54.3 TOTAL FOR MONTH: 1.23 1 = FOG OR MIST
DPTR FM NORMAL: -0.3 DPTR FM NORMAL: -3.33 2 = FOG REDUCING VISIBILITY
HIGHEST: 81 ON 8 GRTST 24HR 0.51 ON 20-21 TO 1/4 MILE OR LESS
LOWEST: 25 ON 29 3 = THUNDER
SNOW, ICE PELLETS, HAIL 4 = ICE PELLETS
TOTAL MONTH: 0.0 INCH 5 = HAIL
GRTST 24HR 0.0 6 = FREEZING RAIN OR DRIZZLE
GRTST DEPTH: 0 7 = DUSTSTORM OR SANDSTORM:
VSBY 1/2 MILE OR LESS
8 = SMOKE OR HAZE
[NO. OF DAYS WITH] [WEATHER - DAYS WITH] 9 = BLOWING SNOW
X = TORNADO
MAX 32 OR BELOW: 0 0.01 INCH OR MORE: 7
MAX 90 OR ABOVE: 0 0.10 INCH OR MORE: 5
MIN 32 OR BELOW: 5 0.50 INCH OR MORE: 0
MIN 0 OR BELOW: 0 1.00 INCH OR MORE: 0
[HDD (BASE 65) ]
TOTAL THIS MO. 318 CLEAR (SCALE 0-3) 19
DPTR FM NORMAL -8 PTCLDY (SCALE 4-7) 8
TOTAL FM JUL 1 387 CLOUDY (SCALE 8-10) 3
DPTR FM NORMAL -43
[CDD (BASE 65) ]
TOTAL THIS MO. 2
DPTR FM NORMAL -11 [PRESSURE DATA]
TOTAL FM JAN 1 2291 HIGHEST SLP 30.49 ON 2
DPTR FM NORMAL 113 LOWEST SLP 29.83 ON 21
[REMARKS]
#FINAL-11-23#