000
CXUS51 KRLX 011143
CF6EKN
PRELIMINARY LOCAL CLIMATOLOGICAL DATA (WS FORM: F-6)
STATION: ELKINS WV
MONTH: OCTOBER
YEAR: 2022
LATITUDE: 38 52 N
LONGITUDE: 79 51 W
TEMPERATURE IN F: :PCPN: SNOW: WIND :SUNSHINE: SKY :PK WND
================================================================================
1 2 3 4 5 6A 6B 7 8 9 10 11 12 13 14 15 16 17 18
12Z AVG MX 2MIN
DY MAX MIN AVG DEP HDD CDD WTR SNW DPTH SPD SPD DIR MIN PSBL S-S WX SPD DR
================================================================================
1 56 50 53 -5 12 0 1.74 0.0 0 5.4 17 10 M M 10 1 23 20
2 56 51 54 -4 11 0 0.45 0.0 0 5.7 10 350 M M 10 1 14 350
3 64 38 51 -7 14 0 0.00 0.0 0 4.2 14 350 M M 2 1 19 340
4 55 37 46 -11 19 0 T 0.0 0 1.6 13 320 M M 9 12 16 10
5 66 39 53 -4 12 0 0.00 0.0 0 1.8 12 360 M M 6 1 17 330
6 69 35 52 -4 13 0 0.00 0.0 0 1.3 10 310 M M 5 12 13 300
7 70 38 54 -2 11 0 0.03 0.0 0 3.9 16 320 M M 8 12 25 330
8 52 31 42 -14 23 0 0.00 0.0 0 3.7 14 330 M M 6 1 20 340
9 59 27 43 -12 22 0 0.00 0.0 0 2.1 14 240 M M 1 1 18 290
10 64 29 47 -8 18 0 0.00 0.0 0 1.2 9 330 M M 2 12 13 330
11 71 32 52 -2 13 0 0.00 0.0 0 1.5 12 200 M M 3 15 240
12 73 35 54 0 11 0 0.00 0.0 0 4.9 15 160 M M 4 25 170
13 64 40 52 -2 13 0 0.29 0.0 0 4.0 20 300 M M 9 25 300
14 64 32 48 -5 17 0 0.00 0.0 0 3.4 18 260 M M 3 26 260
15 71 32 52 -1 13 0 0.00 0.0 0 5.1 23 240 M M 1 30 240
16 70 34 52 -1 13 0 0.01 0.0 0 4.3 16 230 M M 6 21 240
17 56 35 46 -6 19 0 0.00 0.0 0 8.3 21 260 M M 9 34 250
18 39 34 37 -15 28 0 0.01 T 0 8.5 18 250 M M 10 1 28 260
19 41 33 37 -15 28 0 0.03 T 0 7.8 17 240 M M 9 18 25 260
20 55 26 41 -10 24 0 0.00 0.0 0 5.7 22 230 M M 1 28 240
21 66 24 45 -6 20 0 0.00 0.0 0 0.5 8 310 M M 0 12 320
22 73 27 50 0 15 0 0.00 0.0 0 0.6 9 310 M M 0 11 310
23 74 29 52 2 13 0 0.00 0.0 0 1.4 9 340 M M 0 18 14 340
24 76 30 53 3 12 0 0.00 0.0 0 0.6 7 10 M M 0 18 10 20
25 78 30 54 5 11 0 0.00 0.0 0 4.8 18 160 M M 0 1 24 170
26 63 47 55 6 10 0 0.26 0.0 0 7.5 18 290 M M 8 1 28 140
27 57 30 44 -5 21 0 0.01 0.0 0 3.6 13 350 M M 5 1 15 360
28 62 26 44 -4 21 0 0.00 0.0 0 1.4 9 130 M M 2 12 13 100
29 68 30 49 1 16 0 0.00 0.0 0 1.3 8 110 M M 3 12 12 120
30 70 28 49 1 16 0 T 0.0 0 1.0 8 160 M M 2 12 9 150
31 65 42 54 7 11 0 0.33 0.0 0 1.7 9 200 M M 9 12 15 200
================================================================================
SM 1967 1051 500 0 3.16 T 108.8 M 143
================================================================================
AV 63.5 33.9 3.5 FASTST M M 5 MAX(MPH)
MISC ----> 23 240 34 250
================================================================================
NOTES:
# LAST OF SEVERAL OCCURRENCES
COLUMN 17 PEAK WIND IN M.P.H.
PRELIMINARY LOCAL CLIMATOLOGICAL DATA (WS FORM: F-6) , PAGE 2
STATION: ELKINS WV
MONTH: OCTOBER
YEAR: 2022
LATITUDE: 38 52 N
LONGITUDE: 79 51 W
[TEMPERATURE DATA] [PRECIPITATION DATA] SYMBOLS USED IN COLUMN 16
AVERAGE MONTHLY: 48.7 TOTAL FOR MONTH: 3.16 1 = FOG OR MIST
DPTR FM NORMAL: -4.0 DPTR FM NORMAL: 0.08 2 = FOG REDUCING VISIBILITY
HIGHEST: 78 ON 25 GRTST 24HR 2.15 ON 1- 2 TO 1/4 MILE OR LESS
LOWEST: 24 ON 21 3 = THUNDER
SNOW, ICE PELLETS, HAIL 4 = ICE PELLETS
TOTAL MONTH: T 5 = HAIL
GRTST 24HR T ON 18-18 6 = FREEZING RAIN OR DRIZZLE
GRTST DEPTH: 0 7 = DUSTSTORM OR SANDSTORM:
VSBY 1/2 MILE OR LESS
8 = SMOKE OR HAZE
[NO. OF DAYS WITH] [WEATHER - DAYS WITH] 9 = BLOWING SNOW
X = TORNADO
MAX 32 OR BELOW: 0 0.01 INCH OR MORE: 10
MAX 90 OR ABOVE: 0 0.10 INCH OR MORE: 5
MIN 32 OR BELOW: 16 0.50 INCH OR MORE: 1
MIN 0 OR BELOW: 0 1.00 INCH OR MORE: 1
[HDD (BASE 65) ]
TOTAL THIS MO. 500 CLEAR (SCALE 0-3) 14
DPTR FM NORMAL 112 PTCLDY (SCALE 4-7) 7
TOTAL FM JUL 1 616 CLOUDY (SCALE 8-10) 10
DPTR FM NORMAL 116
[CDD (BASE 65) ]
TOTAL THIS MO. 0
DPTR FM NORMAL -7 [PRESSURE DATA]
TOTAL FM JAN 1 640 HIGHEST SLP 30.51 ON 28
DPTR FM NORMAL 23 LOWEST SLP 29.69 ON 17
[REMARKS]
#FINAL-10-22#