000
CXUS54 KSHV 011300
CF6ELD
PRELIMINARY LOCAL CLIMATOLOGICAL DATA (WS FORM: F-6)
STATION: EL DORADO
MONTH: MAY
YEAR: 2022
LATITUDE: 33 13 N
LONGITUDE: 92 49 W
TEMPERATURE IN F: :PCPN: SNOW: WIND :SUNSHINE: SKY :PK WND
================================================================================
1 2 3 4 5 6A 6B 7 8 9 10 11 12 13 14 15 16 17 18
12Z AVG MX 2MIN
DY MAX MIN AVG DEP HDD CDD WTR SNW DPTH SPD SPD DIR MIN PSBL S-S WX SPD DR
================================================================================
1 82 57 70 2 0 5 T 0.0 0 2.9 12 50 M M 1 12 16 70
2 83 62 73 5 0 8 T 0.0 0 9.0 22 160 M M 1 30 140
3 82 62 72 4 0 7 1.15 0.0 0 5.3 25 310 M M 7 13 33 320
4 85 63 74 6 0 9 0.00 0.0 0 5.7 14 120 M M 5 18 120
5 80 64 72 3 0 7 0.75 0.0 0 8.6 31 130 M M 6 13 39 120
6 78 55 67 -2 0 2 0.00 0.0 0 8.1 21 270 M M 1 28 270
7 83 53 68 -1 0 3 0.00 0.0 0 4.3 10 80 M M 0 13 70
8 86 62 74 4 0 9 0.00 0.0 0 8.7 16 150 M M 4 22 120
9 90 71 81 11 0 16 0.00 0.0 0 8.2 16 150 M M 3 1 22 170
10 89 68 79 9 0 14 0.00 0.0 0 6.8 16 140 M M 1 22 190
11 91 69 80 9 0 15 0.00 0.0 0 3.6 12 120 M M 0 1 17 130
12 92 68 80 9 0 15 0.00 0.0 0 2.3 8 210 M M 0 1 11 250
13 91 67 79 8 0 14 0.00 0.0 0 5.1 20 130 M M 0 1 27 130
14 86 65 76 5 0 11 T 0.0 0 4.4 22 160 M M 2 26 160
15 90 67 79 7 0 14 T 0.0 0 4.1 20 50 M M 1 1 24 40
16 85 65 75 3 0 10 0.00 0.0 0 4.8 14 50 M M 2 18 70
17 88 61 75 3 0 10 0.00 0.0 0 5.6 13 120 M M 0 17 120
18 89 66 78 5 0 13 0.00 0.0 0 6.0 17 200 M M 0 1 23 200
19 92 69 81 8 0 16 0.00 0.0 0 11.0 21 200 M M 0 27 170
20 90 73 82 9 0 17 0.00 0.0 0 12.3 23 190 M M 4 31 210
21 91 65 78 4 0 13 1.47 0.0 0 7.6 30 310 M M 4 13 39 300
22 70 61 66 -8 0 1 1.38 0.0 0 8.0 15 20 M M 10 13 23 10
23 72 60 66 -8 0 1 0.00 0.0 0 6.1 12 70 M M 10 15 80
24 82 66 74 0 0 9 0.51 0.0 0 7.6 28 200 M M 8 138 38 200
25 78 59 69 -6 0 4 0.12 0.0 0 8.8 18 180 M M 6 1 27 140
26 82 56 69 -6 0 4 0.00 0.0 0 8.2 21 270 M M 1 30 280
27 81 53 67 -8 0 2 0.00 0.0 0 4.3 15 280 M M 0 20 300
28 86 55 71 -4 0 6 0.00 0.0 0 3.2 9 160 M M 0 12 140
29 89 62 76 0 0 11 0.00 0.0 0 8.3 15 140 M M 0 23 170
30 90 67 79 3 0 14 0.00 0.0 0 9.4 21 180 M M 2 27 190
31 91 66 79 3 0 14 0.00 0.0 0 6.7 15 150 M M 3 19 140
================================================================================
SM 2644 1957 0 294 5.38 0.0 205.0 M 82
================================================================================
AV 85.3 63.1 6.6 FASTST M M 3 MAX(MPH)
MISC ----> 31 130 # 39 120
================================================================================
NOTES:
# LAST OF SEVERAL OCCURRENCES
COLUMN 17 PEAK WIND IN M.P.H.
PRELIMINARY LOCAL CLIMATOLOGICAL DATA (WS FORM: F-6) , PAGE 2
STATION: EL DORADO
MONTH: MAY
YEAR: 2022
LATITUDE: 33 13 N
LONGITUDE: 92 49 W
[TEMPERATURE DATA] [PRECIPITATION DATA] SYMBOLS USED IN COLUMN 16
AVERAGE MONTHLY: 74.2 TOTAL FOR MONTH: 5.38 1 = FOG OR MIST
DPTR FM NORMAL: 2.2 DPTR FM NORMAL: 0.57 2 = FOG REDUCING VISIBILITY
HIGHEST: 92 ON 19,12 GRTST 24HR 2.85 ON 21-22 TO 1/4 MILE OR LESS
LOWEST: 53 ON 27, 7 3 = THUNDER
SNOW, ICE PELLETS, HAIL 4 = ICE PELLETS
TOTAL MONTH: 0.0 INCH 5 = HAIL
GRTST 24HR 0.0 6 = FREEZING RAIN OR DRIZZLE
GRTST DEPTH: 0 7 = DUSTSTORM OR SANDSTORM:
VSBY 1/2 MILE OR LESS
8 = SMOKE OR HAZE
[NO. OF DAYS WITH] [WEATHER - DAYS WITH] 9 = BLOWING SNOW
X = TORNADO
MAX 32 OR BELOW: 0 0.01 INCH OR MORE: 6
MAX 90 OR ABOVE: 10 0.10 INCH OR MORE: 6
MIN 32 OR BELOW: 0 0.50 INCH OR MORE: 5
MIN 0 OR BELOW: 0 1.00 INCH OR MORE: 3
[HDD (BASE 65) ]
TOTAL THIS MO. 0 CLEAR (SCALE 0-3) 20
DPTR FM NORMAL -17 PTCLDY (SCALE 4-7) 9
TOTAL FM JUL 1 2369 CLOUDY (SCALE 8-10) 2
DPTR FM NORMAL -185
[CDD (BASE 65) ]
TOTAL THIS MO. 294
DPTR FM NORMAL 60 [PRESSURE DATA]
TOTAL FM JAN 1 393 HIGHEST SLP 30.20 ON 22
DPTR FM NORMAL 49 LOWEST SLP 29.63 ON 25
[REMARKS]
#FINAL-05-22#