000
CXUS54 KEPZ 011030
CF6ELP
PRELIMINARY LOCAL CLIMATOLOGICAL DATA (WS FORM: F-6)
STATION: EL PASO
MONTH: JUNE
YEAR: 2021
LATITUDE: 31 47 N
LONGITUDE: 106 24 W
TEMPERATURE IN F: :PCPN: SNOW: WIND :SUNSHINE: SKY :PK WND
================================================================================
1 2 3 4 5 6A 6B 7 8 9 10 11 12 13 14 15 16 17 18
12Z AVG MX 2MIN
DY MAX MIN AVG DEP HDD CDD WTR SNW DPTH SPD SPD DIR MIN PSBL S-S WX SPD DR
================================================================================
1 90 63 77 -4 0 12 0.00 0.0 0 8.7 37 350 M M 3 78 49 360
2 94 62 78 -3 0 13 0.01 0.0 0 7.4 35 150 M M 6 7 46 150
3 86 67 77 -5 0 12 0.01 0.0 0 8.3 20 30 M M 7 24 30
4 88 65 77 -5 0 12 T 0.0 0 5.1 13 160 M M 6 17 150
5 99 62 81 -1 0 16 0.00 0.0 0 8.1 30 260 M M 3 37 270
6 100 80 90 8 0 25 0.00 0.0 0 19.9 33 270 M M 3 8 46 240
7 98 80 89 6 0 24 0.00 0.0 0 14.8 32 270 M M 3 45 270
8 98 75 87 4 0 22 0.00 0.0 0 11.0 22 240 M M 5 29 230
9 101 67 84 1 0 19 0.00 0.0 0 4.6 15 260 M M 5 22 200
10 106 71 89 6 0 24 0.00 0.0 0 6.7 17 270 M M 2 24 220
11 106 69 88 4 0 23 0.00 0.0 0 4.8 15 290 M M 2 21 290
12 109 71 90 6 0 25 0.00 0.0 0 8.6 32 100 M M 3 378 44 110
13 103 77 90 6 0 25 0.00 0.0 0 8.2 20 150 M M 7 27 150
14 103 76 90 6 0 25 0.00 0.0 0 8.1 25 110 M M 2 35 100
15 98 72 85 1 0 20 0.00 0.0 0 11.0 21 120 M M 2 29 130
16 100 73 87 3 0 22 0.00 0.0 0 8.3 23 110 M M 1 32 120
17 98 74 86 2 0 21 0.00 0.0 0 9.6 18 140 M M 1 27 170
18 100 72 86 1 0 21 0.00 0.0 0 5.6 13 170 M M 1 20 160
19 104 72 88 3 0 23 0.00 0.0 0 4.5 14 190 M M 1 19 140
20 109 73 91 6 0 26 0.00 0.0 0 8.0 43 280 M M 4 78 55 300
21 103 79 91 6 0 26 0.00 0.0 0 13.3 22 100 M M 4 32 100
22 100 73 87 2 0 22 0.00 0.0 0 9.2 33 250 M M 3 78 45 290
23 102 81 92 7 0 27 0.00 0.0 0 10.7 26 310 M M 6 35 310
24 102 82 92 7 0 27 0.00 0.0 0 9.2 26 250 M M 4 3 34 310
25 102 80 91 6 0 26 0.00 0.0 0 10.7 28 250 M M 2 37 260
26 101 75 88 3 0 23 0.00 0.0 0 7.5 23 90 M M 2 31 80
27 88 62 75 -10 0 10 1.47 0.0 0 14.9 37 10 M M 6 13 51 10
28 70 62 66 -19 0 1 0.61 0.0 0 11.8 18 20 M M 9 13 24 20
29 71 63 67 -18 0 2 0.12 0.0 0 12.5 18 20 M M 10 1 25 360
30 80 64 72 -13 0 7 0.15 0.0 0 8.9 21 70 M M 9 13 28 70
================================================================================
SM 2909 2142 0 581 2.37 0.0 280.0 M 122
================================================================================
AV 97.0 71.4 9.3 FASTST M M 4 MAX(MPH)
MISC ----> 43 280 55 300
================================================================================
NOTES:
# LAST OF SEVERAL OCCURRENCES
COLUMN 17 PEAK WIND IN M.P.H.
PRELIMINARY LOCAL CLIMATOLOGICAL DATA (WS FORM: F-6) , PAGE 2
STATION: EL PASO
MONTH: JUNE
YEAR: 2021
LATITUDE: 31 47 N
LONGITUDE: 106 24 W
[TEMPERATURE DATA] [PRECIPITATION DATA] SYMBOLS USED IN COLUMN 16
AVERAGE MONTHLY: 84.2 TOTAL FOR MONTH: 2.37 1 = FOG OR MIST
DPTR FM NORMAL: 0.3 DPTR FM NORMAL: 1.64 2 = FOG REDUCING VISIBILITY
HIGHEST: 109 ON 20,12 GRTST 24HR 1.82 ON 27-28 TO 1/4 MILE OR LESS
LOWEST: 62 ON 28,27 3 = THUNDER
SNOW, ICE PELLETS, HAIL 4 = ICE PELLETS
TOTAL MONTH: 0.0 INCH 5 = HAIL
GRTST 24HR 0.0 6 = FREEZING RAIN OR DRIZZLE
GRTST DEPTH: 0 7 = DUSTSTORM OR SANDSTORM:
VSBY 1/2 MILE OR LESS
8 = SMOKE OR HAZE
[NO. OF DAYS WITH] [WEATHER - DAYS WITH] 9 = BLOWING SNOW
X = TORNADO
MAX 32 OR BELOW: 0 0.01 INCH OR MORE: 6
MAX 90 OR ABOVE: 24 0.10 INCH OR MORE: 4
MIN 32 OR BELOW: 0 0.50 INCH OR MORE: 2
MIN 0 OR BELOW: 0 1.00 INCH OR MORE: 1
[HDD (BASE 65) ]
TOTAL THIS MO. 0 CLEAR (SCALE 0-3) 14
DPTR FM NORMAL 0 PTCLDY (SCALE 4-7) 13
TOTAL FM JUL 1 2145 CLOUDY (SCALE 8-10) 3
DPTR FM NORMAL -61
[CDD (BASE 65) ]
TOTAL THIS MO. 581
DPTR FM NORMAL 16 [PRESSURE DATA]
TOTAL FM JAN 1 1089 HIGHEST SLP 30.02 ON 1
DPTR FM NORMAL 62 LOWEST SLP 29.48 ON 20
[REMARKS]
#FINAL-06-21#