000
CXUS56 KLKN 011210
CF6ELY
PRELIMINARY LOCAL CLIMATOLOGICAL DATA (WS FORM: F-6)
STATION: ELY AIRPORT NV
MONTH: AUGUST
YEAR: 2023
LATITUDE: 39 16 N
LONGITUDE: 114 51 W
TEMPERATURE IN F: :PCPN: SNOW: WIND :SUNSHINE: SKY :PK WND
================================================================================
1 2 3 4 5 6A 6B 7 8 9 10 11 12 13 14 15 16 17 18
12Z AVG MX 2MIN
DY MAX MIN AVG DEP HDD CDD WTR SNW DPTH SPD SPD DIR MIN PSBL S-S WX SPD DR
================================================================================
1 81 55 68 -2 0 3 0.48 0.0 0 6.9 26 270 M M 6 13 34 280
2 71 54 63 -7 2 0 0.61 0.0 0 6.8 17 320 M M 7 1 23 320
3 83 50 67 -3 0 2 T 0.0 0 8.1 30 10 M M 3 42 20
4 84 45 65 -5 0 0 0.00 0.0 0 5.3 14 220 M M 0 21 160
5 86 45 66 -4 0 1 0.00 0.0 0 7.4 18 160 M M 0 26 140
6 86 46 66 -3 0 1 0.00 0.0 0 6.6 18 290 M M 1 25 290
7 89 47 68 -1 0 3 0.00 0.0 0 8.2 28 320 M M 1 47 310
8 83 47 65 -4 0 0 0.00 0.0 0 6.7 18 300 M M 0 29 300
9 88 44 66 -3 0 1 0.00 0.0 0 8.5 21 190 M M 0 29 130
10 85 50 68 -1 0 3 0.00 0.0 0 9.6 33 150 M M 1 3 49 150
11 84 49 67 -2 0 2 0.14 0.0 0 9.6 36 20 M M 2 13 51 20
12 83 50 67 -1 0 2 0.01 0.0 0 9.1 28 360 M M 2 3 37 360
13 87 48 68 0 0 3 T 0.0 0 6.2 16 160 M M 2 23 220
14 88 48 68 0 0 3 0.00 0.0 0 6.9 14 150 M M 3 21 150
15 86 51 69 1 0 4 T 0.0 0 6.8 24 160 M M 3 32 150
16 87 58 73 5 0 8 0.12 0.0 0 7.6 31 110 M M 7 3 43 110
17 89 55 72 4 0 7 T 0.0 0 10.3 25 230 M M 4 3 44 250
18 86 48 67 0 0 2 0.00 0.0 0 9.9 21 160 M M 2 29 160
19 77 56 67 0 0 2 0.07 0.0 0 8.5 21 240 M M 6 3 31 260
20 62 56 59 -8 6 0 0.88 0.0 0 11.1 20 180 M M 9 1 30 180
21 69 50 60 -7 5 0 0.28 0.0 0 19.5 38 150 M M 5 18 54 150
22 75 49 62 -4 3 0 0.00 0.0 0 10.6 26 160 M M 2 35 170
23 81 44 63 -3 2 0 0.00 0.0 0 8.4 17 160 M M 2 24 160
24 81 51 66 0 0 1 0.09 0.0 0 6.4 22 260 M M 2 3 27 250
25 83 53 68 2 0 3 0.00 0.0 0 8.7 17 210 M M 2 26 250
26 85 51 68 3 0 3 0.00 0.0 0 9.2 20 180 M M 3 25 160
27 84 46 65 0 0 0 0.00 0.0 0 8.9 18 190 M M 0 8 28 200
28 87 43 65 0 0 0 0.00 0.0 0 8.6 18 180 M M 0 26 180
29 89 45 67 2 0 2 0.00 0.0 0 12.6 30 180 M M 0 42 160
30 88 43 66 2 0 1 0.00 0.0 0 7.9 20 220 M M 0 28 190
31 88 38 63 -1 2 0 0.00 0.0 0 14.9 32 190 M M 0 46 200
================================================================================
SM 2575 1515 20 57 2.68 0.0 275.8 M 75
================================================================================
AV 83.1 48.9 8.9 FASTST M M 2 MAX(MPH)
MISC ----> 38 150 54 150
================================================================================
NOTES:
# LAST OF SEVERAL OCCURRENCES
COLUMN 17 PEAK WIND IN M.P.H.
PRELIMINARY LOCAL CLIMATOLOGICAL DATA (WS FORM: F-6) , PAGE 2
STATION: ELY AIRPORT NV
MONTH: AUGUST
YEAR: 2023
LATITUDE: 39 16 N
LONGITUDE: 114 51 W
[TEMPERATURE DATA] [PRECIPITATION DATA] SYMBOLS USED IN COLUMN 16
AVERAGE MONTHLY: 66.0 TOTAL FOR MONTH: 2.68 1 = FOG OR MIST
DPTR FM NORMAL: -1.5 DPTR FM NORMAL: 1.89 2 = FOG REDUCING VISIBILITY
HIGHEST: 89 ON 29,17 GRTST 24HR 0.89 ON 19-20 TO 1/4 MILE OR LESS
LOWEST: 38 ON 31 3 = THUNDER
SNOW, ICE PELLETS, HAIL 4 = ICE PELLETS
TOTAL MONTH: 0.0 INCH 5 = HAIL
GRTST 24HR 0.0 6 = FREEZING RAIN OR DRIZZLE
GRTST DEPTH: 0 7 = DUSTSTORM OR SANDSTORM:
VSBY 1/2 MILE OR LESS
8 = SMOKE OR HAZE
[NO. OF DAYS WITH] [WEATHER - DAYS WITH] 9 = BLOWING SNOW
X = TORNADO
MAX 32 OR BELOW: 0 0.01 INCH OR MORE: 9
MAX 90 OR ABOVE: 0 0.10 INCH OR MORE: 6
MIN 32 OR BELOW: 0 0.50 INCH OR MORE: 2
MIN 0 OR BELOW: 0 1.00 INCH OR MORE: 0
[HDD (BASE 65) ]
TOTAL THIS MO. 20 CLEAR (SCALE 0-3) 22
DPTR FM NORMAL -8 PTCLDY (SCALE 4-7) 8
TOTAL FM JUL 1 20 CLOUDY (SCALE 8-10) 1
DPTR FM NORMAL -19
[CDD (BASE 65) ]
TOTAL THIS MO. 57
DPTR FM NORMAL -47 [PRESSURE DATA]
TOTAL FM JAN 1 263 HIGHEST SLP 30.13 ON 28
DPTR FM NORMAL -25 LOWEST SLP 29.59 ON 31
[REMARKS]
#FINAL-08-23#