000
CXUS55 KLKN 021800
CLMELY
CLIMATE REPORT
NATIONAL WEATHER SERVICE ELKO, NV
1100 AM PDT SAT SEP 02 2023
...................................
...THE ELY AIRPORT NV CLIMATE SUMMARY FOR THE MONTH OF AUGUST 2023...
CLIMATE NORMAL PERIOD 1991 TO 2020
CLIMATE RECORD PERIOD 1893 TO 2023
WEATHER OBSERVED NORMAL DEPART LAST YEAR`S
VALUE DATE(S) VALUE FROM VALUE DATE(S)
NORMAL
................................................................
TEMPERATURE (F)
RECORD
HIGH 98 08/17/2020
08/02/2020
08/04/1978
LOW 24 08/23/1960
HIGHEST 89 08/07 93 -4 93 08/31
08/17
08/29
LOWEST 38 08/31 36 2 46 08/28
AVG. MAXIMUM 83.1 87.3 -4.2 86.2
AVG. MINIMUM 48.9 47.6 1.3 51.7
MEAN 66.0 67.5 -1.5 68.9
DAYS MAX >= 90 0 9.5 -9.5 5
DAYS MAX <= 32 0 0.0 0.0 0
DAYS MIN <= 32 0 0.4 -0.4 0
DAYS MIN <= 0 0 0.0 0.0 0
PRECIPITATION (INCHES)
RECORD
MAXIMUM 3.00 1906
MINIMUM 0.00 1911
TOTALS 2.68 0.79 1.89 2.04
DAILY AVG. 0.09 0.03 0.06 0.07
DAYS >= .01 9 5.8 3.2 9
DAYS >= .10 6 2.0 4.0 6
DAYS >= .50 2 0.4 1.6 1
DAYS >= 1.00 0 0.1 -0.1 0
GREATEST
24 HR. TOTAL 0.89 08/19 TO 08/20 0.62
SNOWFALL (INCHES)
RECORDS
TOTAL T 1993
TOTALS 0.0 0.0 0.0 0.0
SINCE 7/1 0.0 0.0 0.0 MM
SNOWDEPTH AVG. 0 0
DAYS >= TRACE 0 0.0 0.0 0
DAYS >= 1.0 0 0.0 0.0 0
DAYS >= 1.0 0 0
GREATEST
SNOW DEPTH 0 0
24 HR TOTAL MM MM
DEGREE DAYS
HEATING TOTAL 20 28 -8 2
SINCE 7/1 20 39 -19 MM
COOLING TOTAL 57 104 -47 134
SINCE 1/1 263 288 -25 MM
................................................................
WIND (MPH)
AVERAGE WIND SPEED 8.9
HIGHEST WIND SPEED/DIRECTION 38/150 DATE 08/21
HIGHEST GUST SPEED/DIRECTION 54/150 DATE 08/21
AVERAGE RH (PERCENT) 54
WEATHER CONDITIONS. NUMBER OF DAYS WITH
THUNDERSTORM 8 MIXED PRECIP 0
HEAVY RAIN 4 RAIN 7
LIGHT RAIN 11 FREEZING RAIN 0
LT FREEZING RAIN 0 HAIL 0
HEAVY SNOW 0 SNOW 0
LIGHT SNOW 0 SLEET 0
FOG 5 FOG W/VIS <= 1/4 MILE 0
HAZE 2
- INDICATES NEGATIVE NUMBERS.
R INDICATES RECORD WAS SET OR TIED.
MM INDICATES DATA IS MISSING.
T INDICATES TRACE AMOUNT.
======================================================================
...AUGUST 2023 IN ELY WAS COLDER AND WETTER THAN NORMAL...
...4TH WETTEST AUGUST ON RECORD FOR ELY...
$$