000
CXUS53 KTOP 010810
CF6EMP
PRELIMINARY LOCAL CLIMATOLOGICAL DATA (WS FORM: F-6)
STATION: EMPORIA KS
MONTH: MARCH
YEAR: 2022
LATITUDE: 38 19 N
LONGITUDE: 96 12 W
TEMPERATURE IN F: :PCPN: SNOW: WIND :SUNSHINE: SKY :PK WND
================================================================================
1 2 3 4 5 6A 6B 7 8 9 10 11 12 13 14 15 16 17 18
12Z AVG MX 2MIN
DY MAX MIN AVG DEP HDD CDD WTR SNW DPTH SPD SPD DIR MIN PSBL S-S WX SPD DR
================================================================================
1 79 43 61 21 4 0 0.00 M M 8.1 17 270 M M 0 22 270
2 86 36 61 21 4 0 0.00 M M 7.6 20 280 M M 0 26 270
3 68 37 53 12 12 0 0.00 M M 9.2 16 80 M M 0 8 21 70
4 70 37 54 13 11 0 0.00 M M 14.2 28 160 M M 0 18 38 170
5 80 34 57 15 8 0 0.00 M M 23.3 39 210 M M 3 8 52 210
6 42 25 34 -8 31 0 0.50 M M 11.5 22 10 M M 5 136 30 10
7 36 22 29 -13 36 0 T M M 10.4 24 320 M M 5 18 35 330
8 47 19 33 -10 32 0 0.00 M M 4.6 14 320 M M 2 19 330
9 44 28 36 -7 29 0 0.00 M M 9.5 22 20 M M 6 1 28 20
10 28 21 25 -18 40 0 0.06 M M 12.7 22 20 M M 10 18 29 20
11 36 20 28 -16 37 0 0.00 M M 9.2 20 340 M M 2 8 27 350
12 48 12 30 -14 35 0 0.00 M M 11.6 23 200 M M 1 33 190
13 71 38 55 11 10 0 0.00 M M 17.3 28 190 M M 0 39 200
14 59 42 51 6 14 0 0.00 M M 11.2 24 170 M M 5 1 36 190
15 65 33 49 4 16 0 0.00 M M 5.9 12 330 M M 1 18 16 340
16 78 35 57 11 8 0 0.00 M M 13.7 29 180 M M 0 8 39 160
17 75 43 59 13 6 0 0.02 M M 14.0 29 20 M M 3 43 20
18 47 34 41 -5 24 0 0.51 M M 16.1 30 340 M M 8 1 46 10
19 68 33 51 4 14 0 0.00 M M 4.6 12 140 M M 0 16 150
20 78 40 59 12 6 0 0.00 M M 14.4 29 190 M M 0 37 210
21 60 49 55 7 10 0 1.06 M M 13.3 23 140 M M 7 138 35 140
22 51 39 45 -3 20 0 0.46 M M 14.3 30 340 M M 10 128 45 340
23 41 36 39 -9 26 0 T M M 17.3 25 330 M M 10 8 37 330
24 45 32 39 -9 26 0 0.00 M M 9.1 17 290 M M 8 22 320
25 57 31 44 -5 21 0 T M M 9.6 22 360 M M 4 32 10
26 61 32 47 -2 18 0 0.00 M M 6.5 14 40 M M 0 21 30
27 55 34 45 -5 20 0 0.00 M M 11.8 20 80 M M 1 8 27 80
28 64 32 48 -2 17 0 0.00 M M 12.0 22 110 M M 0 31 110
29 84 47 66 16 0 1 1.17 M M 17.3 36 190 M M 2 123 53 250
30 59 38 49 -1 16 0 T M M 16.7 30 320 M M 9 42 330
31 50 31 41 -10 24 0 0.04 M M 10.6 21 330 M M 6 128 28 340
================================================================================
SM 1832 1033 575 1 3.82 M 367.6 M 108
================================================================================
AV 59.1 33.3 11.9 FASTST M M 3 MAX(MPH)
MISC ----> 39 210 53 250
================================================================================
NOTES:
# LAST OF SEVERAL OCCURRENCES
COLUMN 17 PEAK WIND IN M.P.H.
PRELIMINARY LOCAL CLIMATOLOGICAL DATA (WS FORM: F-6) , PAGE 2
STATION: EMPORIA KS
MONTH: MARCH
YEAR: 2022
LATITUDE: 38 19 N
LONGITUDE: 96 12 W
[TEMPERATURE DATA] [PRECIPITATION DATA] SYMBOLS USED IN COLUMN 16
AVERAGE MONTHLY: 46.2 TOTAL FOR MONTH: 3.82 1 = FOG OR MIST
DPTR FM NORMAL: 0.6 DPTR FM NORMAL: 1.70 2 = FOG REDUCING VISIBILITY
HIGHEST: 86 ON 2 GRTST 24HR 1.19 ON 21-22 TO 1/4 MILE OR LESS
LOWEST: 12 ON 12 3 = THUNDER
SNOW, ICE PELLETS, HAIL 4 = ICE PELLETS
TOTAL MONTH: M 5 = HAIL
GRTST 24HR M ON M 6 = FREEZING RAIN OR DRIZZLE
GRTST DEPTH: M ON M 7 = DUSTSTORM OR SANDSTORM:
VSBY 1/2 MILE OR LESS
8 = SMOKE OR HAZE
[NO. OF DAYS WITH] [WEATHER - DAYS WITH] 9 = BLOWING SNOW
X = TORNADO
MAX 32 OR BELOW: 1 0.01 INCH OR MORE: 8
MAX 90 OR ABOVE: 0 0.10 INCH OR MORE: 5
MIN 32 OR BELOW: 12 0.50 INCH OR MORE: 4
MIN 0 OR BELOW: 0 1.00 INCH OR MORE: 2
[HDD (BASE 65) ]
TOTAL THIS MO. 575 CLEAR (SCALE 0-3) 18
DPTR FM NORMAL -32 PTCLDY (SCALE 4-7) 9
TOTAL FM JUL 1 3734 CLOUDY (SCALE 8-10) 4
DPTR FM NORMAL -647
[CDD (BASE 65) ]
TOTAL THIS MO. 1
DPTR FM NORMAL -3 [PRESSURE DATA]
TOTAL FM JAN 1 1 HIGHEST SLP M ON M
DPTR FM NORMAL -3 LOWEST SLP 29.22 ON 29
[REMARKS]
#FINAL-03-22#