000
CXUS56 KOTX 010910
CF6EPH
PRELIMINARY LOCAL CLIMATOLOGICAL DATA (WS FORM: F-6)
STATION: EPHRATA WA AIRPORT
MONTH: APRIL
YEAR: 2022
LATITUDE: 47 18 N
LONGITUDE: 119 31 W
TEMPERATURE IN F: :PCPN: SNOW: WIND :SUNSHINE: SKY :PK WND
================================================================================
1 2 3 4 5 6A 6B 7 8 9 10 11 12 13 14 15 16 17 18
12Z AVG MX 2MIN
DY MAX MIN AVG DEP HDD CDD WTR SNW DPTH SPD SPD DIR MIN PSBL S-S WX SPD DR
================================================================================
1 57 28 43 -4 22 0 0.00 M M 4.5 15 300 M M 3 18 150
2 61 39 50 3 15 0 0.00 M M 12.6 32 290 M M 1 40 290
3 61 34 48 1 17 0 T M M 10.3 24 200 M M 4 30 200
4 55 36 46 -2 19 0 0.01 M M 24.6 44 250 M M 3 8 55 260
5 57 26 42 -6 23 0 0.00 M M 14.1 28 280 M M 0 35 280
6 57 30 44 -4 21 0 0.00 M M 4.7 20 310 M M 0 26 310
7 67 35 51 3 14 0 0.00 M M 6.9 13 40 M M 0 16 50
8 64 33 49 1 16 0 0.00 M M 13.2 33 250 M M 0 40 270
9 55 31 43 -6 22 0 0.00 M M 14.8 29 270 M M 1 34 280
10 49 28 39 -10 26 0 T M M 7.3 22 290 M M 4 26 280
11 42 31 37 -12 28 0 0.01 M M 14.4 36 30 M M 9 1 44 30
12 42 27 35 -15 30 0 T M M 5.9 16 80 M M 8 20 70
13 49 33 41 -9 24 0 0.04 M M 13.4 25 60 M M 10 1 32 70
14 41 24 33 -17 32 0 0.01 M M 7.3 17 90 M M 7 1 21 50
15 48 19 34 -16 31 0 T M M 4.9 13 170 M M 3 18 130
16 46 25 36 -15 29 0 0.00 M M 10.9 25 220 M M 5 29 220
17 54 26 40 -11 25 0 0.00 M M 6.7 18 190 M M 1 24 210
18 57 39 48 -3 17 0 0.01 M M 8.1 23 240 M M 9 29 240
19 59 25 42 -10 23 0 T M M 9.7 31 260 M M 2 37 260
20 56 25 41 -11 24 0 0.12 M M 7.3 20 160 M M 4 1 24 160
21 61 38 50 -2 15 0 0.03 M M 7.2 22 180 M M 6 1 29 180
22 63 32 48 -5 17 0 0.00 M M 8.7 29 220 M M 0 35 230
23 65 38 52 -1 13 0 0.00 M M 8.3 21 300 M M 0 26 290
24 67 33 50 -3 15 0 0.00 M M 6.3 16 170 M M 0 20 180
25 64 42 53 -1 12 0 0.00 M M 9.2 18 180 M M 2 22 190
26 63 39 51 -3 14 0 0.00 M M 11.3 26 240 M M 2 32 250
27 58 31 45 -9 20 0 0.00 M M 4.6 9 200 M M 1 21 200
28 58 35 47 -8 18 0 0.00 M M M M M M M M M M
29 63 44 54 -1 11 0 0.00 M M 7.1 18 170 M M 1 22 170
30 56 44 50 -6 15 0 0.13 M M 9.0 18 360 M M 9 1 21 20
================================================================================
SM 1695 970 608 0 0.36 M 273.3 M 95
================================================================================
AV 56.5 32.3 9.4 FASTST M M 3 MAX(MPH)
MISC ----> 44 250 55 260
================================================================================
NOTES:
# LAST OF SEVERAL OCCURRENCES
COLUMN 17 PEAK WIND IN M.P.H.
PRELIMINARY LOCAL CLIMATOLOGICAL DATA (WS FORM: F-6) , PAGE 2
STATION: EPHRATA WA AIRPORT
MONTH: APRIL
YEAR: 2022
LATITUDE: 47 18 N
LONGITUDE: 119 31 W
[TEMPERATURE DATA] [PRECIPITATION DATA] SYMBOLS USED IN COLUMN 16
AVERAGE MONTHLY: 44.4 TOTAL FOR MONTH: 0.36 1 = FOG OR MIST
DPTR FM NORMAL: -6.4 DPTR FM NORMAL: -0.22 2 = FOG REDUCING VISIBILITY
HIGHEST: 67 ON 24, 7 GRTST 24HR 0.15 ON 20-21 TO 1/4 MILE OR LESS
LOWEST: 19 ON 15 3 = THUNDER
SNOW, ICE PELLETS, HAIL 4 = ICE PELLETS
TOTAL MONTH: M 5 = HAIL
GRTST 24HR M ON M 6 = FREEZING RAIN OR DRIZZLE
GRTST DEPTH: M ON M 7 = DUSTSTORM OR SANDSTORM:
VSBY 1/2 MILE OR LESS
8 = SMOKE OR HAZE
[NO. OF DAYS WITH] [WEATHER - DAYS WITH] 9 = BLOWING SNOW
X = TORNADO
MAX 32 OR BELOW: 0 0.01 INCH OR MORE: 8
MAX 90 OR ABOVE: 0 0.10 INCH OR MORE: 2
MIN 32 OR BELOW: 15 0.50 INCH OR MORE: 0
MIN 0 OR BELOW: 0 1.00 INCH OR MORE: 0
[HDD (BASE 65) ]
TOTAL THIS MO. 608 CLEAR (SCALE 0-3) 18
DPTR FM NORMAL 180 PTCLDY (SCALE 4-7) 7
TOTAL FM JUL 1 5761 CLOUDY (SCALE 8-10) 5
DPTR FM NORMAL 241
[CDD (BASE 65) ]
TOTAL THIS MO. 0
DPTR FM NORMAL -2 [PRESSURE DATA]
TOTAL FM JAN 1 0 HIGHEST SLP M ON M
DPTR FM NORMAL -2 LOWEST SLP 29.35 ON 4
[REMARKS]
#FINAL-04-22#