000
CXUS54 KEWX 011110
CF6ERV
PRELIMINARY LOCAL CLIMATOLOGICAL DATA (WS FORM: F-6)
STATION: KERRVILLE
MONTH: NOVEMBER
YEAR: 2021
LATITUDE: 29 58 N
LONGITUDE: 99 5 W
TEMPERATURE IN F: :PCPN: SNOW: WIND :SUNSHINE: SKY :PK WND
================================================================================
1 2 3 4 5 6A 6B 7 8 9 10 11 12 13 14 15 16 17 18
12Z AVG MX 2MIN
DY MAX MIN AVG DEP HDD CDD WTR SNW DPTH SPD SPD DIR MIN PSBL S-S WX SPD DR
================================================================================
1 78 51 65 M 0 0 M M M 3.4 13 150 M M 2 16 180
2 76 56 66 M 0 1 M M M 3.7 13 160 M M 8 20 160
3 66 49 58 M 7 0 1.81 M M 6.8 13 10 M M 10 3 25 340
4 51 43 47 M 18 0 M M M 7.5 14 360 M M 10 20 10
5 63 43 53 M 12 0 M M M 2.3 6 150 M M 5 M M
6 72 36 54 M 11 0 M M M 1.6 7 140 M M 3 12 M M
7 73 36 55 M 10 0 M M M 4.1 12 180 M M 0 1 M M
8 76 51 64 M 1 0 M M M 6.4 15 170 M M 5 21 200
9 72 57 65 M 0 0 M M M 6.0 13 170 M M 9 17 200
10 79 56 68 M 0 3 M M M 8.7 20 180 M M 6 28 170
11 73 42 58 M 7 0 M M M 5.1 16 330 M M 0 17 60
12 78 36 57 M 8 0 M M M 3.3 15 10 M M 0 22 210
13 72 33 53 M 12 0 M M M 3.6 10 210 M M 0 M M
14 78 41 60 M 5 0 M M M 3.1 9 190 M M 0 17 180
15 76 45 61 M 4 0 M M M 4.6 15 170 M M 3 1 21 170
16 79 61 70 M 0 5 M M M 9.4 14 170 M M 5 1 21 190
17 79 57 68 M 0 3 M M M 8.7 14 190 M M 4 22 170
18 59 49 54 M 11 0 M M M 12.0 21 360 M M 7 28 360
19 67 46 57 M 8 0 M M M 2.4 8 170 M M 4 M M
20 69 41 55 M 10 0 M M M 6.2 15 190 M M 5 21 180
21 77 56 67 M 0 2 M M M 8.8 21 350 M M 9 25 350
22 67 38 53 M 12 0 M M M 5.5 13 350 M M 1 17 350
23 69 31 50 M 15 0 M M M 5.2 14 150 M M 0 21 150
24 72 56 64 M 1 0 M M M 9.0 16 180 M M 8 23 160
25 61 48 55 M 10 0 M M M 10.4 24 350 M M 3 1 29 350
26 56 40 48 M 17 0 M M M 2.8 6 340 M M 0 M M
27 51 40 46 M 19 0 0.15 M M 2.7 7 140 M M 9 1 M M
28 69 38 54 M 11 0 M M M 5.2 14 350 M M 2 12 18 350
29 72 32 52 M 13 0 M M M 3.2 9 170 M M 0 M M
30 72 36 54 M 11 0 M M M 3.7 14 170 M M 0 M M
================================================================================
SM 2102 1344 233 14 1.96 M 165.2 M 118
================================================================================
AV 70.1 44.8 5.5 FASTST M M 4 MAX(MPH)
MISC ----> 24 350 29 350
================================================================================
NOTES:
# LAST OF SEVERAL OCCURRENCES
COLUMN 17 PEAK WIND IN M.P.H.
PRELIMINARY LOCAL CLIMATOLOGICAL DATA (WS FORM: F-6) , PAGE 2
STATION: KERRVILLE
MONTH: NOVEMBER
YEAR: 2021
LATITUDE: 29 58 N
LONGITUDE: 99 5 W
[TEMPERATURE DATA] [PRECIPITATION DATA] SYMBOLS USED IN COLUMN 16
AVERAGE MONTHLY: 57.4 TOTAL FOR MONTH: 1.96 1 = FOG OR MIST
DPTR FM NORMAL: 0.0 DPTR FM NORMAL: M 2 = FOG REDUCING VISIBILITY
HIGHEST: 79 ON 17,16 GRTST 24HR 1.81 ON 3- 3 TO 1/4 MILE OR LESS
LOWEST: 31 ON 23 3 = THUNDER
SNOW, ICE PELLETS, HAIL 4 = ICE PELLETS
TOTAL MONTH: M 5 = HAIL
GRTST 24HR M ON M 6 = FREEZING RAIN OR DRIZZLE
GRTST DEPTH: M ON M 7 = DUSTSTORM OR SANDSTORM:
VSBY 1/2 MILE OR LESS
8 = SMOKE OR HAZE
[NO. OF DAYS WITH] [WEATHER - DAYS WITH] 9 = BLOWING SNOW
X = TORNADO
MAX 32 OR BELOW: 0 0.01 INCH OR MORE: 2
MAX 90 OR ABOVE: 0 0.10 INCH OR MORE: 2
MIN 32 OR BELOW: 2 0.50 INCH OR MORE: 1
MIN 0 OR BELOW: 0 1.00 INCH OR MORE: 1
[HDD (BASE 65) ]
TOTAL THIS MO. 233 CLEAR (SCALE 0-3) 13
DPTR FM NORMAL M PTCLDY (SCALE 4-7) 11
TOTAL FM JUL 1 284 CLOUDY (SCALE 8-10) 6
DPTR FM NORMAL M
[CDD (BASE 65) ]
TOTAL THIS MO. 14
DPTR FM NORMAL M [PRESSURE DATA]
TOTAL FM JAN 1 2374 HIGHEST SLP M ON M
DPTR FM NORMAL M LOWEST SLP M ON M
[REMARKS]
#FINAL-11-21#