000
CXUS54 KEWX 011010
CF6ERV
PRELIMINARY LOCAL CLIMATOLOGICAL DATA (WS FORM: F-6)
STATION: KERRVILLE
MONTH: SEPTEMBER
YEAR: 2020
LATITUDE: 29 58 N
LONGITUDE: 99 5 W
TEMPERATURE IN F: :PCPN: SNOW: WIND :SUNSHINE: SKY :PK WND
================================================================================
1 2 3 4 5 6A 6B 7 8 9 10 11 12 13 14 15 16 17 18
12Z AVG MX 2MIN
DY MAX MIN AVG DEP HDD CDD WTR SNW DPTH SPD SPD DIR MIN PSBL S-S WX SPD DR
================================================================================
1 92 79 86 M 0 21 0.00 M M 9.6 16 160 M M 7 22 160
2 92 76 84 M 0 19 0.00 M M 7.9 14 160 M M 3 3 18 160
3 97 69 83 M 0 18 0.25 M M 5.7 14 170 M M 5 3 32 10
4 84 67 76 M 0 11 0.02 M M 4.3 17 90 M M 4 13 23 90
5 86 70 78 M 0 13 0.07 M M 2.8 12 120 M M 8 M M
6 92 67 80 M 0 15 0.00 M M 2.6 9 130 M M 3 M M
7 92 64 78 M 0 13 0.00 M M 5.6 16 180 M M 0 18 180
8 92 72 82 M 0 17 0.00 M M 11.7 17 140 M M 5 3 25 140
9 79 54 67 M 0 2 0.39 M M 11.7 18 320 M M 9 3 22 160
10 64 54 59 M 6 0 0.06 M M 9.3 14 340 M M 10 M M
11 82 56 69 M 0 4 0.00 M M 5.4 9 360 M M 8 M M
12 91 63 77 M 0 12 0.00 M M 1.5 8 120 M M 3 M M
13 92 69 81 M 0 16 0.00 M M 5.6 13 80 M M 5 18 50
14 89 69 79 M 0 14 0.00 M M 6.7 12 40 M M 3 20 40
15 91 64 78 M 0 13 0.00 M M 4.6 8 20 M M 3 M M
16 89 65 77 M 0 12 0.01 M M 2.9 10 330 M M 3 M M
17 87 64 76 M 0 11 0.00 M M 4.7 15 40 M M 3 1 22 40
18 86 63 75 M 0 10 0.00 M M 6.3 14 60 M M 2 18 40
19 82 59 71 M 0 6 0.00 M M 5.8 13 10 M M 1 20 10
20 84 54 69 M 0 4 0.00 M M 5.8 13 30 M M 1 1 22 30
21 79 66 73 M 0 8 0.02 M M 8.9 18 360 M M 10 1 22 20
22 79 66 73 M 0 8 0.00 M M 9.6 15 350 M M 10 25 20
23 82 63 73 M 0 8 0.00 M M 7.1 12 350 M M 7 17 360
24 87 56 72 M 0 7 0.00 M M 2.5 8 10 M M 3 1 M M
25 87 54 71 M 0 6 0.00 M M 3.1 10 160 M M 2 M M
26 92 63 78 M 0 13 0.00 M M 8.6 15 190 M M 6 1 21 190
27 97 74 86 M 0 21 0.00 M M 11.9 17 180 M M 5 22 180
28 79 56 68 M 0 3 0.00 M M 12.8 21 30 M M 8 32 360
29 82 43 63 M 2 0 0.00 M M 3.9 13 290 M M 0 18 310
30 89 41 65 M 0 0 0.00 M M 3.2 10 160 M M 0 M M
================================================================================
SM 2596 1880 8 305 0.82 M 192.1 M 137
================================================================================
AV 86.5 62.7 6.4 FASTST M M 5 MAX(MPH)
MISC ----> # 21 30 # 32 10
================================================================================
NOTES:
# LAST OF SEVERAL OCCURRENCES
COLUMN 17 PEAK WIND IN M.P.H.
PRELIMINARY LOCAL CLIMATOLOGICAL DATA (WS FORM: F-6) , PAGE 2
STATION: KERRVILLE
MONTH: SEPTEMBER
YEAR: 2020
LATITUDE: 29 58 N
LONGITUDE: 99 5 W
[TEMPERATURE DATA] [PRECIPITATION DATA] SYMBOLS USED IN COLUMN 16
AVERAGE MONTHLY: 74.6 TOTAL FOR MONTH: 0.82 1 = FOG OR MIST
DPTR FM NORMAL: M DPTR FM NORMAL: M 2 = FOG REDUCING VISIBILITY
HIGHEST: 97 ON 27, 3 GRTST 24HR 0.39 ON 9- 9 TO 1/4 MILE OR LESS
LOWEST: 41 ON 30 3 = THUNDER
SNOW, ICE PELLETS, HAIL 4 = ICE PELLETS
TOTAL MONTH: M 5 = HAIL
GRTST 24HR M ON M 6 = FREEZING RAIN OR DRIZZLE
GRTST DEPTH: M ON M 7 = DUSTSTORM OR SANDSTORM:
VSBY 1/2 MILE OR LESS
8 = SMOKE OR HAZE
[NO. OF DAYS WITH] [WEATHER - DAYS WITH] 9 = BLOWING SNOW
X = TORNADO
MAX 32 OR BELOW: 0 0.01 INCH OR MORE: 7
MAX 90 OR ABOVE: 11 0.10 INCH OR MORE: 2
MIN 32 OR BELOW: 0 0.50 INCH OR MORE: 0
MIN 0 OR BELOW: 0 1.00 INCH OR MORE: 0
[HDD (BASE 65) ]
TOTAL THIS MO. 8 CLEAR (SCALE 0-3) 14
DPTR FM NORMAL M PTCLDY (SCALE 4-7) 11
TOTAL FM JUL 1 8 CLOUDY (SCALE 8-10) 5
DPTR FM NORMAL M
[CDD (BASE 65) ]
TOTAL THIS MO. 305
DPTR FM NORMAL M [PRESSURE DATA]
TOTAL FM JAN 1 2458 HIGHEST SLP M ON M
DPTR FM NORMAL M LOWEST SLP M ON M
[REMARKS]
#FINAL-09-20#