000
CXUS53 KDMX 020241
CF6EST
PRELIMINARY LOCAL CLIMATOLOGICAL DATA (WS FORM: F-6)
STATION: ESTHERVILLE IA
MONTH: FEBRUARY
YEAR: 2024
LATITUDE: 43 24 N
LONGITUDE: 94 45 W
TEMPERATURE IN F: :PCPN: SNOW: WIND :SUNSHINE: SKY :PK WND
================================================================================
1 2 3 4 5 6A 6B 7 8 9 10 11 12 13 14 15 16 17 18
12Z AVG MX 2MIN
DY MAX MIN AVG DEP HDD CDD WTR SNW DPTH SPD SPD DIR MIN PSBL S-S WX SPD DR
================================================================================
1 52 30 41 26 24 0 0.00 0.0 M 7.6 14 80 M M 2 12 18 60
2 41 28 35 19 30 0 0.00 0.0 M 15.0 23 130 M M 5 1 31 170
3 35 32 34 18 31 0 0.00 0.0 M 14.1 22 130 M M 10 12 28 120
4 47 30 39 23 26 0 0.00 0.0 M 9.2 16 40 M M 4 12 19 40
5 50 24 37 21 28 0 0.00 0.0 M 5.7 10 180 M M 0 12 13 270
6 54 27 41 25 24 0 0.00 0.0 M 11.7 20 200 M M 0 18 27 210
7 54 36 45 28 20 0 0.00 0.0 M 21.4 32 170 M M 1 43 170
8 51 36 44 27 21 0 0.02 0.0 M 22.4 33 240 M M 9 45 200
9 37 32 35 18 30 0 0.00 0.0 M 16.5 25 300 M M 10 38 270
10 39 29 34 17 31 0 0.00 0.0 M 11.6 24 330 M M 9 31 330
11 41 26 34 16 31 0 0.00 0.0 M 8.7 15 250 M M 3 20 320
12 49 20 35 17 30 0 0.00 0.0 M 9.1 18 310 M M 0 24 320
13 43 19 31 13 34 0 0.00 0.0 M 5.1 8 150 M M 3 1 12 320
14 45 25 35 17 30 0 M M M 10.3 25 360 M M 7 16 33 350
15 26 13 20 1 45 0 T M M 12.0 30 350 M M 4 18 38 340
16 23 3 13 -6 52 0 T M M 12.7 23 340 M M 7 18 29 340
17 29 4 17 -3 48 0 0.00 0.0 M 19.9 36 250 M M 0 47 250
18 38 20 29 9 36 0 0.00 0.0 M 9.1 22 290 M M 0 29 290
19 54 19 37 17 28 0 0.00 0.0 M 10.1 22 160 M M 0 29 170
20 55 26 41 20 24 0 0.00 0.0 M 7.9 14 210 M M 2 20 240
21 58 29 44 23 21 0 0.00 0.0 M 4.5 12 330 M M 1 15 330
22 56 30 43 21 22 0 0.00 0.0 M 11.2 23 340 M M 2 1 31 340
23 44 24 34 12 31 0 0.00 0.0 M 14.9 25 320 M M 3 34 340
24 51 14 33 11 32 0 0.00 0.0 M 12.8 25 210 M M 0 37 200
25 54 28 41 18 24 0 0.00 0.0 M 9.1 16 330 M M 3 23 10
26 71 24 48 25 17 0 0.00 0.0 M 12.4 26 240 M M 0 35 230
27 42 6 24 0 41 0 M M M 23.3 41 340 M M 6 1 54 330
28 25 0 13 -11 52 0 0.00 0.0 M 14.8 33 330 M M 0 43 330
29 59 11 35 11 30 0 0.00 0.0 M 17.5 35 200 M M 0 47 210
================================================================================
SM 1323 645 893 0 0.02 0.0 360.6 M 91
================================================================================
AV 45.6 22.2 12.4 FASTST M M 3 MAX(MPH)
MISC ----> 41 340 54 330
================================================================================
NOTES:
# LAST OF SEVERAL OCCURRENCES
COLUMN 17 PEAK WIND IN M.P.H.
PRELIMINARY LOCAL CLIMATOLOGICAL DATA (WS FORM: F-6) , PAGE 2
STATION: ESTHERVILLE IA
MONTH: FEBRUARY
YEAR: 2024
LATITUDE: 43 24 N
LONGITUDE: 94 45 W
[TEMPERATURE DATA] [PRECIPITATION DATA] SYMBOLS USED IN COLUMN 16
AVERAGE MONTHLY: 33.9 TOTAL FOR MONTH: 0.02 1 = FOG OR MIST
DPTR FM NORMAL: 14.8 DPTR FM NORMAL: -0.44 2 = FOG REDUCING VISIBILITY
HIGHEST: 71 ON 26 GRTST 24HR 0.08 ON 14-14 TO 1/4 MILE OR LESS
LOWEST: 0 ON 28 3 = THUNDER
SNOW, ICE PELLETS, HAIL 4 = ICE PELLETS
TOTAL MONTH: 0.0 INCH 5 = HAIL
GRTST 24HR 0.0 6 = FREEZING RAIN OR DRIZZLE
GRTST DEPTH: M ON M 7 = DUSTSTORM OR SANDSTORM:
VSBY 1/2 MILE OR LESS
8 = SMOKE OR HAZE
[NO. OF DAYS WITH] [WEATHER - DAYS WITH] 9 = BLOWING SNOW
X = TORNADO
MAX 32 OR BELOW: 4 0.01 INCH OR MORE: 1
MAX 90 OR ABOVE: 0 0.10 INCH OR MORE: 0
MIN 32 OR BELOW: 27 0.50 INCH OR MORE: 0
MIN 0 OR BELOW: 1 1.00 INCH OR MORE: 0
[HDD (BASE 65) ]
TOTAL THIS MO. 893 CLEAR (SCALE 0-3) 17
DPTR FM NORMAL -392 PTCLDY (SCALE 4-7) 8
TOTAL FM JUL 1 4711 CLOUDY (SCALE 8-10) 4
DPTR FM NORMAL -1348
[CDD (BASE 65) ]
TOTAL THIS MO. 0
DPTR FM NORMAL 0 [PRESSURE DATA]
TOTAL FM JAN 1 0 HIGHEST SLP 30.41 ON 16
DPTR FM NORMAL 0 LOWEST SLP 29.24 ON 27
[REMARKS]
#FINAL-02-24#