000
CXUS56 KPQR 011941
CLAEUG
CLIMATE REPORT
NATIONAL WEATHER SERVICE PORTLAND OREGON
1141 AM PST SUN JAN 01 2023
...................................
...THE EUGENE OR CLIMATE SUMMARY FOR THE YEAR OF 2022...
CLIMATE NORMAL PERIOD 1991 TO 2020
CLIMATE RECORD PERIOD 1892 TO 2022
WEATHER OBSERVED NORMAL DEPART LAST YEAR`S
VALUE DATE(S) VALUE FROM VALUE DATE(S)
NORMAL
................................................................
TEMPERATURE (F)
HIGHEST 102 111 06/27
LOWEST 18 22 12/27
AVG. MAXIMUM 65.1 64.3 0.8 66.5
AVG. MINIMUM 42.6 41.9 0.7 43.6
MEAN 53.8 53.1 0.7 55.0
DAYS MAX >= 90 34 18.0 16.0 42
DAYS MAX <= 32 1 2.1 -1.1 0
DAYS MIN <= 32 58 51.8 6.2 40
DAYS MIN <= 0 0 0.1 -0.1 0
PRECIPITATION (INCHES)
RECORD
MAXIMUM 65.56 1995
MINIMUM 21.19 2013
TOTALS 31.28 40.83 -9.55 36.10
DAYS >= .01 123 145.7 -22.7 136
DAYS >= .10 72 89.8 -17.8 76
DAYS >= .50 20 25.6 -5.6 21
DAYS >= 1.00 4 7.3 -3.3 8
GREATEST
24 HR. TOTAL 2.13
DEGREE DAYS
HEATING TOTAL 4462 4616 -154 4123
SINCE 7/1 1714 1856 -142 MM
COOLING TOTAL 514 293 221 601
SINCE 1/1 514 293 221 MM
................................................................
WIND (MPH)
AVERAGE WIND SPEED 6.3
RESULTANT WIND SPEED/DIRECTION 1/220
HIGHEST WIND SPEED/DIRECTION 38/250 DATE 03/12
HIGHEST GUST SPEED/DIRECTION 53/240 DATE 03/12
SKY COVER
POSSIBLE SUNSHINE (PERCENT) MM
AVERAGE SKY COVER 0.60
NUMBER OF DAYS FAIR 77
NUMBER OF DAYS PC 124
NUMBER OF DAYS CLOUDY 102
AVERAGE RH (PERCENT) 74
WEATHER CONDITIONS. NUMBER OF DAYS WITH
THUNDERSTORM 1 MIXED PRECIP 1
HEAVY RAIN 9 RAIN 44
LIGHT RAIN 138 FREEZING RAIN 0
LT FREEZING RAIN 2 HAIL 3
HEAVY SNOW 0 SNOW 1
LIGHT SNOW 9 SLEET 1
FOG 213 FOG W/VIS <= 1/4 MILE 65
HAZE 45
- INDICATES NEGATIVE NUMBERS.
R INDICATES RECORD WAS SET OR TIED.
MM INDICATES DATA IS MISSING.
T INDICATES TRACE AMOUNT.
$$