000
CXAK56 PAFG 011001
CF6FAI
PRELIMINARY LOCAL CLIMATOLOGICAL DATA (WS FORM: F-6)
STATION: FAIRBANKS AK
MONTH: AUGUST
YEAR: 2022
LATITUDE: 64 49 N
LONGITUDE: 147 52 W
TEMPERATURE IN F: :PCPN: SNOW: WIND :SUNSHINE: SKY :PK WND
================================================================================
1 2 3 4 5 6A 6B 7 8 9 10 11 12 13 14 15 16 17 18
12Z AVG MX 2MIN
DY MAX MIN AVG DEP HDD CDD WTR SNW DPTH SPD SPD DIR MIN PSBL S-S WX SPD DR
================================================================================
1 75 51 63 2 2 0 0.21 0.0 0 4.9 21 50 M M 8 13 27 30
2 72 57 65 5 0 0 0.01 0.0 0 4.9 16 290 M M 8 20 260
3 75 56 66 6 0 1 0.01 0.0 0 2.6 13 250 M M 6 14 250
4 79 49 64 4 1 0 0.11 0.0 0 4.9 17 40 M M 4 3 28 210
5 62 51 57 -3 8 0 0.31 0.0 0 6.3 13 260 M M 9 18 18 250
6 62 48 55 -5 10 0 0.15 0.0 0 6.5 17 250 M M 9 1 24 270
7 60 45 53 -7 12 0 0.02 0.0 0 4.8 14 130 M M 8 19 120
8 64 44 54 -5 11 0 0.14 0.0 0 6.5 33 270 M M 9 1 43 260
9 57 41 49 -10 16 0 0.01 0.0 0 5.1 16 250 M M 8 20 250
10 67 39 53 -6 12 0 0.00 0.0 0 2.1 7 170 M M 4 9 170
11 73 40 57 -2 8 0 0.00 0.0 0 2.9 8 40 M M 4 13 110
12 79 51 65 7 0 0 0.00 0.0 0 2.5 8 180 M M 8 11 240
13 74 53 64 6 1 0 0.00 0.0 0 1.7 9 60 M M 7 12 200
14 68 54 61 3 4 0 T 0.0 0 2.6 8 240 M M 7 10 260
15 68 51 60 2 5 0 0.19 0.0 0 2.1 18 260 M M 8 13 22 270
16 70 49 60 3 5 0 0.00 0.0 0 4.9 10 110 M M 8 1 14 110
17 76 53 65 8 0 0 T 0.0 0 4.7 13 270 M M 7 18 120
18 68 51 60 3 5 0 0.12 0.0 0 6.9 17 250 M M 7 1 24 250
19 64 49 57 1 8 0 0.01 0.0 0 3.5 10 30 M M 7 1 12 30
20 71 49 60 4 5 0 0.00 0.0 0 2.9 8 70 M M 7 12 50
21 70 46 58 2 7 0 0.01 0.0 0 3.4 9 360 M M 8 12 360
22 73 58 66 10 0 1 T 0.0 0 3.4 12 10 M M 8 14 10
23 74 53 64 9 1 0 T 0.0 0 3.3 15 250 M M 7 21 260
24 65 50 58 3 7 0 T 0.0 0 1.1 7 350 M M 8 8 60
25 70 47 59 5 6 0 T 0.0 0 2.4 10 160 M M 8 13 150
26 65 52 59 5 6 0 0.02 0.0 0 2.0 13 190 M M 8 19 210
27 65 51 58 4 7 0 0.06 0.0 0 0.9 6 30 M M 9 1 8 30
28 65 49 57 4 8 0 0.01 0.0 0 2.5 10 360 M M 8 11 360
29 69 43 56 3 9 0 0.00 0.0 0 2.9 15 360 M M 7 1 19 350
30 67 43 55 2 10 0 0.00 0.0 0 2.2 8 60 M M 8 1 9 70
31 66 51 59 7 6 0 0.00 0.0 0 3.5 8 80 M M 8 12 100
================================================================================
SM 2133 1524 180 2 1.39 0.0 110.9 M 230
================================================================================
AV 68.8 49.2 3.6 FASTST M M 7 MAX(MPH)
MISC ----> 33 270 43 260
================================================================================
NOTES:
# LAST OF SEVERAL OCCURRENCES
COLUMN 17 PEAK WIND IN M.P.H.
PRELIMINARY LOCAL CLIMATOLOGICAL DATA (WS FORM: F-6) , PAGE 2
STATION: FAIRBANKS AK
MONTH: AUGUST
YEAR: 2022
LATITUDE: 64 49 N
LONGITUDE: 147 52 W
[TEMPERATURE DATA] [PRECIPITATION DATA] SYMBOLS USED IN COLUMN 16
AVERAGE MONTHLY: 59.0 TOTAL FOR MONTH: 1.39 1 = FOG OR MIST
DPTR FM NORMAL: 2.0 DPTR FM NORMAL: -0.71 2 = FOG REDUCING VISIBILITY
HIGHEST: 79 ON 12, 4 GRTST 24HR 0.32 ON 5- 6 TO 1/4 MILE OR LESS
LOWEST: 39 ON 10 3 = THUNDER
SNOW, ICE PELLETS, HAIL 4 = ICE PELLETS
TOTAL MONTH: 0.0 INCH 5 = HAIL
GRTST 24HR 0.0 6 = FREEZING RAIN OR DRIZZLE
GRTST DEPTH: 0 7 = DUSTSTORM OR SANDSTORM:
VSBY 1/2 MILE OR LESS
8 = SMOKE OR HAZE
[NO. OF DAYS WITH] [WEATHER - DAYS WITH] 9 = BLOWING SNOW
X = TORNADO
MAX 32 OR BELOW: 0 0.01 INCH OR MORE: 16
MAX 90 OR ABOVE: 0 0.10 INCH OR MORE: 7
MIN 32 OR BELOW: 0 0.50 INCH OR MORE: 0
MIN 0 OR BELOW: 0 1.00 INCH OR MORE: 0
[HDD (BASE 65) ]
TOTAL THIS MO. 180 CLEAR (SCALE 0-3) 0
DPTR FM NORMAL -75 PTCLDY (SCALE 4-7) 26
TOTAL FM JUL 1 289 CLOUDY (SCALE 8-10) 5
DPTR FM NORMAL -64
[CDD (BASE 65) ]
TOTAL THIS MO. 2
DPTR FM NORMAL -5 [PRESSURE DATA]
TOTAL FM JAN 1 83 HIGHEST SLP M ON M
DPTR FM NORMAL 15 LOWEST SLP 29.33 ON 17
[REMARKS]
#FINAL-08-22#