000
CXUS53 KFGF 090906 AAB
CF6FAR
PRELIMINARY LOCAL CLIMATOLOGICAL DATA (WS FORM: F-6)
STATION: FARGO HECTOR INTL AP ND
MONTH: DECEMBER
YEAR: 2021
LATITUDE: 46 54 N
LONGITUDE: 96 48 W
TEMPERATURE IN F: :PCPN: SNOW: WIND :SUNSHINE: SKY :PK WND
================================================================================
1 2 3 4 5 6A 6B 7 8 9 10 11 12 13 14 15 16 17 18
12Z AVG MX 2MIN
DY MAX MIN AVG DEP HDD CDD WTR SNW DPTH SPD SPD DIR MIN PSBL S-S WX SPD DR
================================================================================
1 51 25 38 16 27 0 T 0.0 T 9.5 18 310 M M 2 26 310
2 39 28 34 13 31 0 0.13 1.0 0 6.5 14 280 M M 4 1 19 280
3 37 27 32 11 33 0 T T 1 8.3 18 300 M M 5 1 24 290
4 30 25 28 8 37 0 0.12 1.4 T 9.0 17 140 M M 4 1 25 140
5 31 7 19 -1 46 0 0.30 3.2 4 22.2 43 330 M M 10 12689 56 330
6 7 -8 0 -20 65 0 0.00 0.0 3 12.4 35 330 M M 2 189 43 340
7 15 2 9 -10 56 0 T T 3 8.4 14 180 M M 4 17 180
8 24 -2 11 -8 54 0 T T 3 12.1 32 160 M M 7 18 46 160
9 34 14 24 6 41 0 0.00 0.0 3 13.1 20 280 M M 4 36 150
10 30 13 22 4 43 0 0.00 0.0 2 5.7 10 190 M M 0 12 200
11 31 7 19 2 46 0 0.00 0.0 2 10.5 21 210 M M 0 28 220
12 38 25 32 15 33 0 0.00 0.0 2 12.0 22 210 M M 0 29 200
13 37 19 28 11 37 0 0.00 0.0 2 7.1 15 120 M M 1 21 130
14 38 34 36 20 29 0 0.00 0.0 1 18.6 29 150 M M 0 39 140
15 39 23 31 15 34 0 T T 1 17.7 45 340 M M 7 1269 57 340
16 23 2 13 -2 52 0 0.04 0.5 1 19.0 40 310 M M 6 19 59 320
17 14 0 7 -8 58 0 0.09 0.9 1 7.8 13 350 M M 6 1 18 30
18 13 0 7 -8 58 0 T T 2 8.0 16 340 M M 4 18 20 340
19 28 3 16 2 49 0 0.00 0.0 2 17.3 26 170 M M 9 8 39 150
20 20 2 11 -3 54 0 0.00 0.0 2 13.1 24 310 M M 3 33 320
21 12 -2 5 -9 60 0 0.16 3.1 3 8.8 16 310 M M 5 18 24 300
22 23 -2 11 -2 54 0 0.00 0.0 4 6.9 17 190 M M 5 20 200
23 35 13 24 11 41 0 0.00 0.0 4 10.0 22 150 M M 2 36 160
24 35 4 20 7 45 0 0.00 0.0 3 14.0 31 300 M M 0 40 300
25 9 -2 4 -8 61 0 0.19 3.2 3 8.5 16 20 M M 8 21 10
26 26 -9 9 -3 56 0 0.31 4.1 6 9.7 23 90 M M 7 18 33 110
27 26 -12 7 -5 58 0 0.35 4.5 11 16.5 41 280 M M 6 129 52 290
28 -3 -21 -12 -24 77 0 0.14 2.9 12 9.7 21 330 M M 7 8 25 330
29 -4 -26 -15 -26 80 0 T T 14 4.3 14 290 M M 5 18 16 200
30 3 -9 -3 -14 68 0 0.02 0.3 14 5.0 10 290 M M 7 8 12 80
31 0 -25 -12 -23 77 0 0.00 0.0 14 7.9 18 320 M M 3 24 320
================================================================================
SM 741 155 1560 0 1.85 25.1 339.6 M 133
================================================================================
AV 23.9 5.0 11.0 FASTST M M 4 MAX(MPH)
MISC ----> 45 340 59 320
================================================================================
NOTES:
# LAST OF SEVERAL OCCURRENCES
COLUMN 17 PEAK WIND IN M.P.H.
PRELIMINARY LOCAL CLIMATOLOGICAL DATA (WS FORM: F-6) , PAGE 2
STATION: FARGO HECTOR INTL AP ND
MONTH: DECEMBER
YEAR: 2021
LATITUDE: 46 54 N
LONGITUDE: 96 48 W
[TEMPERATURE DATA] [PRECIPITATION DATA] SYMBOLS USED IN COLUMN 16
AVERAGE MONTHLY: 14.5 TOTAL FOR MONTH: 1.85 1 = FOG OR MIST
DPTR FM NORMAL: -1.2 DPTR FM NORMAL: 0.96 2 = FOG REDUCING VISIBILITY
HIGHEST: 51 ON 1 GRTST 24HR 0.62 ON 26-27 TO 1/4 MILE OR LESS
LOWEST: -26 ON 29 3 = THUNDER
SNOW, ICE PELLETS, HAIL 4 = ICE PELLETS
TOTAL MONTH: 25.4 INCHES 5 = HAIL
GRTST 24HR 4.5 ON 27-27 6 = FREEZING RAIN OR DRIZZLE
GRTST DEPTH: 14 ON 31,30 7 = DUSTSTORM OR SANDSTORM:
VSBY 1/2 MILE OR LESS
8 = SMOKE OR HAZE
[NO. OF DAYS WITH] [WEATHER - DAYS WITH] 9 = BLOWING SNOW
X = TORNADO
MAX 32 OR BELOW: 21 0.01 INCH OR MORE: 11
MAX 90 OR ABOVE: 0 0.10 INCH OR MORE: 8
MIN 32 OR BELOW: 30 0.50 INCH OR MORE: 0
MIN 0 OR BELOW: 13 1.00 INCH OR MORE: 0
[HDD (BASE 65) ]
TOTAL THIS MO. 1560 CLEAR (SCALE 0-3) 11
DPTR FM NORMAL 33 PTCLDY (SCALE 4-7) 18
TOTAL FM JUL 1 3035 CLOUDY (SCALE 8-10) 2
DPTR FM NORMAL -413
[CDD (BASE 65) ]
TOTAL THIS MO. 0
DPTR FM NORMAL 0 [PRESSURE DATA]
TOTAL FM JAN 1 865 HIGHEST SLP 30.47 ON 18
DPTR FM NORMAL 323 LOWEST SLP 29.10 ON 24
[REMARKS]
#FINAL-12-21#