966
CXUS56 KHNX 011146
CF6FAT
PRELIMINARY LOCAL CLIMATOLOGICAL DATA (WS FORM: F-6)
STATION: FRESNO CA
MONTH: AUGUST
YEAR: 2020
LATITUDE: 36 46 N
LONGITUDE: 119 43 W
TEMPERATURE IN F: :PCPN: SNOW: WIND :SUNSHINE: SKY :PK WND
================================================================================
1 2 3 4 5 6A 6B 7 8 9 10 11 12 13 14 15 16 17 18
12Z AVG MX 2MIN
DY MAX MIN AVG DEP HDD CDD WTR SNW DPTH SPD SPD DIR MIN PSBL S-S WX SPD DR
================================================================================
1 101 67 84 1 0 19 0.00 0.0 0 6.6 14 330 M M 0 18 310
2 102 67 85 2 0 20 0.00 0.0 0 6.6 15 310 M M 1 16 320
3 101 69 85 2 0 20 0.00 0.0 0 8.9 20 310 M M 1 24 310
4 100 70 85 2 0 20 0.00 0.0 0 7.7 16 300 M M 1 20 300
5 93 64 79 -4 0 14 0.00 0.0 0 10.0 21 310 M M 1 25 320
6 89 61 75 -8 0 10 0.00 0.0 0 8.2 16 320 M M 0 19 310
7 94 67 81 -2 0 16 0.00 0.0 0 5.9 12 310 M M 1 15 320
8 99 70 85 2 0 20 0.00 0.0 0 6.1 13 290 M M 1 14 300
9 102 72 87 4 0 22 0.00 0.0 0 6.9 14 320 M M 1 19 290
10 103 74 89 7 0 24 0.00 0.0 0 7.1 16 320 M M 1 21 320
11 101 72 87 5 0 22 0.00 0.0 0 7.4 16 310 M M 1 8 20 310
12 103 71 87 5 0 22 0.00 0.0 0 5.2 14 300 M M 1 15 300
13 95 73 84 2 0 19 T 0.0 0 4.8 15 220 M M 6 17 220
14 106 75 91 9 0 26 0.00 0.0 0 4.2 9 310 M M 4 12 190
15 107 77 92 10 0 27 0.00 0.0 0 5.3 16 270 M M 6 20 270
16 112 81 97 15 0 32 0.00 0.0 0 8.9 20 300 M M 5 24 290
17 108 81 95 13 0 30 0.00 0.0 0 8.1 20 310 M M 4 26 300
18 107 81 94 12 0 29 0.00 0.0 0 7.6 15 300 M M 5 8 19 300
19 102 82 92 11 0 27 0.00 0.0 0 8.0 17 310 M M 7 8 21 310
20 100 75 88 7 0 23 0.00 0.0 0 6.0 16 320 M M 9 18 19 320
21 99 70 85 4 0 20 0.00 0.0 0 6.2 16 300 M M 10 8 19 290
22 99 72 86 5 0 21 0.00 0.0 0 4.2 14 310 M M 10 8 16 310
23 96 74 85 4 0 20 0.00 0.0 0 4.4 10 300 M M 10 8 14 270
24 101 76 89 8 0 24 0.00 0.0 0 5.9 16 320 M M 6 8 21 310
25 99 74 87 7 0 22 0.00 0.0 0 7.7 16 310 M M 1 8 23 10
26 99 73 86 6 0 21 0.00 0.0 0 7.6 15 300 M M 1 8 19 310
27 97 69 83 3 0 18 0.00 0.0 0 7.3 15 310 M M 1 8 19 310
28 101 69 85 5 0 20 0.00 0.0 0 5.1 12 310 M M 2 8 14 320
29 101 70 86 6 0 21 0.00 0.0 0 6.5 15 320 M M 0 20 330
30 98 68 83 3 0 18 0.00 0.0 0 6.6 14 310 M M 0 8 17 310
31 97 70 84 4 0 19 0.00 0.0 0 5.8 13 300 M M 0 8 14 310
================================================================================
SM 3112 2234 0 666 T 0.0 206.8 M 97
================================================================================
AV100.4 72.1 6.7 FASTST M M 3 MAX(MPH)
MISC ----> # 21 310 # 26 300
================================================================================
NOTES:
# LAST OF SEVERAL OCCURRENCES
COLUMN 17 PEAK WIND IN M.P.H.
PRELIMINARY LOCAL CLIMATOLOGICAL DATA (WS FORM: F-6) , PAGE 2
STATION: FRESNO CA
MONTH: AUGUST
YEAR: 2020
LATITUDE: 36 46 N
LONGITUDE: 119 43 W
[TEMPERATURE DATA] [PRECIPITATION DATA] SYMBOLS USED IN COLUMN 16
AVERAGE MONTHLY: 86.2 TOTAL FOR MONTH: T 1 = FOG OR MIST
DPTR FM NORMAL: 4.5 DPTR FM NORMAL: -0.01 2 = FOG REDUCING VISIBILITY
HIGHEST: 112 ON 16 GRTST 24HR T ON 13-13 TO 1/4 MILE OR LESS
LOWEST: 61 ON 6 3 = THUNDER
SNOW, ICE PELLETS, HAIL 4 = ICE PELLETS
TOTAL MONTH: 0.0 INCH 5 = HAIL
GRTST 24HR 0.0 6 = FREEZING RAIN OR DRIZZLE
GRTST DEPTH: 0 7 = DUSTSTORM OR SANDSTORM:
VSBY 1/2 MILE OR LESS
8 = SMOKE OR HAZE
[NO. OF DAYS WITH] [WEATHER - DAYS WITH] 9 = BLOWING SNOW
X = TORNADO
MAX 32 OR BELOW: 0 0.01 INCH OR MORE: 0
MAX 90 OR ABOVE: 30 0.10 INCH OR MORE: 0
MIN 32 OR BELOW: 0 0.50 INCH OR MORE: 0
MIN 0 OR BELOW: 0 1.00 INCH OR MORE: 0
[HDD (BASE 65) ]
TOTAL THIS MO. 0 CLEAR (SCALE 0-3) 19
DPTR FM NORMAL 0 PTCLDY (SCALE 4-7) 8
TOTAL FM JUL 1 0 CLOUDY (SCALE 8-10) 4
DPTR FM NORMAL 0
[CDD (BASE 65) ]
TOTAL THIS MO. 666
DPTR FM NORMAL 150 [PRESSURE DATA]
TOTAL FM JAN 1 2089 HIGHEST SLP M ON M
DPTR FM NORMAL 405 LOWEST SLP 29.66 ON 27
[REMARKS]
#FINAL-08-20#