000
CXUS54 KOUN 010810
CF6FDR
PRELIMINARY LOCAL CLIMATOLOGICAL DATA (WS FORM: F-6)
STATION: FREDERICK MUNICIPAL
MONTH: JULY
YEAR: 2023
LATITUDE: 34 21 N
LONGITUDE: 98 59 W
TEMPERATURE IN F: :PCPN: SNOW: WIND :SUNSHINE: SKY :PK WND
================================================================================
1 2 3 4 5 6A 6B 7 8 9 10 11 12 13 14 15 16 17 18
12Z AVG MX 2MIN
DY MAX MIN AVG DEP HDD CDD WTR SNW DPTH SPD SPD DIR MIN PSBL S-S WX SPD DR
================================================================================
1 91 69 80 -4 0 15 0.15 M M 11.9 25 150 M M 1 13 32 160
2 M M M M M M 0.00 M M M M M M M 0 M M
3 100 74 87 3 0 22 0.00 M M 11.7 26 80 M M 1 3 33 80
4 101 71 86 2 0 21 0.00 M M 10.8 20 170 M M 1 24 190
5 101 68 85 1 0 20 0.73 M M 11.5 28 10 M M 2 13 38 10
6 92 71 82 -2 0 17 0.00 M M 9.5 29 340 M M 1 3 36 350
7 97 71 84 0 0 19 0.25 M M 15.0 36 310 M M 2 13 47 320
8 93 70 82 -2 0 17 T M M 7.2 17 360 M M 1 3 23 10
9 84 67 76 -8 0 11 1.70 M M 12.5 45 350 M M 6 13 54 340
10 95 70 83 -2 0 18 0.00 0.0 M 9.2 17 110 M M 3 21 110
11 100 74 87 2 0 22 0.00 0.0 M 12.5 25 40 M M 1 1 31 50
12 107 76 92 7 0 27 0.00 0.0 M 11.8 21 180 M M 0 31 180
13 M M M M M M M M M 11.4 22 230 M M 0 3 23 240
14 107 76 92 7 0 27 T M M 10.1 52 190 M M 1 38 66 190
15 91 74 83 -2 0 18 0.14 M M 9.3 29 340 M M 2 13 35 350
16 95 73 84 -1 0 19 0.03 M M 7.4 26 360 M M 1 3 37 340
17 104 72 88 3 0 23 0.00 M M 8.1 14 190 M M 0 20 220
18 107 74 91 5 0 26 0.00 M M 14.0 28 220 M M 0 34 210
19 106 73 90 4 0 25 0.00 M M 12.1 25 220 M M 0 31 240
20 104 73 89 3 0 24 M M M 10.0 23 230 M M 0 27 230
21 92 74 83 -3 0 18 M M M 10.4 24 10 M M 1 30 10
22 95 68 82 -4 0 17 M M M 5.7 12 100 M M 1 15 50
23 101 67 84 -2 0 19 M M M 7.0 15 210 M M 0 18 200
24 108 71 90 4 0 25 0.00 M M 10.2 22 240 M M 0 27 250
25 108 73 91 5 0 26 0.00 M M 12.6 23 200 M M 0 8 29 190
26 106 73 90 4 0 25 0.00 M M 12.8 25 180 M M 0 29 190
27 107 74 91 5 0 26 0.00 M M 10.7 23 160 M M 0 27 160
28 105 81 93 7 0 28 0.00 M M 12.0 22 200 M M 0 26 200
29 106 74 90 4 0 25 0.00 M M 8.9 16 160 M M 0 8 23 160
30 107 71 89 3 0 24 0.00 M M 8.0 18 170 M M 0 25 130
31 108 72 90 4 0 25 0.00 M M 9.2 21 210 M M 0 31 160
================================================================================
SM 2918 2094 0 629 3.00 0.0 313.5 M 25
================================================================================
AV100.6 72.2 10.4 FASTST M M 1 MAX(MPH)
MISC ----> 52 190 66 190
================================================================================
NOTES:
# LAST OF SEVERAL OCCURRENCES
COLUMN 17 PEAK WIND IN M.P.H.
PRELIMINARY LOCAL CLIMATOLOGICAL DATA (WS FORM: F-6) , PAGE 2
STATION: FREDERICK MUNICIPAL
MONTH: JULY
YEAR: 2023
LATITUDE: 34 21 N
LONGITUDE: 98 59 W
[TEMPERATURE DATA] [PRECIPITATION DATA] SYMBOLS USED IN COLUMN 16
AVERAGE MONTHLY: 86.4 TOTAL FOR MONTH: 3.00 1 = FOG OR MIST
DPTR FM NORMAL: 1.2 DPTR FM NORMAL: M 2 = FOG REDUCING VISIBILITY
HIGHEST: 108 ON 31,25 GRTST 24HR 1.70 ON 9- 9 TO 1/4 MILE OR LESS
LOWEST: 67 ON 23, 9 3 = THUNDER
SNOW, ICE PELLETS, HAIL 4 = ICE PELLETS
TOTAL MONTH: 0.0 INCH 5 = HAIL
GRTST 24HR 0.0 6 = FREEZING RAIN OR DRIZZLE
GRTST DEPTH: M ON M 7 = DUSTSTORM OR SANDSTORM:
VSBY 1/2 MILE OR LESS
8 = SMOKE OR HAZE
[NO. OF DAYS WITH] [WEATHER - DAYS WITH] 9 = BLOWING SNOW
X = TORNADO
MAX 32 OR BELOW: 0 0.01 INCH OR MORE: 6
MAX 90 OR ABOVE: 28 0.10 INCH OR MORE: 5
MIN 32 OR BELOW: 0 0.50 INCH OR MORE: 2
MIN 0 OR BELOW: 0 1.00 INCH OR MORE: 1
[HDD (BASE 65) ]
TOTAL THIS MO. 0 CLEAR (SCALE 0-3) 30
DPTR FM NORMAL 0 PTCLDY (SCALE 4-7) 1
TOTAL FM JUL 1 0 CLOUDY (SCALE 8-10) 0
DPTR FM NORMAL 0
[CDD (BASE 65) ]
TOTAL THIS MO. 629
DPTR FM NORMAL 5 [PRESSURE DATA]
TOTAL FM JAN 1 1416 HIGHEST SLP M ON M
DPTR FM NORMAL -28 LOWEST SLP 29.62 ON 14
[REMARKS]
#FINAL-07-23#