000
CXUS54 KOUN 280810
CF6FDR
PRELIMINARY LOCAL CLIMATOLOGICAL DATA (WS FORM: F-6)
STATION: FREDERICK MUNICIPAL
MONTH: MARCH
YEAR: 2024
LATITUDE: 34 21 N
LONGITUDE: 98 59 W
TEMPERATURE IN F: :PCPN: SNOW: WIND :SUNSHINE: SKY :PK WND
================================================================================
1 2 3 4 5 6A 6B 7 8 9 10 11 12 13 14 15 16 17 18
12Z AVG MX 2MIN
DY MAX MIN AVG DEP HDD CDD WTR SNW DPTH SPD SPD DIR MIN PSBL S-S WX SPD DR
================================================================================
1 68 32 50 1 15 0 0.00 M M 9.4 15 150 M M 5 12 20 180
2 81 38 60 10 5 0 0.00 M M 10.3 21 190 M M 0 1 25 190
3 84 47 66 16 0 1 0.00 M M 13.4 23 210 M M 0 29 200
4 81 48 65 15 0 0 0.00 M M 11.2 24 220 M M 0 29 230
5 70 41 56 5 9 0 0.00 M M 10.5 18 10 M M 0 8 22 350
6 71 39 55 4 10 0 0.00 M M 6.8 12 110 M M 1 16 160
7 77 52 65 14 0 0 0.01 0.0 0 12.9 25 160 M M 3 3 34 160
8 55 38 47 -5 18 0 0.14 0.0 0 19.3 31 350 M M 9 1 41 340
9 57 36 47 -5 18 0 0.00 0.0 0 11.3 23 350 M M 4 30 340
10 66 30 48 -4 17 0 0.00 0.0 0 7.6 17 190 M M 0 25 180
11 73 36 55 2 10 0 0.00 0.0 M 11.4 24 200 M M 0 31 200
12 81 49 65 12 0 0 0.00 0.0 M 13.1 26 220 M M 0 34 230
13 85 56 71 17 0 6 0.00 0.0 M 14.1 28 200 M M 0 36 200
14 81 47 64 10 1 0 0.00 M M 10.6 30 10 M M 0 38 10
15 58 45 52 -2 13 0 0.00 M M 15.5 28 20 M M 4 36 20
16 56 44 50 -4 15 0 0.40 M M 9.1 20 60 M M 8 1 24 60
17 66 47 57 2 8 0 0.00 M M 11.5 20 30 M M 7 28 50
18 59 35 47 -8 18 0 0.00 0.0 M 7.9 14 70 M M 0 18 70
19 72 35 54 -2 11 0 0.00 M M 9.3 18 200 M M 0 25 210
20 78 45 62 6 3 0 T M M 9.2 22 170 M M 0 26 170
21 62 52 57 1 8 0 0.50 M M 9.8 21 20 M M 8 13 26 20
22 70 47 59 3 6 0 0.00 M M 11.4 22 10 M M 5 28 10
23 60 37 49 -8 16 0 0.00 M M 9.2 18 130 M M 0 26 140
24 68 56 62 5 3 0 0.15 0.0 0 16.7 30 190 M M 6 13 42 170
25 58 36 47 -10 18 0 0.00 M 0 15.5 31 300 M M 1 40 310
26 57 30 44 -14 21 0 0.00 0.0 M 9.4 18 350 M M 1 23 350
27 59 35 47 -11 18 0 0.00 M M 11.3 21 80 M M 2 30 70
================================================================================
SM 1853 1133 261 7 1.20 0.0 307.7 M 64
================================================================================
AV 68.6 42.0 11.4 FASTST M M 2 MAX(MPH)
MISC ----> # 31 350 42 170
================================================================================
NOTES:
# LAST OF SEVERAL OCCURRENCES
COLUMN 17 PEAK WIND IN M.P.H.
PRELIMINARY LOCAL CLIMATOLOGICAL DATA (WS FORM: F-6) , PAGE 2
STATION: FREDERICK MUNICIPAL
MONTH: MARCH
YEAR: 2024
LATITUDE: 34 21 N
LONGITUDE: 98 59 W
[TEMPERATURE DATA] [PRECIPITATION DATA] SYMBOLS USED IN COLUMN 16
AVERAGE MONTHLY: 55.3 TOTAL FOR MONTH: 1.20 1 = FOG OR MIST
DPTR FM NORMAL: 1.6 DPTR FM NORMAL: 1.20 2 = FOG REDUCING VISIBILITY
HIGHEST: 85 ON 13 GRTST 24HR 0.50 ON 20-21 TO 1/4 MILE OR LESS
LOWEST: 30 ON 26,10 3 = THUNDER
SNOW, ICE PELLETS, HAIL 4 = ICE PELLETS
TOTAL MONTH: 0.0 INCH 5 = HAIL
GRTST 24HR 0.0 6 = FREEZING RAIN OR DRIZZLE
GRTST DEPTH: 0 7 = DUSTSTORM OR SANDSTORM:
VSBY 1/2 MILE OR LESS
8 = SMOKE OR HAZE
[NO. OF DAYS WITH] [WEATHER - DAYS WITH] 9 = BLOWING SNOW
X = TORNADO
MAX 32 OR BELOW: 0 0.01 INCH OR MORE: 5
MAX 90 OR ABOVE: 0 0.10 INCH OR MORE: 4
MIN 32 OR BELOW: 3 0.50 INCH OR MORE: 1
MIN 0 OR BELOW: 0 1.00 INCH OR MORE: 0
[HDD (BASE 65) ]
TOTAL THIS MO. 261 CLEAR (SCALE 0-3) 18
DPTR FM NORMAL -57 PTCLDY (SCALE 4-7) 8
TOTAL FM JUL 1 2474 CLOUDY (SCALE 8-10) 1
DPTR FM NORMAL -305
[CDD (BASE 65) ]
TOTAL THIS MO. 7
DPTR FM NORMAL -5 [PRESSURE DATA]
TOTAL FM JAN 1 12 HIGHEST SLP M ON M
DPTR FM NORMAL -2 LOWEST SLP 29.28 ON 24
[REMARKS]