000
CXUS53 KLMK 010810
CF6FFT
PRELIMINARY LOCAL CLIMATOLOGICAL DATA (WS FORM: F-6)
STATION: FRANKFORT KY
MONTH: FEBRUARY
YEAR: 2021
LATITUDE: 38 10 N
LONGITUDE: 84 54 W
TEMPERATURE IN F: :PCPN: SNOW: WIND :SUNSHINE: SKY :PK WND
================================================================================
1 2 3 4 5 6A 6B 7 8 9 10 11 12 13 14 15 16 17 18
12Z AVG MX 2MIN
DY MAX MIN AVG DEP HDD CDD WTR SNW DPTH SPD SPD DIR MIN PSBL S-S WX SPD DR
================================================================================
1 34 29 32 -2 33 0 0.07 M M 10.3 17 330 M M 10 18 26 320
2 36 22 29 -5 36 0 0.00 M M 9.5 20 320 M M 4 28 330
3 41 22 32 -2 33 0 0.00 M M 4.9 13 320 M M 2 20 320
4 44 22 33 -1 32 0 0.22 M M 7.3 20 280 M M 5 1 33 280
5 43 29 36 2 29 0 0.00 M M 10.7 24 230 M M 4 34 230
6 44 24 34 0 31 0 T M M 3.6 12 140 M M 3 18 270
7 36 20 28 -7 37 0 T M M 7.3 16 330 M M 4 22 330
8 43 16 30 -5 35 0 0.00 M M 5.1 16 210 M M 4 22 220
9 36 31 34 -1 31 0 T M M 5.3 10 20 M M 10 18 14 10
10 32 27 30 -5 35 0 0.60 M M 8.1 13 10 M M 10 1468 20 30
11 27 22 25 -11 40 0 0.10 M M 8.9 15 40 M M 10 168 23 40
12 30 22 26 -10 39 0 0.00 M M 4.5 10 340 M M 10 18 18 30
13 30 26 28 -8 37 0 0.00 M M 5.6 10 330 M M 10 18 14 10
14 28 24 26 -10 39 0 0.00 M M 7.2 14 40 M M 10 8 19 30
15 26 20 23 -13 42 0 0.45 M M 9.0 17 40 M M 10 168 23 50
16 20 1 11 -25 54 0 T M M 6.7 15 240 M M 8 8 24 240
17 24 2 13 -24 52 0 0.04 M M 5.7 14 70 M M 5 1 20 60
18 31 24 28 -9 37 0 T M M 5.6 10 310 M M 10 18 15 310
19 30 16 23 -14 42 0 0.00 M M 5.9 12 300 M M 6 8 16 300
20 32 1 17 -21 48 0 0.00 M M 3.9 9 160 M M 2 18 13 150
21 46 11 29 -9 36 0 0.00 M M 5.3 16 170 M M 1 18 23 170
22 48 32 40 2 25 0 0.09 M M 9.7 30 220 M M 7 1 41 220
23 60 33 47 9 18 0 0.00 M M 7.9 16 270 M M 0 28 260
24 67 33 50 11 15 0 0.03 M M 9.7 23 230 M M 5 34 250
25 52 28 40 1 25 0 0.00 M M 5.2 14 10 M M 0 18 21 10
26 45 33 39 0 26 0 0.10 M M 8.4 17 90 M M 5 1 24 100
27 56 45 51 12 14 0 0.22 M M 4.5 14 100 M M 9 1 21 120
28 65 53 59 19 6 0 2.50 M M 8.3 20 210 M M 10 1 29 220
================================================================================
SM 1106 668 927 0 4.42 M 194.1 M 174
================================================================================
AV 39.5 23.9 6.9 FASTST M M 6 MAX(MPH)
MISC ----> 30 220 41 220
================================================================================
NOTES:
# LAST OF SEVERAL OCCURRENCES
COLUMN 17 PEAK WIND IN M.P.H.
PRELIMINARY LOCAL CLIMATOLOGICAL DATA (WS FORM: F-6) , PAGE 2
STATION: FRANKFORT KY
MONTH: FEBRUARY
YEAR: 2021
LATITUDE: 38 10 N
LONGITUDE: 84 54 W
[TEMPERATURE DATA] [PRECIPITATION DATA] SYMBOLS USED IN COLUMN 16
AVERAGE MONTHLY: 31.7 TOTAL FOR MONTH: 4.42 1 = FOG OR MIST
DPTR FM NORMAL: -4.7 DPTR FM NORMAL: 1.13 2 = FOG REDUCING VISIBILITY
HIGHEST: 67 ON 24 GRTST 24HR 2.55 ON 27-28 TO 1/4 MILE OR LESS
LOWEST: 1 ON 20,16 3 = THUNDER
SNOW, ICE PELLETS, HAIL 4 = ICE PELLETS
TOTAL MONTH: M 5 = HAIL
GRTST 24HR M ON M 6 = FREEZING RAIN OR DRIZZLE
GRTST DEPTH: M ON M 7 = DUSTSTORM OR SANDSTORM:
VSBY 1/2 MILE OR LESS
8 = SMOKE OR HAZE
[NO. OF DAYS WITH] [WEATHER - DAYS WITH] 9 = BLOWING SNOW
X = TORNADO
MAX 32 OR BELOW: 11 0.01 INCH OR MORE: 11
MAX 90 OR ABOVE: 0 0.10 INCH OR MORE: 7
MIN 32 OR BELOW: 23 0.50 INCH OR MORE: 2
MIN 0 OR BELOW: 0 1.00 INCH OR MORE: 1
[HDD (BASE 65) ]
TOTAL THIS MO. 927 CLEAR (SCALE 0-3) 5
DPTR FM NORMAL 126 PTCLDY (SCALE 4-7) 11
TOTAL FM JUL 1 3447 CLOUDY (SCALE 8-10) 12
DPTR FM NORMAL -191
[CDD (BASE 65) ]
TOTAL THIS MO. 0
DPTR FM NORMAL 0 [PRESSURE DATA]
TOTAL FM JAN 1 0 HIGHEST SLP 30.48 ON 20
DPTR FM NORMAL 0 LOWEST SLP 29.55 ON 4
[REMARKS]
#FINAL-02-21#