000
CDUS43 KLMK 232036
CLIFFT


CLIMATE REPORT
NATIONAL WEATHER SERVICE LOUISVILLE KY
435 PM EDT TUE MAY 23 2017


...................................

...THE FRANKFORT KY CLIMATE SUMMARY FOR MAY 23 2017...
VALID TODAY AS OF 0400 PM LOCAL TIME.

CLIMATE NORMAL PERIOD 1981 TO 2010
CLIMATE RECORD PERIOD 1895 TO 2017


WEATHER ITEM   OBSERVED TIME   RECORD YEAR NORMAL DEPARTURE LAST
                VALUE   (LST)  VALUE       VALUE  FROM      YEAR
                                                  NORMAL
..................................................................
TEMPERATURE (F)
 TODAY
  MAXIMUM         76    217 PM  91    1964  77     -1       77
                                      1939
  MINIMUM         53    548 AM  33    2002  54     -1       46
  AVERAGE         65                        66     -1       62

PRECIPITATION (IN)
  TODAY            0.00          2.00 1902   0.15  -0.15     0.00
  MONTH TO DATE    4.86                      3.66   1.20     4.33
  SINCE MAR 1     13.29                     11.73   1.56    13.48
  SINCE JAN 1     19.39                     18.28   1.11    19.50

SNOWFALL (IN)
  TODAY           MM            MM      MM  MM     MM       MM
  MONTH TO DATE   MM                        MM     MM       MM
  SINCE MAR 1     MM                        MM     MM       MM
  SINCE JUL 1     MM                        MM     MM       MM
  SNOW DEPTH      MM

DEGREE DAYS
 HEATING
  TODAY            0                         3     -3        3
  MONTH TO DATE   88                        98    -10      135
  SINCE MAR 1    757                      1037   -280      801
  SINCE JUL 1   3527                      4676  -1149     3873

 COOLING
  TODAY            0                         3     -3        0
  MONTH TO DATE   76                        46     30       22
  SINCE MAR 1    149                        66     83       48
  SINCE JAN 1    152                        66     86       48
..................................................................


WIND (MPH)
  HIGHEST WIND SPEED    10   HIGHEST WIND DIRECTION    SE (150)
  HIGHEST GUST SPEED    14   HIGHEST GUST DIRECTION     E (90)
  AVERAGE WIND SPEED     3.5


SKY COVER
  POSSIBLE SUNSHINE  MM
  AVERAGE SKY COVER 0.2


WEATHER CONDITIONS
 THE FOLLOWING WEATHER WAS RECORDED TODAY.
  NO SIGNIFICANT WEATHER WAS OBSERVED.


RELATIVE HUMIDITY (PERCENT)
 HIGHEST    89           600 AM
 LOWEST     54           200 PM
 AVERAGE    72

..........................................................


THE FRANKFORT KY CLIMATE NORMALS FOR TOMORROW
                         NORMAL    RECORD    YEAR
 MAXIMUM TEMPERATURE (F)   78        92      1933
 MINIMUM TEMPERATURE (F)   55        36      1931


SUNRISE AND SUNSET
MAY 23 2017...........SUNRISE   623 AM EDT   SUNSET   851 PM EDT
MAY 24 2017...........SUNRISE   622 AM EDT   SUNSET   851 PM EDT


-  INDICATES NEGATIVE NUMBERS.
R  INDICATES RECORD WAS SET OR TIED.
MM INDICATES DATA IS MISSING.
T  INDICATES TRACE AMOUNT.




$$
