000
CDUS43 KLMK 210626
CLIFFT


CLIMATE REPORT
NATIONAL WEATHER SERVICE LOUISVILLE KY
126 AM EST SUN DEC 21 2014


...................................

...THE FRANKFORT KY CLIMATE SUMMARY FOR DECEMBER 20 2014...

CLIMATE NORMAL PERIOD 1981 TO 2010
CLIMATE RECORD PERIOD 1895 TO 2014


WEATHER ITEM   OBSERVED TIME   RECORD YEAR NORMAL DEPARTURE LAST
                VALUE   (LST)  VALUE       VALUE  FROM      YEAR
                                                  NORMAL
..................................................................
TEMPERATURE (F)
 YESTERDAY
  MAXIMUM         36    408 PM  68    1952  43     -7       61
  MINIMUM         24   1159 PM  -4    1963  25     -1       51
  AVERAGE         30                        34     -4       56

PRECIPITATION (IN)
  YESTERDAY        0.00          1.36 1957   0.12  -0.12     0.10
  MONTH TO DATE    2.47                      2.70  -0.23     2.88
  SINCE DEC 1      2.47                      2.70  -0.23     2.88
  SINCE JAN 1     45.12                     44.31   0.81    48.10

SNOWFALL (IN)
  YESTERDAY       MM            MM      MM  MM     MM       MM
  MONTH TO DATE   MM                        MM     MM       MM
  SINCE DEC 1     MM                        MM     MM       MM
  SINCE JUL 1     MM                        MM     MM       MM
  SNOW DEPTH      MM

DEGREE DAYS
 HEATING
  YESTERDAY       35                        31      4        9
  MONTH TO DATE  528                       568    -40      572
  SINCE DEC 1    528                       568    -40      572
  SINCE JUL 1   1656                      1479    177     1615

 COOLING
  YESTERDAY        0                         0      0        0
  MONTH TO DATE    0                         0      0        0
  SINCE DEC 1      0                         0      0        0
  SINCE JAN 1   1070                      1155    -85     1127
..................................................................


WIND (MPH)
  HIGHEST WIND SPEED     8   HIGHEST WIND DIRECTION    NE (60)
  HIGHEST GUST SPEED     9   HIGHEST GUST DIRECTION    NE (50)
  AVERAGE WIND SPEED     2.3


SKY COVER
  POSSIBLE SUNSHINE  MM
  AVERAGE SKY COVER 0.8


WEATHER CONDITIONS
 THE FOLLOWING WEATHER WAS RECORDED YESTERDAY.
  NO SIGNIFICANT WEATHER WAS OBSERVED.


RELATIVE HUMIDITY (PERCENT)
 HIGHEST    88          1100 PM
 LOWEST     64           300 PM
 AVERAGE    76

..........................................................


THE FRANKFORT KY CLIMATE NORMALS FOR TODAY
                         NORMAL    RECORD    YEAR
 MAXIMUM TEMPERATURE (F)   43        72      2013
 MINIMUM TEMPERATURE (F)   25        -2      1963


SUNRISE AND SUNSET
DECEMBER 21 2014......SUNRISE   752 AM EST   SUNSET   523 PM EST
DECEMBER 22 2014......SUNRISE   753 AM EST   SUNSET   524 PM EST


-  INDICATES NEGATIVE NUMBERS.
R  INDICATES RECORD WAS SET OR TIED.
MM INDICATES DATA IS MISSING.
T  INDICATES TRACE AMOUNT.




$$
