000
CDUS43 KLMK 280635
CLIFFT


CLIMATE REPORT
NATIONAL WEATHER SERVICE LOUISVILLE KY
134 AM EST SAT FEB 28 2015


...................................

...THE FRANKFORT KY CLIMATE SUMMARY FOR FEBRUARY 27 2015...

CLIMATE NORMAL PERIOD 1981 TO 2010
CLIMATE RECORD PERIOD 1895 TO 2015


WEATHER ITEM   OBSERVED TIME   RECORD YEAR NORMAL DEPARTURE LAST
                VALUE   (LST)  VALUE       VALUE  FROM      YEAR
                                                  NORMAL
..................................................................
TEMPERATURE (F)
 YESTERDAY
  MAXIMUM         25    442 PM  75    2000  50    -25       32
  MINIMUM          7    441 AM  -9    1934  29    -22       15
  AVERAGE         16                        39    -23       24

PRECIPITATION (IN)
  YESTERDAY        0.00          2.06 1945   0.12  -0.12     0.00
  MONTH TO DATE    2.10                      3.16  -1.06     3.92
  SINCE DEC 1      6.71                     10.43  -3.72    11.14
  SINCE JAN 1      3.56                      6.42  -2.86     6.20

SNOWFALL (IN)
  YESTERDAY       MM            MM      MM  MM     MM       MM
  MONTH TO DATE   MM                        MM     MM       MM
  SINCE DEC 1     MM                        MM     MM       MM
  SINCE JUL 1     MM                        MM     MM       MM
  SNOW DEPTH      MM

DEGREE DAYS
 HEATING
  YESTERDAY       49                        26     23       41
  MONTH TO DATE 1076                       775    301      930
  SINCE DEC 1   2951                      2702    249     3032
  SINCE JUL 1   4079                      3613    466     4075

 COOLING
  YESTERDAY        0                         0      0        0
  MONTH TO DATE    0                         0      0        0
  SINCE DEC 1      0                         0      0        0
  SINCE JAN 1      0                         0      0        0
..................................................................


WIND (MPH)
  HIGHEST WIND SPEED    10   HIGHEST WIND DIRECTION    NE (30)
  HIGHEST GUST SPEED    14   HIGHEST GUST DIRECTION     N (20)
  AVERAGE WIND SPEED     3.6


SKY COVER
  POSSIBLE SUNSHINE  MM
  AVERAGE SKY COVER 0.3


WEATHER CONDITIONS
 THE FOLLOWING WEATHER WAS RECORDED YESTERDAY.
  NO SIGNIFICANT WEATHER WAS OBSERVED.


RELATIVE HUMIDITY (PERCENT)
 HIGHEST    83           700 AM
 LOWEST     35           400 PM
 AVERAGE    59

..........................................................


THE FRANKFORT KY CLIMATE NORMALS FOR TODAY
                         NORMAL    RECORD    YEAR
 MAXIMUM TEMPERATURE (F)   50        76      1918
 MINIMUM TEMPERATURE (F)   29         5      1963


SUNRISE AND SUNSET
FEBRUARY 28 2015......SUNRISE   713 AM EST   SUNSET   632 PM EST
MARCH  1 2015.........SUNRISE   712 AM EST   SUNSET   633 PM EST


-  INDICATES NEGATIVE NUMBERS.
R  INDICATES RECORD WAS SET OR TIED.
MM INDICATES DATA IS MISSING.
T  INDICATES TRACE AMOUNT.




$$
