000
CDUS43 KLMK 230635
CLIFFT


CLIMATE REPORT
NATIONAL WEATHER SERVICE LOUISVILLE KY
232 AM EDT TUE SEP 23 2014


...................................

...THE FRANKFORT KY CLIMATE SUMMARY FOR SEPTEMBER 22 2014...

CLIMATE NORMAL PERIOD 1981 TO 2010
CLIMATE RECORD PERIOD 1895 TO 2014


WEATHER ITEM   OBSERVED TIME   RECORD YEAR NORMAL DEPARTURE LAST
                VALUE   (LST)  VALUE       VALUE  FROM      YEAR
                                                  NORMAL
..................................................................
TEMPERATURE (F)
 YESTERDAY
  MAXIMUM         68    420 PM  97    1936  77     -9       71
                                      1931
  MINIMUM         46   1159 PM  36    1918  53     -7       47
  AVERAGE         57                        65     -8       59

PRECIPITATION (IN)
  YESTERDAY        0.00          3.85 1979   0.09  -0.09     0.00
  MONTH TO DATE    2.83                      2.44   0.39     1.71
  SINCE SEP 1      2.83                      2.44   0.39     1.71
  SINCE JAN 1     36.12                     33.75   2.37    36.77

SNOWFALL (IN)
  YESTERDAY       MM            MM      MM  MM     MM       MM
  MONTH TO DATE   MM                        MM     MM       MM
  SINCE SEP 1     MM                        MM     MM       MM
  SINCE JUL 1     MM                        MM     MM       MM
  SNOW DEPTH      MM

DEGREE DAYS
 HEATING
  YESTERDAY        8                         3      5        6
  MONTH TO DATE   45                        21     24       19
  SINCE SEP 1     45                        21     24       19
  SINCE JUL 1     48                        22     26       23

 COOLING
  YESTERDAY        0                         3     -3        0
  MONTH TO DATE  108                       115     -7      141
  SINCE SEP 1    108                       115     -7      141
  SINCE JAN 1   1034                      1117    -83     1077
..................................................................


WIND (MPH)
  HIGHEST WIND SPEED    14   HIGHEST WIND DIRECTION    NW (330)
  HIGHEST GUST SPEED    17   HIGHEST GUST DIRECTION    NW (330)
  AVERAGE WIND SPEED     3.8


SKY COVER
  POSSIBLE SUNSHINE  MM
  AVERAGE SKY COVER 0.0


WEATHER CONDITIONS
 THE FOLLOWING WEATHER WAS RECORDED YESTERDAY.
  NO SIGNIFICANT WEATHER WAS OBSERVED.


RELATIVE HUMIDITY (PERCENT)
 HIGHEST    93           400 AM
 LOWEST     42           300 PM
 AVERAGE    68

..........................................................


THE FRANKFORT KY CLIMATE NORMALS FOR TODAY
                         NORMAL    RECORD    YEAR
 MAXIMUM TEMPERATURE (F)   77        94      2010
                                             2007
                                             1945
 MINIMUM TEMPERATURE (F)   53        33      1982


SUNRISE AND SUNSET
SEPTEMBER 23 2014.....SUNRISE   728 AM EDT   SUNSET   735 PM EDT
SEPTEMBER 24 2014.....SUNRISE   729 AM EDT   SUNSET   733 PM EDT


-  INDICATES NEGATIVE NUMBERS.
R  INDICATES RECORD WAS SET OR TIED.
MM INDICATES DATA IS MISSING.
T  INDICATES TRACE AMOUNT.

$$

SCHOETTMER
