000
CDUS43 KLMK 072030
CLIFFT


CLIMATE REPORT
NATIONAL WEATHER SERVICE LOUISVILLE KY
429 PM EDT TUE JUL 7 2015


...................................

...THE FRANKFORT KY CLIMATE SUMMARY FOR JULY 7 2015...
VALID TODAY AS OF 0400 PM LOCAL TIME.

CLIMATE NORMAL PERIOD 1981 TO 2010
CLIMATE RECORD PERIOD 1895 TO 2015


WEATHER ITEM   OBSERVED TIME   RECORD YEAR NORMAL DEPARTURE LAST
                VALUE   (LST)  VALUE       VALUE  FROM      YEAR
                                                  NORMAL
..................................................................
TEMPERATURE (F)
 TODAY
  MAXIMUM         80   1004 AM 103    2012  87     -7       88
  MINIMUM         72    604 AM  49    1972  66      6       66
  AVERAGE         76                        76      0       77

PRECIPITATION (IN)
  TODAY            0.06          1.95 1934   0.13  -0.07      T
  MONTH TO DATE    2.94                      0.86   2.08     0.66
  SINCE JUN 1      9.15                      4.95   4.20     4.58
  SINCE JAN 1     32.55                     24.42   8.13    25.36

SNOWFALL (IN)
  TODAY           MM            MM      MM  MM     MM       MM
  MONTH TO DATE   MM                        MM     MM       MM
  SINCE JUN 1     MM                        MM     MM       MM
  SINCE JUL 1     MM                        MM     MM       MM
  SNOW DEPTH      MM

DEGREE DAYS
 HEATING
  TODAY            0                         0      0        0
  MONTH TO DATE    0                         0      0        0
  SINCE JUN 1     16                        10      6        3
  SINCE JUL 1      0                         0      0        0

 COOLING
  TODAY           11                        11      0       12
  MONTH TO DATE   61                        77    -16       51
  SINCE JUN 1    357                       313     44      316
  SINCE JAN 1    512                       412    100      438
..................................................................


WIND (MPH)
  HIGHEST WIND SPEED    22   HIGHEST WIND DIRECTION    SW (220)
  HIGHEST GUST SPEED    29   HIGHEST GUST DIRECTION    SW (220)
  AVERAGE WIND SPEED     9.8


SKY COVER
  POSSIBLE SUNSHINE  MM
  AVERAGE SKY COVER 0.6


WEATHER CONDITIONS
 THE FOLLOWING WEATHER WAS RECORDED TODAY.
  THUNDERSTORM
  LIGHT RAIN
  FOG


RELATIVE HUMIDITY (PERCENT)
 HIGHEST    87          1200 AM
 LOWEST     74          1000 AM
 AVERAGE    81

..........................................................


THE FRANKFORT KY CLIMATE NORMALS FOR TOMORROW
                         NORMAL    RECORD    YEAR
 MAXIMUM TEMPERATURE (F)   87       106      1936
 MINIMUM TEMPERATURE (F)   66        50      1984
                                             1983


SUNRISE AND SUNSET
JULY  7 2015..........SUNRISE   623 AM EDT   SUNSET   906 PM EDT
JULY  8 2015..........SUNRISE   624 AM EDT   SUNSET   905 PM EDT


-  INDICATES NEGATIVE NUMBERS.
R  INDICATES RECORD WAS SET OR TIED.
MM INDICATES DATA IS MISSING.
T  INDICATES TRACE AMOUNT.




$$
