000
CDUS43 KLMK 080646
CLIFFT


CLIMATE REPORT
NATIONAL WEATHER SERVICE LOUISVILLE KY
146 AM EST MON FEB 8 2016


...................................

...THE FRANKFORT KY CLIMATE SUMMARY FOR FEBRUARY 7 2016...

CLIMATE NORMAL PERIOD 1981 TO 2010
CLIMATE RECORD PERIOD 1895 TO 2016


WEATHER ITEM   OBSERVED TIME   RECORD YEAR NORMAL DEPARTURE LAST
                VALUE   (LST)  VALUE       VALUE  FROM      YEAR
                                                  NORMAL
..................................................................
TEMPERATURE (F)
 YESTERDAY
  MAXIMUM         54    311 PM  69    1925  44     10       60
  MINIMUM         24    656 AM  -6    1978  25     -1       29
  AVERAGE         39                        35      4       45

PRECIPITATION (IN)
  YESTERDAY        0.00          0.85 1965   0.11  -0.11     0.00
  MONTH TO DATE    1.72                      0.78   0.94     0.48
  SINCE DEC 1      9.43                      8.05   1.38     5.09
  SINCE JAN 1      3.17                      4.04  -0.87     1.94

SNOWFALL (IN)
  YESTERDAY       MM            MM      MM  MM     MM       MM
  MONTH TO DATE   MM                        MM     MM       MM
  SINCE DEC 1     MM                        MM     MM       MM
  SINCE JUL 1     MM                        MM     MM       MM
  SNOW DEPTH      MM

DEGREE DAYS
 HEATING
  YESTERDAY       26                        30     -4       20
  MONTH TO DATE  167                       215    -48      220
  SINCE DEC 1   1727                      2142   -415     2095
  SINCE JUL 1   2461                      3053   -592     3223

 COOLING
  YESTERDAY        0                         0      0        0
  MONTH TO DATE    0                         0      0        0
  SINCE DEC 1      1                         0      1        0
  SINCE JAN 1      0                         0      0        0
..................................................................


WIND (MPH)
  HIGHEST WIND SPEED    22   HIGHEST WIND DIRECTION     S (200)
  HIGHEST GUST SPEED    30   HIGHEST GUST DIRECTION    SW (230)
  AVERAGE WIND SPEED     6.8


SKY COVER
  POSSIBLE SUNSHINE  MM
  AVERAGE SKY COVER 0.1


WEATHER CONDITIONS
 THE FOLLOWING WEATHER WAS RECORDED YESTERDAY.
  NO SIGNIFICANT WEATHER WAS OBSERVED.


RELATIVE HUMIDITY (PERCENT)
 HIGHEST    81          1200 AM
 LOWEST     26           300 PM
 AVERAGE    54

..........................................................


THE FRANKFORT KY CLIMATE NORMALS FOR TODAY
                         NORMAL    RECORD    YEAR
 MAXIMUM TEMPERATURE (F)   45        73      1937
 MINIMUM TEMPERATURE (F)   25        -6      1978


SUNRISE AND SUNSET
FEBRUARY  8 2016......SUNRISE   738 AM EST   SUNSET   610 PM EST
FEBRUARY  9 2016......SUNRISE   737 AM EST   SUNSET   611 PM EST


-  INDICATES NEGATIVE NUMBERS.
R  INDICATES RECORD WAS SET OR TIED.
MM INDICATES DATA IS MISSING.
T  INDICATES TRACE AMOUNT.




$$
