000
CDUS43 KLMK 160627
CLIFFT


CLIMATE REPORT
NATIONAL WEATHER SERVICE LOUISVILLE KY
227 AM EDT MON OCT 16 2017


...................................

...THE FRANKFORT KY CLIMATE SUMMARY FOR OCTOBER 15 2017...

CLIMATE NORMAL PERIOD 1981 TO 2010
CLIMATE RECORD PERIOD 1895 TO 2017


WEATHER ITEM   OBSERVED TIME   RECORD YEAR NORMAL DEPARTURE LAST
                VALUE   (LST)  VALUE       VALUE  FROM      YEAR
                                                  NORMAL
..................................................................
TEMPERATURE (F)
 YESTERDAY
  MAXIMUM         79    143 PM  87    1897  69     10       82
  MINIMUM         53   1159 PM  24    1937  44      9       60
  AVERAGE         66                        56     10       71

PRECIPITATION (IN)
  YESTERDAY        0.04          1.45 1941   0.11  -0.07     0.00
  MONTH TO DATE    3.84                      1.50   2.34     0.09
  SINCE SEP 1      8.80                      4.83   3.97     2.14
  SINCE JAN 1     42.52                     36.14   6.38    38.19

SNOWFALL (IN)
  YESTERDAY       MM            MM      MM  MM     MM       MM
  MONTH TO DATE   MM                        MM     MM       MM
  SINCE SEP 1     MM                        MM     MM       MM
  SINCE JUL 1     MM                        MM     MM       MM
  SNOW DEPTH      MM

DEGREE DAYS
 HEATING
  YESTERDAY        0                         9     -9        0
  MONTH TO DATE   10                       107    -97       44
  SINCE SEP 1     42                       160   -118       62
  SINCE JUL 1     42                       161   -119       62

 COOLING
  YESTERDAY        1                         0      1        6
  MONTH TO DATE   44                        15     29       29
  SINCE SEP 1    186                       148     38      291
  SINCE JAN 1   1273                      1150    123     1582
..................................................................


WIND (MPH)
  HIGHEST WIND SPEED    24   HIGHEST WIND DIRECTION    NW (330)
  HIGHEST GUST SPEED    31   HIGHEST GUST DIRECTION    NW (330)
  AVERAGE WIND SPEED    12.5


SKY COVER
  POSSIBLE SUNSHINE  MM
  AVERAGE SKY COVER 0.7


WEATHER CONDITIONS
 THE FOLLOWING WEATHER WAS RECORDED YESTERDAY.
  HEAVY RAIN
  LIGHT RAIN
  FOG


RELATIVE HUMIDITY (PERCENT)
 HIGHEST    87           600 AM
 LOWEST     64           200 PM
 AVERAGE    76

..........................................................


THE FRANKFORT KY CLIMATE NORMALS FOR TODAY
                         NORMAL    RECORD    YEAR
 MAXIMUM TEMPERATURE (F)   68        87      1953
 MINIMUM TEMPERATURE (F)   44        27      1939


SUNRISE AND SUNSET
OCTOBER 16 2017.......SUNRISE   750 AM EDT   SUNSET   700 PM EDT
OCTOBER 17 2017.......SUNRISE   751 AM EDT   SUNSET   659 PM EDT


-  INDICATES NEGATIVE NUMBERS.
R  INDICATES RECORD WAS SET OR TIED.
MM INDICATES DATA IS MISSING.
T  INDICATES TRACE AMOUNT.




$$
