000
CDUS43 KLMK 190628
CLIFFT


CLIMATE REPORT
NATIONAL WEATHER SERVICE LOUISVILLE KY
228 AM EDT TUE AUG 19 2014


...................................

...THE FRANKFORT KY CLIMATE SUMMARY FOR AUGUST 18 2014...

CLIMATE NORMAL PERIOD 1981 TO 2010
CLIMATE RECORD PERIOD 1895 TO 2014


WEATHER ITEM   OBSERVED TIME   RECORD YEAR NORMAL DEPARTURE LAST
                VALUE   (LST)  VALUE       VALUE  FROM      YEAR
                                                  NORMAL
..................................................................
TEMPERATURE (F)
 YESTERDAY
  MAXIMUM         81    500 PM  99    1988  87     -6       80
  MINIMUM         70   1152 PM  52    1976  64      6       59
                                      1943
  AVERAGE         76                        75      1       70

PRECIPITATION (IN)
  YESTERDAY        0.02          1.78 2000   0.11  -0.09     0.00
  MONTH TO DATE    1.84                      1.86  -0.02     1.23
  SINCE JUN 1      8.79                     10.34  -1.55    15.46
  SINCE JAN 1     29.57                     29.81  -0.24    34.13

SNOWFALL (IN)
  YESTERDAY       MM            MM      MM  MM     MM       MM
  MONTH TO DATE   MM                        MM     MM       MM
  SINCE JUN 1     MM                        MM     MM       MM
  SINCE JUL 1     MM                        MM     MM       MM
  SNOW DEPTH      MM

DEGREE DAYS
 HEATING
  YESTERDAY        0                         0      0        0
  MONTH TO DATE    0                         0      0        3
  SINCE JUN 1      6                        10     -4        6
  SINCE JUL 1      3                         0      3        4

 COOLING
  YESTERDAY       11                        10      1        5
  MONTH TO DATE  140                       196    -56      135
  SINCE JUN 1    630                       782   -152      660
  SINCE JAN 1    752                       881   -129      779
..................................................................


WIND (MPH)
  HIGHEST WIND SPEED    12   HIGHEST WIND DIRECTION    SW (230)
  HIGHEST GUST SPEED    15   HIGHEST GUST DIRECTION    SW (240)
  AVERAGE WIND SPEED     4.2


SKY COVER
  POSSIBLE SUNSHINE  MM
  AVERAGE SKY COVER 0.8


WEATHER CONDITIONS
 THE FOLLOWING WEATHER WAS RECORDED YESTERDAY.
  LIGHT RAIN
  FOG


RELATIVE HUMIDITY (PERCENT)
 HIGHEST   100           500 AM
 LOWEST     74          1100 AM
 AVERAGE    87

..........................................................


THE FRANKFORT KY CLIMATE NORMALS FOR TODAY
                         NORMAL    RECORD    YEAR
 MAXIMUM TEMPERATURE (F)   87       105      1936
 MINIMUM TEMPERATURE (F)   64        50      1953
                                             1943


SUNRISE AND SUNSET
AUGUST 19 2014........SUNRISE   658 AM EDT   SUNSET   828 PM EDT
AUGUST 20 2014........SUNRISE   659 AM EDT   SUNSET   826 PM EDT


-  INDICATES NEGATIVE NUMBERS.
R  INDICATES RECORD WAS SET OR TIED.
MM INDICATES DATA IS MISSING.
T  INDICATES TRACE AMOUNT.




$$
