000
CDUS43 KLMK 122033
CLIFFT


CLIMATE REPORT
NATIONAL WEATHER SERVICE LOUISVILLE KY
432 PM EDT SAT APR 12 2014


...................................

...THE FRANKFORT KY CLIMATE SUMMARY FOR APRIL 12 2014...
VALID TODAY AS OF 0400 PM LOCAL TIME.

CLIMATE NORMAL PERIOD 1981 TO 2010
CLIMATE RECORD PERIOD 1895 TO 2014


WEATHER ITEM   OBSERVED TIME   RECORD YEAR NORMAL DEPARTURE LAST
                VALUE   (LST)  VALUE       VALUE  FROM      YEAR
                                                  NORMAL
..................................................................
TEMPERATURE (F)
 TODAY
  MAXIMUM         78    259 PM  89    1896  66     12       58
  MINIMUM         46    541 AM  26    1989  42      4       37
                                      1976
  AVERAGE         62                        54      8       48

PRECIPITATION (IN)
  TODAY            0.00          2.23 2011   0.10  -0.10     0.08
  MONTH TO DATE    2.36                      1.35   1.01     0.85
  SINCE MAR 1      4.58                      5.73  -1.15     5.04
  SINCE JAN 1     10.78                     12.28  -1.50    11.68

SNOWFALL (IN)
  TODAY           MM            MM      MM  MM     MM       MM
  MONTH TO DATE   MM                        MM     MM       MM
  SINCE MAR 1     MM                        MM     MM       MM
  SINCE JUL 1     MM                        MM     MM       MM
  SNOW DEPTH      MM

DEGREE DAYS
 HEATING
  TODAY            3                        12     -9       17
  MONTH TO DATE  108                       159    -51      151
  SINCE MAR 1    860                       784     76      967
  SINCE JUL 1   4972                      4423    549     4505

 COOLING
  TODAY            0                         1     -1        0
  MONTH TO DATE    0                         4     -4        8
  SINCE MAR 1      0                         6     -6        8
  SINCE JAN 1      0                         6     -6        8
..................................................................


WIND (MPH)
  HIGHEST WIND SPEED    20   HIGHEST WIND DIRECTION     S (200)
  HIGHEST GUST SPEED    25   HIGHEST GUST DIRECTION    SW (210)
  AVERAGE WIND SPEED     5.3


SKY COVER
  POSSIBLE SUNSHINE  MM
  AVERAGE SKY COVER 0.3


WEATHER CONDITIONS
 THE FOLLOWING WEATHER WAS RECORDED TODAY.
  FOG


RELATIVE HUMIDITY (PERCENT)
 HIGHEST    93           400 AM
 LOWEST     39           100 PM
 AVERAGE    66

..........................................................


THE FRANKFORT KY CLIMATE NORMALS FOR TOMORROW
                         NORMAL    RECORD    YEAR
 MAXIMUM TEMPERATURE (F)   66        86      1941
                                             1930
 MINIMUM TEMPERATURE (F)   43        23      1939


SUNRISE AND SUNSET
APRIL 12 2014.........SUNRISE   708 AM EDT   SUNSET   813 PM EDT
APRIL 13 2014.........SUNRISE   707 AM EDT   SUNSET   814 PM EDT


-  INDICATES NEGATIVE NUMBERS.
R  INDICATES RECORD WAS SET OR TIED.
MM INDICATES DATA IS MISSING.
T  INDICATES TRACE AMOUNT.




$$
