000
CDUS43 KLMK 192035
CLIFFT


CLIMATE REPORT
NATIONAL WEATHER SERVICE LOUISVILLE KY
434 PM EDT TUE JUL 19 2016


...................................

...THE FRANKFORT KY CLIMATE SUMMARY FOR JULY 19 2016...
VALID TODAY AS OF 0400 PM LOCAL TIME.

CLIMATE NORMAL PERIOD 1981 TO 2010
CLIMATE RECORD PERIOD 1895 TO 2016


WEATHER ITEM   OBSERVED TIME   RECORD YEAR NORMAL DEPARTURE LAST
                VALUE   (LST)  VALUE       VALUE  FROM      YEAR
                                                  NORMAL
..................................................................
TEMPERATURE (F)
 TODAY
  MAXIMUM         92    315 PM 100    1954  87      5       90
  MINIMUM         70    605 AM  53    2009  66      4       72
  AVERAGE         81                        76      5       81

PRECIPITATION (IN)
  TODAY            0.00          1.95 1971   0.15  -0.15     0.01
  MONTH TO DATE    2.88                      2.65   0.23     9.32
  SINCE JUN 1      7.31                      6.74   0.57    15.53
  SINCE JAN 1     26.97                     26.21   0.76    38.93

SNOWFALL (IN)
  TODAY           MM            MM      MM  MM     MM       MM
  MONTH TO DATE   MM                        MM     MM       MM
  SINCE JUN 1     MM                        MM     MM       MM
  SINCE JUL 1     MM                        MM     MM       MM
  SNOW DEPTH      MM

DEGREE DAYS
 HEATING
  TODAY            0                         0      0        0
  MONTH TO DATE    0                         0      0        0
  SINCE JUN 1      1                        10     -9       16
  SINCE JUL 1      0                         0      0        0

 COOLING
  TODAY           16                        11      5       16
  MONTH TO DATE  234                       209     25      206
  SINCE JUN 1    551                       445    106      502
  SINCE JAN 1    666                       544    122      657
..................................................................


WIND (MPH)
  HIGHEST WIND SPEED     8   HIGHEST WIND DIRECTION    NW (330)
  HIGHEST GUST SPEED    23   HIGHEST GUST DIRECTION    SW (220)
  AVERAGE WIND SPEED     1.3


SKY COVER
  POSSIBLE SUNSHINE  MM
  AVERAGE SKY COVER 0.2


WEATHER CONDITIONS
 THE FOLLOWING WEATHER WAS RECORDED TODAY.
  NO SIGNIFICANT WEATHER WAS OBSERVED.


RELATIVE HUMIDITY (PERCENT)
 HIGHEST    90           200 AM
 LOWEST     47           300 PM
 AVERAGE    69

..........................................................


THE FRANKFORT KY CLIMATE NORMALS FOR TOMORROW
                         NORMAL    RECORD    YEAR
 MAXIMUM TEMPERATURE (F)   87       101      1930
 MINIMUM TEMPERATURE (F)   66        52      1947


SUNRISE AND SUNSET
JULY 19 2016..........SUNRISE   632 AM EDT   SUNSET   900 PM EDT
JULY 20 2016..........SUNRISE   633 AM EDT   SUNSET   859 PM EDT


-  INDICATES NEGATIVE NUMBERS.
R  INDICATES RECORD WAS SET OR TIED.
MM INDICATES DATA IS MISSING.
T  INDICATES TRACE AMOUNT.




$$
