000
CDUS43 KLMK 280633
CLIFFT


CLIMATE REPORT
NATIONAL WEATHER SERVICE LOUISVILLE KY
230 AM EDT SUN JUN 28 2015


...................................

...THE FRANKFORT KY CLIMATE SUMMARY FOR JUNE 27 2015...

CLIMATE NORMAL PERIOD 1981 TO 2010
CLIMATE RECORD PERIOD 1895 TO 2015


WEATHER ITEM   OBSERVED TIME   RECORD YEAR NORMAL DEPARTURE LAST
                VALUE   (LST)  VALUE       VALUE  FROM      YEAR
                                                  NORMAL
..................................................................
TEMPERATURE (F)
 YESTERDAY
  MAXIMUM         74    452 PM 104    1914  86    -12       89
  MINIMUM         61   1150 PM  52    2012  65     -4       65
                                      1982
                                      1967
  AVERAGE         68                        75     -7       77

PRECIPITATION (IN)
  YESTERDAY        0.06          1.83 1948   0.11  -0.05     0.29
  MONTH TO DATE    5.44                      3.75   1.69     3.71
  SINCE JUN 1      5.44                      3.75   1.69     3.71
  SINCE JAN 1     28.84                     23.22   5.62    24.49

SNOWFALL (IN)
  YESTERDAY       MM            MM      MM  MM     MM       MM
  MONTH TO DATE   MM                        MM     MM       MM
  SINCE JUN 1     MM                        MM     MM       MM
  SINCE JUL 1     MM                        MM     MM       MM
  SNOW DEPTH      MM

DEGREE DAYS
 HEATING
  YESTERDAY        0                         0      0        0
  MONTH TO DATE   16                         9      7        3
  SINCE JUN 1     16                         9      7        3
  SINCE JUL 1   5139                      4699    440     5223

 COOLING
  YESTERDAY        3                        10     -7       12
  MONTH TO DATE  275                       205     70      229
  SINCE JUN 1    275                       205     70      229
  SINCE JAN 1    430                       304    126      351
..................................................................


WIND (MPH)
  HIGHEST WIND SPEED    20   HIGHEST WIND DIRECTION     N (340)
  HIGHEST GUST SPEED    28   HIGHEST GUST DIRECTION    NW (320)
  AVERAGE WIND SPEED     9.4


SKY COVER
  POSSIBLE SUNSHINE  MM
  AVERAGE SKY COVER 0.8


WEATHER CONDITIONS
 THE FOLLOWING WEATHER WAS RECORDED YESTERDAY.
  RAIN
  LIGHT RAIN
  FOG


RELATIVE HUMIDITY (PERCENT)
 HIGHEST    97           200 AM
 LOWEST     53           500 PM
 AVERAGE    75

..........................................................


THE FRANKFORT KY CLIMATE NORMALS FOR TODAY
                         NORMAL    RECORD    YEAR
 MAXIMUM TEMPERATURE (F)   86       104      1936
 MINIMUM TEMPERATURE (F)   65        48      1958


SUNRISE AND SUNSET
JUNE 28 2015..........SUNRISE   619 AM EDT   SUNSET   907 PM EDT
JUNE 29 2015..........SUNRISE   619 AM EDT   SUNSET   907 PM EDT


-  INDICATES NEGATIVE NUMBERS.
R  INDICATES RECORD WAS SET OR TIED.
MM INDICATES DATA IS MISSING.
T  INDICATES TRACE AMOUNT.

$$
jdg
