000
CDUS43 KLMK 220634
CLIFFT


CLIMATE REPORT
NATIONAL WEATHER SERVICE LOUISVILLE KY
234 AM EDT THU SEP 22 2016


...................................

...THE FRANKFORT KY CLIMATE SUMMARY FOR SEPTEMBER 21 2016...

CLIMATE NORMAL PERIOD 1981 TO 2010
CLIMATE RECORD PERIOD 1895 TO 2016


WEATHER ITEM   OBSERVED TIME   RECORD YEAR NORMAL DEPARTURE LAST
                VALUE   (LST)  VALUE       VALUE  FROM      YEAR
                                                  NORMAL
..................................................................
TEMPERATURE (F)
 YESTERDAY
  MAXIMUM         91    419 PM  98    1940  78     13       77
                                      1931
  MINIMUM         58    623 AM  37    1962  54      4       49
                                      1897
  AVERAGE         75                        66      9       63

PRECIPITATION (IN)
  YESTERDAY        0.00          1.65 1932   0.10  -0.10     0.00
  MONTH TO DATE    0.92                      2.35  -1.43     1.37
  SINCE SEP 1      0.92                      2.35  -1.43     1.37
  SINCE JAN 1     36.97                     33.66   3.31    45.01

SNOWFALL (IN)
  YESTERDAY        0.0          MM      MM  MM     MM       MM
  MONTH TO DATE    0.0                      MM     MM       MM
  SINCE SEP 1      0.0                      MM     MM       MM
  SINCE JUL 1      0.0                      MM     MM       MM
  SNOW DEPTH      MM

DEGREE DAYS
 HEATING
  YESTERDAY        0                         3     -3        2
  MONTH TO DATE    0                        18    -18       16
  SINCE SEP 1      0                        18    -18       16
  SINCE JUL 1      0                        19    -19       17

 COOLING
  YESTERDAY       10                         3      7        0
  MONTH TO DATE  214                       112    102      149
  SINCE SEP 1    214                       112    102      149
  SINCE JAN 1   1505                      1114    391     1187
..................................................................


WIND (MPH)
  HIGHEST WIND SPEED    13   HIGHEST WIND DIRECTION    NE (40)
  HIGHEST GUST SPEED    17   HIGHEST GUST DIRECTION    NE (40)
  AVERAGE WIND SPEED     3.0


SKY COVER
  POSSIBLE SUNSHINE  MM
  AVERAGE SKY COVER 0.0


WEATHER CONDITIONS
 THE FOLLOWING WEATHER WAS RECORDED YESTERDAY.
  NO SIGNIFICANT WEATHER WAS OBSERVED.


RELATIVE HUMIDITY (PERCENT)
 HIGHEST    90           100 AM
 LOWEST     27           300 PM
 AVERAGE    59

..........................................................


THE FRANKFORT KY CLIMATE NORMALS FOR TODAY
                         NORMAL    RECORD    YEAR
 MAXIMUM TEMPERATURE (F)   77        97      1936
                                             1931
 MINIMUM TEMPERATURE (F)   53        36      1918


SUNRISE AND SUNSET
SEPTEMBER 22 2016.....SUNRISE   728 AM EDT   SUNSET   736 PM EDT
SEPTEMBER 23 2016.....SUNRISE   729 AM EDT   SUNSET   734 PM EDT


-  INDICATES NEGATIVE NUMBERS.
R  INDICATES RECORD WAS SET OR TIED.
MM INDICATES DATA IS MISSING.
T  INDICATES TRACE AMOUNT.




$$
