861
CDUS43 KLMK 192130
CLIFFT


CLIMATE REPORT
NATIONAL WEATHER SERVICE LOUISVILLE KY
429 PM EST MON FEB 19 2018


...................................

...THE FRANKFORT KY CLIMATE SUMMARY FOR FEBRUARY 19 2018...
VALID TODAY AS OF 0400 PM LOCAL TIME.

CLIMATE NORMAL PERIOD 1981 TO 2010
CLIMATE RECORD PERIOD 1895 TO 2018


WEATHER ITEM   OBSERVED TIME   RECORD YEAR NORMAL DEPARTURE LAST
                VALUE   (LST)  VALUE       VALUE  FROM      YEAR
                                                  NORMAL
..................................................................
TEMPERATURE (F)
 TODAY
  MAXIMUM         77R   231 PM  76    1939  47     30       58
  MINIMUM         47   1214 AM -10    2015  27     20       38
  AVERAGE         62                        37     25       48

PRECIPITATION (IN)
  TODAY            T             2.85 2000   0.14  -0.14     0.00
  MONTH TO DATE    3.62                      2.11   1.51     1.23
  SINCE DEC 1      7.03                      9.38  -2.35    10.64
  SINCE JAN 1      5.20                      5.37  -0.17     5.17

SNOWFALL (IN)
  TODAY            0.0          MM      MM  MM     MM       MM
  MONTH TO DATE    0.0                      MM     MM       MM
  SINCE DEC 1      0.0                      MM     MM       MM
  SINCE JUL 1      0.0                      MM     MM       MM
  SNOW DEPTH       0

DEGREE DAYS
 HEATING
  TODAY            3                        28    -25       17
  MONTH TO DATE  487                       563    -76      424
  SINCE DEC 1   2472                      2490    -18     2057
  SINCE JUL 1   3280                      3401   -121     2675

 COOLING
  TODAY            0                         0      0        0
  MONTH TO DATE    1                         0      1        0
  SINCE DEC 1      1                         0      1        0
  SINCE JAN 1      1                         0      1        0
..................................................................


WIND (MPH)
  HIGHEST WIND SPEED    28   HIGHEST WIND DIRECTION    SW (210)
  HIGHEST GUST SPEED    40   HIGHEST GUST DIRECTION    SW (210)
  AVERAGE WIND SPEED    14.3


SKY COVER
  POSSIBLE SUNSHINE  MM
  AVERAGE SKY COVER 0.9


WEATHER CONDITIONS
 THE FOLLOWING WEATHER WAS RECORDED TODAY.
  NO SIGNIFICANT WEATHER WAS OBSERVED.


RELATIVE HUMIDITY (PERCENT)
 HIGHEST    80           600 AM
 LOWEST     49           400 PM
 AVERAGE    65

..........................................................


THE FRANKFORT KY CLIMATE NORMALS FOR TOMORROW
                         NORMAL    RECORD    YEAR
 MAXIMUM TEMPERATURE (F)   48        73      2016
 MINIMUM TEMPERATURE (F)   28       -21      2015


SUNRISE AND SUNSET
FEBRUARY 19 2018......SUNRISE   725 AM EST   SUNSET   622 PM EST
FEBRUARY 20 2018......SUNRISE   724 AM EST   SUNSET   624 PM EST


-  INDICATES NEGATIVE NUMBERS.
R  INDICATES RECORD WAS SET OR TIED.
MM INDICATES DATA IS MISSING.
T  INDICATES TRACE AMOUNT.




$$
