000
CDUS43 KLMK 310635
CLIFFT

CLIMATE REPORT
NATIONAL WEATHER SERVICE LOUISVILLE KY
233 AM EDT FRI JUL 31 2015

...................................

...THE FRANKFORT KY CLIMATE SUMMARY FOR JULY 30 2015...

CLIMATE NORMAL PERIOD 1981 TO 2010
CLIMATE RECORD PERIOD 1895 TO 2015


WEATHER ITEM   OBSERVED TIME   RECORD YEAR NORMAL DEPARTURE LAST
                VALUE   (LST)  VALUE       VALUE  FROM      YEAR
                                                  NORMAL
..................................................................
TEMPERATURE (F)
 YESTERDAY
  MAXIMUM         85    336 PM 102    1940  87     -2       80
  MINIMUM         65   1159 PM  50    1965  65      0       56
  AVERAGE         75                        76     -1       68

PRECIPITATION (IN)
  YESTERDAY        0.00          1.02 1922   0.13  -0.13     0.00
  MONTH TO DATE   11.02                      4.27   6.75     3.03
  SINCE JUN 1     17.23                      8.36   8.87     6.95
  SINCE JAN 1     40.63                     27.83  12.80    27.73

SNOWFALL (IN)
  YESTERDAY       MM            MM      MM  MM     MM       MM
  MONTH TO DATE   MM                        MM     MM       MM
  SINCE JUN 1     MM                        MM     MM       MM
  SINCE JUL 1     MM                        MM     MM       MM
  SNOW DEPTH      MM

DEGREE DAYS
 HEATING
  YESTERDAY        0                         0      0        0
  MONTH TO DATE    0                         0      0        3
  SINCE JUN 1     16                        10      6        6
  SINCE JUL 1      0                         0      0        3

 COOLING
  YESTERDAY       10                        11     -1        3
  MONTH TO DATE  339                       330      9      221
  SINCE JUN 1    635                       566     69      486
  SINCE JAN 1    790                       665    125      608
..................................................................


WIND (MPH)
  HIGHEST WIND SPEED    13   HIGHEST WIND DIRECTION    NW (320)
  HIGHEST GUST SPEED    17   HIGHEST GUST DIRECTION    NW (320)
  AVERAGE WIND SPEED     4.7


SKY COVER
  POSSIBLE SUNSHINE  MM
  AVERAGE SKY COVER 0.0


WEATHER CONDITIONS
 THE FOLLOWING WEATHER WAS RECORDED YESTERDAY.
  NO SIGNIFICANT WEATHER WAS OBSERVED.


RELATIVE HUMIDITY (PERCENT)
 HIGHEST    93          1200 AM
 LOWEST     37           100 PM
 AVERAGE    65

..........................................................


THE FRANKFORT KY CLIMATE NORMALS FOR TODAY
                         NORMAL    RECORD    YEAR
 MAXIMUM TEMPERATURE (F)   87       102      1999
 MINIMUM TEMPERATURE (F)   65        52      1932


SUNRISE AND SUNSET
JULY 31 2015..........SUNRISE   641 AM EDT   SUNSET   850 PM EDT
AUGUST  1 2015........SUNRISE   642 AM EDT   SUNSET   849 PM EDT


-  INDICATES NEGATIVE NUMBERS.
R  INDICATES RECORD WAS SET OR TIED.
MM INDICATES DATA IS MISSING.
T  INDICATES TRACE AMOUNT.

$$
04
