000
CDUS43 KLMK 270626
CLIFFT


CLIMATE REPORT
NATIONAL WEATHER SERVICE LOUISVILLE KY
226 AM EDT THU AUG 27 2015


...................................

...THE FRANKFORT KY CLIMATE SUMMARY FOR AUGUST 26 2015...

CLIMATE NORMAL PERIOD 1981 TO 2010
CLIMATE RECORD PERIOD 1895 TO 2015


WEATHER ITEM   OBSERVED TIME   RECORD YEAR NORMAL DEPARTURE LAST
                VALUE   (LST)  VALUE       VALUE  FROM      YEAR
                                                  NORMAL
..................................................................
TEMPERATURE (F)
 YESTERDAY
  MAXIMUM         77    431 PM 101    1948  86     -9       90
  MINIMUM         51    542 AM  41    1896  63    -12       67
  AVERAGE         64                        74    -10       79

PRECIPITATION (IN)
  YESTERDAY        0.00          1.35 1914   0.12  -0.12     0.00
  MONTH TO DATE    2.93                      2.79   0.14     4.23
  SINCE JUN 1     20.16                     11.27   8.89    11.18
  SINCE JAN 1     43.56                     30.74  12.82    31.96

SNOWFALL (IN)
  YESTERDAY       MM            MM      MM  MM     MM       MM
  MONTH TO DATE   MM                        MM     MM       MM
  SINCE JUN 1     MM                        MM     MM       MM
  SINCE JUL 1     MM                        MM     MM       MM
  SNOW DEPTH      MM

DEGREE DAYS
 HEATING
  YESTERDAY        1                         0      1        0
  MONTH TO DATE    1                         0      1        0
  SINCE JUN 1     17                        10      7        6
  SINCE JUL 1      1                         0      1        3

 COOLING
  YESTERDAY        0                         9     -9       14
  MONTH TO DATE  204                       274    -70      252
  SINCE JUN 1    848                       860    -12      742
  SINCE JAN 1   1003                       959     44      864
..................................................................


WIND (MPH)
  HIGHEST WIND SPEED    10   HIGHEST WIND DIRECTION    NE (30)
  HIGHEST GUST SPEED    13   HIGHEST GUST DIRECTION     E (70)
  AVERAGE WIND SPEED     2.5


SKY COVER
  POSSIBLE SUNSHINE  MM
  AVERAGE SKY COVER 0.2


WEATHER CONDITIONS
 THE FOLLOWING WEATHER WAS RECORDED YESTERDAY.
  NO SIGNIFICANT WEATHER WAS OBSERVED.


RELATIVE HUMIDITY (PERCENT)
 HIGHEST    96           500 AM
 LOWEST     40           400 PM
 AVERAGE    68

..........................................................


THE FRANKFORT KY CLIMATE NORMALS FOR TODAY
                         NORMAL    RECORD    YEAR
 MAXIMUM TEMPERATURE (F)   86       104      1936
 MINIMUM TEMPERATURE (F)   63        41      1896


SUNRISE AND SUNSET
AUGUST 27 2015........SUNRISE   705 AM EDT   SUNSET   817 PM EDT
AUGUST 28 2015........SUNRISE   706 AM EDT   SUNSET   816 PM EDT


-  INDICATES NEGATIVE NUMBERS.
R  INDICATES RECORD WAS SET OR TIED.
MM INDICATES DATA IS MISSING.
T  INDICATES TRACE AMOUNT.




$$
