000
CDUS43 KLMK 250629
CLIFFT


CLIMATE REPORT
NATIONAL WEATHER SERVICE LOUISVILLE KY
228 AM EDT WED MAR 25 2015


...................................

...THE FRANKFORT KY CLIMATE SUMMARY FOR MARCH 24 2015...

CLIMATE NORMAL PERIOD 1981 TO 2010
CLIMATE RECORD PERIOD 1895 TO 2015


WEATHER ITEM   OBSERVED TIME   RECORD YEAR NORMAL DEPARTURE LAST
                VALUE   (LST)  VALUE       VALUE  FROM      YEAR
                                                  NORMAL
..................................................................
TEMPERATURE (F)
 YESTERDAY
  MAXIMUM         49    431 PM  86    1929  59    -10       44
  MINIMUM         33    721 AM  17    1960  36     -3       19
  AVERAGE         41                        48     -7       32

PRECIPITATION (IN)
  YESTERDAY        0.04          1.65 1912   0.14  -0.10      T
  MONTH TO DATE    7.36                      3.30   4.06     1.20
  SINCE MAR 1      7.36                      3.30   4.06     1.20
  SINCE JAN 1     10.92                      9.85   1.07     7.40

SNOWFALL (IN)
  YESTERDAY       MM            MM      MM  MM     MM       MM
  MONTH TO DATE   MM                        MM     MM       MM
  SINCE MAR 1     MM                        MM     MM       MM
  SINCE JUL 1     MM                        MM     MM       MM
  SNOW DEPTH      MM

DEGREE DAYS
 HEATING
  YESTERDAY       24                        18      6       33
  MONTH TO DATE  534                       514     20      594
  SINCE MAR 1    534                       514     20      594
  SINCE JUL 1   4654                      4153    501     4706

 COOLING
  YESTERDAY        0                         0      0        0
  MONTH TO DATE    0                         0      0        0
  SINCE MAR 1      0                         0      0        0
  SINCE JAN 1      0                         0      0        0
..................................................................


WIND (MPH)
  HIGHEST WIND SPEED    14   HIGHEST WIND DIRECTION    SE (130)
  HIGHEST GUST SPEED    20   HIGHEST GUST DIRECTION     E (80)
  AVERAGE WIND SPEED     7.9


SKY COVER
  POSSIBLE SUNSHINE  MM
  AVERAGE SKY COVER 0.8


WEATHER CONDITIONS
 THE FOLLOWING WEATHER WAS RECORDED YESTERDAY.
  LIGHT RAIN


RELATIVE HUMIDITY (PERCENT)
 HIGHEST    75           600 AM
 LOWEST     49          1100 AM
 AVERAGE    62

..........................................................


THE FRANKFORT KY CLIMATE NORMALS FOR TODAY
                         NORMAL    RECORD    YEAR
 MAXIMUM TEMPERATURE (F)   60        87      1929
 MINIMUM TEMPERATURE (F)   36        11      1974


SUNRISE AND SUNSET
MARCH 25 2015.........SUNRISE   736 AM EDT   SUNSET   756 PM EDT
MARCH 26 2015.........SUNRISE   734 AM EDT   SUNSET   757 PM EDT


-  INDICATES NEGATIVE NUMBERS.
R  INDICATES RECORD WAS SET OR TIED.
MM INDICATES DATA IS MISSING.
T  INDICATES TRACE AMOUNT.




$$
