000
CDUS43 KLMK 250629
CLIFFT


CLIMATE REPORT
NATIONAL WEATHER SERVICE LOUISVILLE KY
128 AM EST THU DEC 25 2014


...................................

...THE FRANKFORT KY CLIMATE SUMMARY FOR DECEMBER 24 2014...

CLIMATE NORMAL PERIOD 1981 TO 2010
CLIMATE RECORD PERIOD 1895 TO 2014


WEATHER ITEM   OBSERVED TIME   RECORD YEAR NORMAL DEPARTURE LAST
                VALUE   (LST)  VALUE       VALUE  FROM      YEAR
                                                  NORMAL
..................................................................
TEMPERATURE (F)
 YESTERDAY
  MAXIMUM         58    134 PM  70    1932  42     16       26
  MINIMUM         38   1159 PM -11    1989  24     14       15
  AVERAGE         48                        33     15       21

PRECIPITATION (IN)
  YESTERDAY        0.13          2.31 2008   0.12   0.01      T
  MONTH TO DATE    3.03                      3.21  -0.18     4.40
  SINCE DEC 1      3.03                      3.21  -0.18     4.40
  SINCE JAN 1     45.68                     44.82   0.86    49.62

SNOWFALL (IN)
  YESTERDAY       MM            MM      MM  MM     MM       MM
  MONTH TO DATE   MM                        MM     MM       MM
  SINCE DEC 1     MM                        MM     MM       MM
  SINCE JUL 1     MM                        MM     MM       MM
  SNOW DEPTH      MM

DEGREE DAYS
 HEATING
  YESTERDAY       17                        32    -15       44
  MONTH TO DATE  616                       694    -78      665
  SINCE DEC 1    616                       694    -78      665
  SINCE JUL 1   1744                      1605    139     1708

 COOLING
  YESTERDAY        0                         0      0        0
  MONTH TO DATE    0                         0      0        0
  SINCE DEC 1      0                         0      0        0
  SINCE JAN 1   1070                      1155    -85     1127
..................................................................


WIND (MPH)
  HIGHEST WIND SPEED    33   HIGHEST WIND DIRECTION    SW (240)
  HIGHEST GUST SPEED    42   HIGHEST GUST DIRECTION    SW (230)
  AVERAGE WIND SPEED     8.4


SKY COVER
  POSSIBLE SUNSHINE  MM
  AVERAGE SKY COVER 0.8


WEATHER CONDITIONS
 THE FOLLOWING WEATHER WAS RECORDED YESTERDAY.
  RAIN
  LIGHT RAIN
  FOG


RELATIVE HUMIDITY (PERCENT)
 HIGHEST    96           300 AM
 LOWEST     79          1000 PM
 AVERAGE    88

..........................................................


THE FRANKFORT KY CLIMATE NORMALS FOR TODAY
                         NORMAL    RECORD    YEAR
 MAXIMUM TEMPERATURE (F)   42        71      1982
 MINIMUM TEMPERATURE (F)   24       -10      1989


SUNRISE AND SUNSET
DECEMBER 25 2014......SUNRISE   754 AM EST   SUNSET   525 PM EST
DECEMBER 26 2014......SUNRISE   755 AM EST   SUNSET   526 PM EST


-  INDICATES NEGATIVE NUMBERS.
R  INDICATES RECORD WAS SET OR TIED.
MM INDICATES DATA IS MISSING.
T  INDICATES TRACE AMOUNT.

$$

SCHOETTMER
