000
CDUS43 KLMK 142033
CLIFFT


CLIMATE REPORT
NATIONAL WEATHER SERVICE LOUISVILLE KY
433 PM EDT MON APR 14 2014


...................................

...THE FRANKFORT KY CLIMATE SUMMARY FOR APRIL 14 2014...
VALID TODAY AS OF 0400 PM LOCAL TIME.

CLIMATE NORMAL PERIOD 1981 TO 2010
CLIMATE RECORD PERIOD 1895 TO 2014


WEATHER ITEM   OBSERVED TIME   RECORD YEAR NORMAL DEPARTURE LAST
                VALUE   (LST)  VALUE       VALUE  FROM      YEAR
                                                  NORMAL
..................................................................
TEMPERATURE (F)
 TODAY
  MAXIMUM         73    321 AM  86    2006  67      6       71
  MINIMUM         61   1018 AM  23    1940  43     18       35
  AVERAGE         67                        55     12       53

PRECIPITATION (IN)
  TODAY            0.27          1.93 1922   0.11   0.16      T
  MONTH TO DATE    2.63                      1.57   1.06     0.85
  SINCE MAR 1      4.85                      5.95  -1.10     5.04
  SINCE JAN 1     11.05                     12.50  -1.45    11.68

SNOWFALL (IN)
  TODAY           MM            MM      MM  MM     MM       MM
  MONTH TO DATE   MM                        MM     MM       MM
  SINCE MAR 1     MM                        MM     MM       MM
  SINCE JUL 1     MM                        MM     MM       MM
  SNOW DEPTH      MM

DEGREE DAYS
 HEATING
  TODAY            0                        11    -11       12
  MONTH TO DATE  107                       181    -74      181
  SINCE MAR 1    859                       806     53      997
  SINCE JUL 1   4971                      4445    526     4535

 COOLING
  TODAY            2                         1      1        0
  MONTH TO DATE   10                         6      4        8
  SINCE MAR 1     10                         8      2        8
  SINCE JAN 1     10                         8      2        8
..................................................................


WIND (MPH)
  HIGHEST WIND SPEED    30   HIGHEST WIND DIRECTION     S (200)
  HIGHEST GUST SPEED    38   HIGHEST GUST DIRECTION     S (200)
  AVERAGE WIND SPEED    16.7


SKY COVER
  POSSIBLE SUNSHINE  MM
  AVERAGE SKY COVER 0.7


WEATHER CONDITIONS
 THE FOLLOWING WEATHER WAS RECORDED TODAY.
  RAIN
  LIGHT RAIN
  FOG


RELATIVE HUMIDITY (PERCENT)
 HIGHEST    90           900 AM
 LOWEST     46           300 AM
 AVERAGE    68

..........................................................


THE FRANKFORT KY CLIMATE NORMALS FOR TOMORROW
                         NORMAL    RECORD    YEAR
 MAXIMUM TEMPERATURE (F)   67        87      1936
 MINIMUM TEMPERATURE (F)   43        25      1907


SUNRISE AND SUNSET
APRIL 14 2014.........SUNRISE   705 AM EDT   SUNSET   815 PM EDT
APRIL 15 2014.........SUNRISE   704 AM EDT   SUNSET   816 PM EDT


-  INDICATES NEGATIVE NUMBERS.
R  INDICATES RECORD WAS SET OR TIED.
MM INDICATES DATA IS MISSING.
T  INDICATES TRACE AMOUNT.




$$
