000
CDUS43 KLMK 180638
CLIFFT


CLIMATE REPORT
NATIONAL WEATHER SERVICE LOUISVILLE KY
237 AM EDT SAT OCT 18 2014


...................................

...THE FRANKFORT KY CLIMATE SUMMARY FOR OCTOBER 17 2014...

CLIMATE NORMAL PERIOD 1981 TO 2010
CLIMATE RECORD PERIOD 1895 TO 2014


WEATHER ITEM   OBSERVED TIME   RECORD YEAR NORMAL DEPARTURE LAST
                VALUE   (LST)  VALUE       VALUE  FROM      YEAR
                                                  NORMAL
..................................................................
TEMPERATURE (F)
 YESTERDAY
  MAXIMUM         72    402 PM  88    1938  68      4       58
  MINIMUM         48    617 AM  29    1982  44      4       41
  AVERAGE         60                        56      4       50

PRECIPITATION (IN)
  YESTERDAY        0.00          2.41 1928   0.10  -0.10     0.13
  MONTH TO DATE    3.91                      1.71   2.20     3.29
  SINCE SEP 1      6.74                      5.04   1.70     5.01
  SINCE JAN 1     40.03                     36.35   3.68    40.07

SNOWFALL (IN)
  YESTERDAY       MM            MM      MM  MM     MM       MM
  MONTH TO DATE   MM                        MM     MM       MM
  SINCE SEP 1     MM                        MM     MM       MM
  SINCE JUL 1     MM                        MM     MM       MM
  SNOW DEPTH      MM

DEGREE DAYS
 HEATING
  YESTERDAY        5                         9     -4       15
  MONTH TO DATE  119                       125     -6       66
  SINCE SEP 1    177                       178     -1       92
  SINCE JUL 1    180                       179      1       96

 COOLING
  YESTERDAY        0                         0      0        0
  MONTH TO DATE   16                        15      1       40
  SINCE SEP 1    144                       148     -4      191
  SINCE JAN 1   1070                      1150    -80     1127
..................................................................


WIND (MPH)
  HIGHEST WIND SPEED    20   HIGHEST WIND DIRECTION    SW (240)
  HIGHEST GUST SPEED    27   HIGHEST GUST DIRECTION     W (270)
  AVERAGE WIND SPEED    10.8


SKY COVER
  POSSIBLE SUNSHINE  MM
  AVERAGE SKY COVER 0.2


WEATHER CONDITIONS
 THE FOLLOWING WEATHER WAS RECORDED YESTERDAY.
  NO SIGNIFICANT WEATHER WAS OBSERVED.


RELATIVE HUMIDITY (PERCENT)
 HIGHEST    93           400 AM
 LOWEST     41           400 PM
 AVERAGE    67

..........................................................


THE FRANKFORT KY CLIMATE NORMALS FOR TODAY
                         NORMAL    RECORD    YEAR
 MAXIMUM TEMPERATURE (F)   68        88      1938
 MINIMUM TEMPERATURE (F)   44        25      1948


SUNRISE AND SUNSET
OCTOBER 18 2014.......SUNRISE   751 AM EDT   SUNSET   658 PM EDT
OCTOBER 19 2014.......SUNRISE   752 AM EDT   SUNSET   656 PM EDT


-  INDICATES NEGATIVE NUMBERS.
R  INDICATES RECORD WAS SET OR TIED.
MM INDICATES DATA IS MISSING.
T  INDICATES TRACE AMOUNT.




$$
