000
CDUS43 KLMK 210628
CLIFFT


CLIMATE REPORT
NATIONAL WEATHER SERVICE LOUISVILLE KY
227 AM EDT MON JUL 21 2014


...................................

...THE FRANKFORT KY CLIMATE SUMMARY FOR JULY 20 2014...

CLIMATE NORMAL PERIOD 1981 TO 2010
CLIMATE RECORD PERIOD 1895 TO 2014


WEATHER ITEM   OBSERVED TIME   RECORD YEAR NORMAL DEPARTURE LAST
                VALUE   (LST)  VALUE       VALUE  FROM      YEAR
                                                  NORMAL
..................................................................
TEMPERATURE (F)
 YESTERDAY
  MAXIMUM         84    459 PM 101    1930  87     -3       89
  MINIMUM         67   1159 PM  52    1947  66      1       72
  AVERAGE         76                        76      0       81

PRECIPITATION (IN)
  YESTERDAY        0.09          4.35 1896   0.15  -0.06     0.00
  MONTH TO DATE    1.35                      2.80  -1.45     6.42
  SINCE JUN 1      5.27                      6.89  -1.62    12.93
  SINCE JAN 1     26.05                     26.36  -0.31    31.60

SNOWFALL (IN)
  YESTERDAY       MM            MM      MM  MM     MM       MM
  MONTH TO DATE   MM                        MM     MM       MM
  SINCE JUN 1     MM                        MM     MM       MM
  SINCE JUL 1     MM                        MM     MM       MM
  SNOW DEPTH      MM

DEGREE DAYS
 HEATING
  YESTERDAY        0                         0      0        0
  MONTH TO DATE    1                         0      1        0
  SINCE JUN 1      4                        10     -6        2
  SINCE JUL 1      1                         0      1        0

 COOLING
  YESTERDAY       11                        11      0       16
  MONTH TO DATE  145                       220    -75      220
  SINCE JUN 1    410                       456    -46      461
  SINCE JAN 1    532                       555    -23      580
..................................................................


WIND (MPH)
  HIGHEST WIND SPEED     9   HIGHEST WIND DIRECTION    NW (330)
  HIGHEST GUST SPEED    13   HIGHEST GUST DIRECTION    NW (330)
  AVERAGE WIND SPEED     3.4


SKY COVER
  POSSIBLE SUNSHINE  MM
  AVERAGE SKY COVER 0.7


WEATHER CONDITIONS
 THE FOLLOWING WEATHER WAS RECORDED YESTERDAY.
  LIGHT RAIN
  FOG


RELATIVE HUMIDITY (PERCENT)
 HIGHEST   100           400 AM
 LOWEST     58           500 PM
 AVERAGE    79

..........................................................


THE FRANKFORT KY CLIMATE NORMALS FOR TODAY
                         NORMAL    RECORD    YEAR
 MAXIMUM TEMPERATURE (F)   87       104      1934
 MINIMUM TEMPERATURE (F)   66        51      1944


SUNRISE AND SUNSET
JULY 21 2014..........SUNRISE   633 AM EDT   SUNSET   858 PM EDT
JULY 22 2014..........SUNRISE   634 AM EDT   SUNSET   858 PM EDT


-  INDICATES NEGATIVE NUMBERS.
R  INDICATES RECORD WAS SET OR TIED.
MM INDICATES DATA IS MISSING.
T  INDICATES TRACE AMOUNT.




$$
