000
CDUS43 KLMK 230626
CLIFFT


CLIMATE REPORT
NATIONAL WEATHER SERVICE LOUISVILLE KY
225 AM EDT FRI SEP 23 2016


...................................

...THE FRANKFORT KY CLIMATE SUMMARY FOR SEPTEMBER 22 2016...

CLIMATE NORMAL PERIOD 1981 TO 2010
CLIMATE RECORD PERIOD 1895 TO 2016


WEATHER ITEM   OBSERVED TIME   RECORD YEAR NORMAL DEPARTURE LAST
                VALUE   (LST)  VALUE       VALUE  FROM      YEAR
                                                  NORMAL
..................................................................
TEMPERATURE (F)
 YESTERDAY
  MAXIMUM         91    411 PM  97    1936  77     14       81
                                      1931
  MINIMUM         59    659 AM  36    1918  53      6       47
  AVERAGE         75                        65     10       64

PRECIPITATION (IN)
  YESTERDAY        0.00          3.85 1979   0.09  -0.09     0.00
  MONTH TO DATE    0.92                      2.44  -1.52     1.37
  SINCE SEP 1      0.92                      2.44  -1.52     1.37
  SINCE JAN 1     36.97                     33.75   3.22    45.01

SNOWFALL (IN)
  YESTERDAY       MM            MM      MM  MM     MM       MM
  MONTH TO DATE   MM                        MM     MM       MM
  SINCE SEP 1     MM                        MM     MM       MM
  SINCE JUL 1     MM                        MM     MM       MM
  SNOW DEPTH       0

DEGREE DAYS
 HEATING
  YESTERDAY        0                         3     -3        1
  MONTH TO DATE    0                        21    -21       17
  SINCE SEP 1      0                        21    -21       17
  SINCE JUL 1      0                        22    -22       18

 COOLING
  YESTERDAY       10                         3      7        0
  MONTH TO DATE  224                       115    109      149
  SINCE SEP 1    224                       115    109      149
  SINCE JAN 1   1515                      1117    398     1187
..................................................................


WIND (MPH)
  HIGHEST WIND SPEED     8   HIGHEST WIND DIRECTION     S (170)
  HIGHEST GUST SPEED    11   HIGHEST GUST DIRECTION     S (180)
  AVERAGE WIND SPEED     1.3


SKY COVER
  POSSIBLE SUNSHINE  MM
  AVERAGE SKY COVER 0.0


WEATHER CONDITIONS
 THE FOLLOWING WEATHER WAS RECORDED YESTERDAY.
  NO SIGNIFICANT WEATHER WAS OBSERVED.


RELATIVE HUMIDITY (PERCENT)
 HIGHEST    90           300 AM
 LOWEST     32           400 PM
 AVERAGE    61

..........................................................


THE FRANKFORT KY CLIMATE NORMALS FOR TODAY
                         NORMAL    RECORD    YEAR
 MAXIMUM TEMPERATURE (F)   77        94      2010
                                             2007
                                             1945
 MINIMUM TEMPERATURE (F)   53        33      1982


SUNRISE AND SUNSET
SEPTEMBER 23 2016.....SUNRISE   729 AM EDT   SUNSET   734 PM EDT
SEPTEMBER 24 2016.....SUNRISE   729 AM EDT   SUNSET   733 PM EDT


-  INDICATES NEGATIVE NUMBERS.
R  INDICATES RECORD WAS SET OR TIED.
MM INDICATES DATA IS MISSING.
T  INDICATES TRACE AMOUNT.




$$
