000
CDUS43 KLMK 090634
CLIFFT


CLIMATE REPORT
NATIONAL WEATHER SERVICE LOUISVILLE KY
233 AM EDT WED JUL 9 2014


...................................

...THE FRANKFORT KY CLIMATE SUMMARY FOR JULY 8 2014...

CLIMATE NORMAL PERIOD 1981 TO 2010
CLIMATE RECORD PERIOD 1895 TO 2014


WEATHER ITEM   OBSERVED TIME   RECORD YEAR NORMAL DEPARTURE LAST
                VALUE   (LST)  VALUE       VALUE  FROM      YEAR
                                                  NORMAL
..................................................................
TEMPERATURE (F)
 YESTERDAY
  MAXIMUM         87    207 PM 106    1936  87      0       87
  MINIMUM         69    307 AM  50    1984  66      3       63
                                      1983
  AVERAGE         78                        76      2       75

PRECIPITATION (IN)
  YESTERDAY        0.00          1.80 1964   0.14  -0.14     0.00
  MONTH TO DATE    0.66                      1.00  -0.34     5.05
  SINCE JUN 1      4.58                      5.09  -0.51    11.56
  SINCE JAN 1     25.36                     24.56   0.80    30.23

SNOWFALL (IN)
  YESTERDAY       MM            MM      MM  MM     MM       MM
  MONTH TO DATE    0.0                      MM     MM       MM
  SINCE JUN 1      0.0                      MM     MM       MM
  SINCE JUL 1      0.0                      MM     MM       MM
  SNOW DEPTH      MM

DEGREE DAYS
 HEATING
  YESTERDAY        0                         0      0        0
  MONTH TO DATE    0                         0      0        0
  SINCE JUN 1      3                        10     -7        2
  SINCE JUL 1      0                         0      0        0

 COOLING
  YESTERDAY       13                        11      2       10
  MONTH TO DATE   64                        88    -24       55
  SINCE JUN 1    329                       324      5      296
  SINCE JAN 1    451                       423     28      415
..................................................................


WIND (MPH)
  HIGHEST WIND SPEED    23   HIGHEST WIND DIRECTION    SW (230)
  HIGHEST GUST SPEED    30   HIGHEST GUST DIRECTION    SW (240)
  AVERAGE WIND SPEED    10.0


SKY COVER
  POSSIBLE SUNSHINE  MM
  AVERAGE SKY COVER 0.3


WEATHER CONDITIONS
 THE FOLLOWING WEATHER WAS RECORDED YESTERDAY.
  NO SIGNIFICANT WEATHER WAS OBSERVED.


RELATIVE HUMIDITY (PERCENT)
 HIGHEST    84           300 AM
 LOWEST     48           200 PM
 AVERAGE    66

..........................................................


THE FRANKFORT KY CLIMATE NORMALS FOR TODAY
                         NORMAL    RECORD    YEAR
 MAXIMUM TEMPERATURE (F)   87       108      1936
 MINIMUM TEMPERATURE (F)   66        52      1984
                                             1983
                                             1963


SUNRISE AND SUNSET
JULY  9 2014..........SUNRISE   625 AM EDT   SUNSET   905 PM EDT
JULY 10 2014..........SUNRISE   625 AM EDT   SUNSET   904 PM EDT


-  INDICATES NEGATIVE NUMBERS.
R  INDICATES RECORD WAS SET OR TIED.
MM INDICATES DATA IS MISSING.
T  INDICATES TRACE AMOUNT.




$$
