000
CDUS43 KLMK 152140
CLIFFT


CLIMATE REPORT
NATIONAL WEATHER SERVICE LOUISVILLE KY
440 PM EST SUN JAN 15 2017


...................................

...THE FRANKFORT KY CLIMATE SUMMARY FOR JANUARY 15 2017...
VALID TODAY AS OF 0400 PM LOCAL TIME.

CLIMATE NORMAL PERIOD 1981 TO 2010
CLIMATE RECORD PERIOD 1895 TO 2017


WEATHER ITEM   OBSERVED TIME   RECORD YEAR NORMAL DEPARTURE LAST
                VALUE   (LST)  VALUE       VALUE  FROM      YEAR
                                                  NORMAL
..................................................................
TEMPERATURE (F)
 TODAY
  MAXIMUM         40    359 PM  69    1995  41     -1       51
  MINIMUM         37    739 AM   0    1972  23     14       40
  AVERAGE         39                        32      7       46

PRECIPITATION (IN)
  TODAY            0.02          1.85 1960   0.11  -0.09     0.10
  MONTH TO DATE    2.27                      1.73   0.54     0.84
  SINCE DEC 1      7.74                      5.74   2.00     7.10
  SINCE JAN 1      2.27                      1.73   0.54     0.84

SNOWFALL (IN)
  TODAY           MM            MM      MM  MM     MM       MM
  MONTH TO DATE   MM                        MM     MM       MM
  SINCE DEC 1     MM                        MM     MM       MM
  SINCE JUL 1     MM                        MM     MM       MM
  SNOW DEPTH      MM

DEGREE DAYS
 HEATING
  TODAY           26                        33     -7       19
  MONTH TO DATE  436                       495    -59      462
  SINCE DEC 1   1309                      1416   -107      992
  SINCE JUL 1   1927                      2327   -400     1726

 COOLING
  TODAY            0                         0      0        0
  MONTH TO DATE    0                         0      0        0
  SINCE DEC 1      0                         0      0        1
  SINCE JAN 1      0                         0      0        0
..................................................................


WIND (MPH)
  HIGHEST WIND SPEED     9   HIGHEST WIND DIRECTION     E (70)
  HIGHEST GUST SPEED    10   HIGHEST GUST DIRECTION    NE (60)
  AVERAGE WIND SPEED     4.8


SKY COVER
  POSSIBLE SUNSHINE  MM
  AVERAGE SKY COVER 1.0


WEATHER CONDITIONS
 THE FOLLOWING WEATHER WAS RECORDED TODAY.
  LIGHT RAIN
  FOG
  FOG W/VISIBILITY <= 1/4 MILE
  HAZE


RELATIVE HUMIDITY (PERCENT)
 HIGHEST    92           200 AM
 LOWEST     79          1000 AM
 AVERAGE    86

..........................................................


THE FRANKFORT KY CLIMATE NORMALS FOR TOMORROW
                         NORMAL    RECORD    YEAR
 MAXIMUM TEMPERATURE (F)   41        70      1928
 MINIMUM TEMPERATURE (F)   23       -12      1912


SUNRISE AND SUNSET
JANUARY 15 2017.......SUNRISE   755 AM EST   SUNSET   544 PM EST
JANUARY 16 2017.......SUNRISE   754 AM EST   SUNSET   545 PM EST


-  INDICATES NEGATIVE NUMBERS.
R  INDICATES RECORD WAS SET OR TIED.
MM INDICATES DATA IS MISSING.
T  INDICATES TRACE AMOUNT.




$$
