000
CDUS43 KLMK 142137
CLIFFT


CLIMATE REPORT
NATIONAL WEATHER SERVICE LOUISVILLE KY
435 PM EST WED FEB 14 2018


...................................

...THE FRANKFORT KY CLIMATE SUMMARY FOR FEBRUARY 14 2018...
VALID TODAY AS OF 0400 PM LOCAL TIME.

CLIMATE NORMAL PERIOD 1981 TO 2010
CLIMATE RECORD PERIOD 1895 TO 2018


WEATHER ITEM   OBSERVED TIME   RECORD YEAR NORMAL DEPARTURE LAST
                VALUE   (LST)  VALUE       VALUE  FROM      YEAR
                                                  NORMAL
..................................................................
TEMPERATURE (F)
 TODAY
  MAXIMUM         61    336 PM  72    1962  46     15       55
  MINIMUM         42    127 AM  -5    1899  26     16       33
  AVERAGE         52                        36     16       44

PRECIPITATION (IN)
  TODAY            0.12          2.64 1989   0.10   0.02     0.00
  MONTH TO DATE    2.24                      1.52   0.72     1.09
  SINCE DEC 1      5.65                      8.79  -3.14    10.50
  SINCE JAN 1      3.82                      4.78  -0.96     5.03

SNOWFALL (IN)
  TODAY           MM            MM      MM  MM     MM       MM
  MONTH TO DATE   MM                        MM     MM       MM
  SINCE DEC 1     MM                        MM     MM       MM
  SINCE JUL 1     MM                        MM     MM       MM
  SNOW DEPTH      MM

DEGREE DAYS
 HEATING
  TODAY           13                        29    -16       21
  MONTH TO DATE  420                       422     -2      332
  SINCE DEC 1   2405                      2349     56     1965
  SINCE JUL 1   3213                      3260    -47     2583

 COOLING
  TODAY            0                         0      0        0
  MONTH TO DATE    0                         0      0        0
  SINCE DEC 1      0                         0      0        0
  SINCE JAN 1      0                         0      0        0
..................................................................


WIND (MPH)
  HIGHEST WIND SPEED    18   HIGHEST WIND DIRECTION     S (190)
  HIGHEST GUST SPEED    26   HIGHEST GUST DIRECTION    SW (220)
  AVERAGE WIND SPEED     7.2


SKY COVER
  POSSIBLE SUNSHINE  MM
  AVERAGE SKY COVER 1.0


WEATHER CONDITIONS
 THE FOLLOWING WEATHER WAS RECORDED TODAY.
  HEAVY RAIN
  RAIN
  LIGHT RAIN
  FOG


RELATIVE HUMIDITY (PERCENT)
 HIGHEST    89           900 AM
 LOWEST     76           300 AM
 AVERAGE    83

..........................................................


THE FRANKFORT KY CLIMATE NORMALS FOR TOMORROW
                         NORMAL    RECORD    YEAR
 MAXIMUM TEMPERATURE (F)   46        77      1945
 MINIMUM TEMPERATURE (F)   27         2      1943


SUNRISE AND SUNSET
FEBRUARY 14 2018......SUNRISE   731 AM EST   SUNSET   617 PM EST
FEBRUARY 15 2018......SUNRISE   730 AM EST   SUNSET   618 PM EST


-  INDICATES NEGATIVE NUMBERS.
R  INDICATES RECORD WAS SET OR TIED.
MM INDICATES DATA IS MISSING.
T  INDICATES TRACE AMOUNT.

$$

SCHOETTMER
