810
CDUS43 KLMK 222038
CLIFFT


CLIMATE REPORT
NATIONAL WEATHER SERVICE LOUISVILLE KY
437 PM EDT MON MAY 22 2017


...................................

...THE FRANKFORT KY CLIMATE SUMMARY FOR MAY 22 2017...
VALID TODAY AS OF 0400 PM LOCAL TIME.

CLIMATE NORMAL PERIOD 1981 TO 2010
CLIMATE RECORD PERIOD 1895 TO 2017


WEATHER ITEM   OBSERVED TIME   RECORD YEAR NORMAL DEPARTURE LAST
                VALUE   (LST)  VALUE       VALUE  FROM      YEAR
                                                  NORMAL
..................................................................
TEMPERATURE (F)
 TODAY
  MAXIMUM         71    326 PM  95    1941  77     -6       79
  MINIMUM         50    605 AM  31    2002  54     -4       46
  AVERAGE         61                        66     -5       63

PRECIPITATION (IN)
  TODAY            0.00          1.53 1990   0.16  -0.16     0.00
  MONTH TO DATE    4.86                      3.51   1.35     4.33
  SINCE MAR 1     13.29                     11.58   1.71    13.48
  SINCE JAN 1     19.39                     18.13   1.26    19.50

SNOWFALL (IN)
  TODAY           MM            MM      MM  MM     MM       MM
  MONTH TO DATE   MM                        MM     MM       MM
  SINCE MAR 1     MM                        MM     MM       MM
  SINCE JUL 1     MM                        MM     MM       MM
  SNOW DEPTH      MM

DEGREE DAYS
 HEATING
  TODAY            4                         3      1        2
  MONTH TO DATE   88                        95     -7      132
  SINCE MAR 1    757                      1034   -277      798
  SINCE JUL 1   3527                      4673  -1146     3870

 COOLING
  TODAY            0                         3     -3        0
  MONTH TO DATE   76                        43     33       22
  SINCE MAR 1    149                        63     86       48
  SINCE JAN 1    152                        63     89       48
..................................................................


WIND (MPH)
  HIGHEST WIND SPEED    13   HIGHEST WIND DIRECTION    NW (320)
  HIGHEST GUST SPEED    17   HIGHEST GUST DIRECTION    NW (310)
  AVERAGE WIND SPEED     5.0


SKY COVER
  POSSIBLE SUNSHINE  MM
  AVERAGE SKY COVER 0.0


WEATHER CONDITIONS
 THE FOLLOWING WEATHER WAS RECORDED TODAY.
  NO SIGNIFICANT WEATHER WAS OBSERVED.


RELATIVE HUMIDITY (PERCENT)
 HIGHEST    89           500 AM
 LOWEST     40           200 PM
 AVERAGE    65

..........................................................


THE FRANKFORT KY CLIMATE NORMALS FOR TOMORROW
                         NORMAL    RECORD    YEAR
 MAXIMUM TEMPERATURE (F)   77        91      1964
                                             1939
 MINIMUM TEMPERATURE (F)   54        33      2002


SUNRISE AND SUNSET
MAY 22 2017...........SUNRISE   623 AM EDT   SUNSET   850 PM EDT
MAY 23 2017...........SUNRISE   623 AM EDT   SUNSET   851 PM EDT


-  INDICATES NEGATIVE NUMBERS.
R  INDICATES RECORD WAS SET OR TIED.
MM INDICATES DATA IS MISSING.
T  INDICATES TRACE AMOUNT.




$$
