000
CDUS43 KLMK 242134
CLIFFT


CLIMATE REPORT
NATIONAL WEATHER SERVICE LOUISVILLE KY
434 PM EST FRI FEB 24 2017


...................................

...THE FRANKFORT KY CLIMATE SUMMARY FOR FEBRUARY 24 2017...
VALID TODAY AS OF 0400 PM LOCAL TIME.

CLIMATE NORMAL PERIOD 1981 TO 2010
CLIMATE RECORD PERIOD 1895 TO 2017


WEATHER ITEM   OBSERVED TIME   RECORD YEAR NORMAL DEPARTURE LAST
                VALUE   (LST)  VALUE       VALUE  FROM      YEAR
                                                  NORMAL
..................................................................
TEMPERATURE (F)
 TODAY
  MAXIMUM         80R   259 PM  78    1996  49     31       61
  MINIMUM         57    717 AM   1    1963  28     29       35
  AVERAGE         69                        39     30       48

PRECIPITATION (IN)
  TODAY            0.00          3.75 1909   0.13  -0.13     0.85
  MONTH TO DATE    1.37                      2.79  -1.42     4.34
  SINCE DEC 1     10.78                     10.06   0.72    12.05
  SINCE JAN 1      5.31                      6.05  -0.74     5.79

SNOWFALL (IN)
  TODAY           MM            MM      MM  MM     MM       MM
  MONTH TO DATE   MM                        MM     MM       MM
  SINCE DEC 1     MM                        MM     MM       MM
  SINCE JUL 1     MM                        MM     MM       MM
  SNOW DEPTH      MM

DEGREE DAYS
 HEATING
  TODAY            0                        26    -26       17
  MONTH TO DATE  442                       697   -255      672
  SINCE DEC 1   2075                      2624   -549     2232
  SINCE JUL 1   2693                      3535   -842     2966

 COOLING
  TODAY            4                         0      4        0
  MONTH TO DATE    4                         0      4        0
  SINCE DEC 1      4                         0      4        1
  SINCE JAN 1      4                         0      4        0
..................................................................


WIND (MPH)
  HIGHEST WIND SPEED    29   HIGHEST WIND DIRECTION    SW (210)
  HIGHEST GUST SPEED    41   HIGHEST GUST DIRECTION    SW (220)
  AVERAGE WIND SPEED    12.6


SKY COVER
  POSSIBLE SUNSHINE  MM
  AVERAGE SKY COVER 0.1


WEATHER CONDITIONS
 THE FOLLOWING WEATHER WAS RECORDED TODAY.
  NO SIGNIFICANT WEATHER WAS OBSERVED.


RELATIVE HUMIDITY (PERCENT)
 HIGHEST    77           400 AM
 LOWEST     35           300 PM
 AVERAGE    56

..........................................................


THE FRANKFORT KY CLIMATE NORMALS FOR TOMORROW
                         NORMAL    RECORD    YEAR
 MAXIMUM TEMPERATURE (F)   49        73      1930
 MINIMUM TEMPERATURE (F)   29        -3      1967


SUNRISE AND SUNSET
FEBRUARY 24 2017......SUNRISE   718 AM EST   SUNSET   628 PM EST
FEBRUARY 25 2017......SUNRISE   717 AM EST   SUNSET   629 PM EST


-  INDICATES NEGATIVE NUMBERS.
R  INDICATES RECORD WAS SET OR TIED.
MM INDICATES DATA IS MISSING.
T  INDICATES TRACE AMOUNT.




$$
