000
CDUS43 KLMK 020629
CLIFFT


CLIMATE REPORT
NATIONAL WEATHER SERVICE LOUISVILLE KY
129 AM EST MON MAR 2 2015


...................................

...THE FRANKFORT KY CLIMATE SUMMARY FOR MARCH 1 2015...

CLIMATE NORMAL PERIOD 1981 TO 2010
CLIMATE RECORD PERIOD 1895 TO 2015


WEATHER ITEM   OBSERVED TIME   RECORD YEAR NORMAL DEPARTURE LAST
                VALUE   (LST)  VALUE       VALUE  FROM      YEAR
                                                  NORMAL
..................................................................
TEMPERATURE (F)
 YESTERDAY
  MAXIMUM         42    342 PM  75    1976  50     -8       56
                                      1972
  MINIMUM         30    251 AM   9    1993  30      0       29
                                      1980
                                      1960
  AVERAGE         36                        40     -4       43

PRECIPITATION (IN)
  YESTERDAY        0.21          1.45 1997   0.13   0.08      T
  MONTH TO DATE    0.21                      0.13   0.08      T
  SINCE MAR 1      0.21                      0.13   0.08      T
  SINCE JAN 1      3.77                      6.68  -2.91     6.20

SNOWFALL (IN)
  YESTERDAY       MM            MM      MM  MM     MM       MM
  MONTH TO DATE   MM                        MM     MM       MM
  SINCE MAR 1     MM                        MM     MM       MM
  SINCE JUL 1     MM                        MM     MM       MM
  SNOW DEPTH      MM

DEGREE DAYS
 HEATING
  YESTERDAY       29                        25      4       22
  MONTH TO DATE   29                        25      4       22
  SINCE MAR 1     29                        25      4       22
  SINCE JUL 1   4149                      3664    485     4134

 COOLING
  YESTERDAY        0                         0      0        0
  MONTH TO DATE    0                         0      0        0
  SINCE MAR 1      0                         0      0        0
  SINCE JAN 1      0                         0      0        0
..................................................................


WIND (MPH)
  HIGHEST WIND SPEED    13   HIGHEST WIND DIRECTION    SW (210)
  HIGHEST GUST SPEED    17   HIGHEST GUST DIRECTION    SW (220)
  AVERAGE WIND SPEED     5.6


SKY COVER
  POSSIBLE SUNSHINE  MM
  AVERAGE SKY COVER 0.5


WEATHER CONDITIONS
 THE FOLLOWING WEATHER WAS RECORDED YESTERDAY.
  LIGHT RAIN
  LT FREEZING RAIN
  FOG


RELATIVE HUMIDITY (PERCENT)
 HIGHEST   100           600 PM
 LOWEST     49          1200 AM
 AVERAGE    75

..........................................................


THE FRANKFORT KY CLIMATE NORMALS FOR TODAY
                         NORMAL    RECORD    YEAR
 MAXIMUM TEMPERATURE (F)   51        75      1976
 MINIMUM TEMPERATURE (F)   30         3      1980


SUNRISE AND SUNSET
MARCH  2 2015.........SUNRISE   710 AM EST   SUNSET   634 PM EST
MARCH  3 2015.........SUNRISE   709 AM EST   SUNSET   635 PM EST


-  INDICATES NEGATIVE NUMBERS.
R  INDICATES RECORD WAS SET OR TIED.
MM INDICATES DATA IS MISSING.
T  INDICATES TRACE AMOUNT.




$$
