000
CDUS43 KLMK 110641
CLIFFT


CLIMATE REPORT
NATIONAL WEATHER SERVICE LOUISVILLE KY
141 AM EST MON DEC 11 2017


...................................

...THE FRANKFORT KY CLIMATE SUMMARY FOR DECEMBER 10 2017...

CLIMATE NORMAL PERIOD 1981 TO 2010
CLIMATE RECORD PERIOD 1895 TO 2017


WEATHER ITEM   OBSERVED TIME   RECORD YEAR NORMAL DEPARTURE LAST
                VALUE   (LST)  VALUE       VALUE  FROM      YEAR
                                                  NORMAL
..................................................................
TEMPERATURE (F)
 YESTERDAY
  MAXIMUM         40    401 PM  70    1952  46     -6       34
  MINIMUM         18    658 AM  -8    1917  27     -9       14
  AVERAGE         29                        36     -7       24

PRECIPITATION (IN)
  YESTERDAY        0.00          2.35 1952   0.15  -0.15      T
  MONTH TO DATE    0.61                      1.45  -0.84     0.94
  SINCE DEC 1      0.61                      1.45  -0.84     0.94
  SINCE JAN 1     47.52                     43.06   4.46    41.18

SNOWFALL (IN)
  YESTERDAY       MM            MM      MM  MM     MM       MM
  MONTH TO DATE   MM                        MM     MM       MM
  SINCE DEC 1     MM                        MM     MM       MM
  SINCE JUL 1     MM                        MM     MM       MM
  SNOW DEPTH      MM

DEGREE DAYS
 HEATING
  YESTERDAY       36                        28      8       41
  MONTH TO DATE  278                       268     10      292
  SINCE DEC 1    278                       268     10      292
  SINCE JUL 1   1086                      1179    -93      910

 COOLING
  YESTERDAY        0                         0      0        0
  MONTH TO DATE    0                         0      0        0
  SINCE DEC 1      0                         0      0        0
  SINCE JAN 1   1279                      1155    124     1639
..................................................................


WIND (MPH)
  HIGHEST WIND SPEED    20   HIGHEST WIND DIRECTION    SW (210)
  HIGHEST GUST SPEED    29   HIGHEST GUST DIRECTION    SW (220)
  AVERAGE WIND SPEED     9.0


SKY COVER
  POSSIBLE SUNSHINE  MM
  AVERAGE SKY COVER 0.2


WEATHER CONDITIONS
 THE FOLLOWING WEATHER WAS RECORDED YESTERDAY.
  NO SIGNIFICANT WEATHER WAS OBSERVED.


RELATIVE HUMIDITY (PERCENT)
 HIGHEST    80           700 AM
 LOWEST     40           300 PM
 AVERAGE    60

..........................................................


THE FRANKFORT KY CLIMATE NORMALS FOR TODAY
                         NORMAL    RECORD    YEAR
 MAXIMUM TEMPERATURE (F)   45        72      1971
 MINIMUM TEMPERATURE (F)   27       -17      1917


SUNRISE AND SUNSET
DECEMBER 11 2017......SUNRISE   746 AM EST   SUNSET   520 PM EST
DECEMBER 12 2017......SUNRISE   747 AM EST   SUNSET   520 PM EST


-  INDICATES NEGATIVE NUMBERS.
R  INDICATES RECORD WAS SET OR TIED.
MM INDICATES DATA IS MISSING.
T  INDICATES TRACE AMOUNT.




$$
