000
CDUS43 KLMK 280632
CLIFFT


CLIMATE REPORT
NATIONAL WEATHER SERVICE LOUISVILLE KY
131 AM EST MON NOV 28 2016


...................................

...THE FRANKFORT KY CLIMATE SUMMARY FOR NOVEMBER 27 2016...

CLIMATE NORMAL PERIOD 1981 TO 2010
CLIMATE RECORD PERIOD 1895 TO 2016


WEATHER ITEM   OBSERVED TIME   RECORD YEAR NORMAL DEPARTURE LAST
                VALUE   (LST)  VALUE       VALUE  FROM      YEAR
                                                  NORMAL
..................................................................
TEMPERATURE (F)
 YESTERDAY
  MAXIMUM         53    351 PM  75    1927  51      2       67
  MINIMUM         24    548 AM   7    1930  32     -8       47
  AVERAGE         39                        41     -2       57

PRECIPITATION (IN)
  YESTERDAY        0.00          2.00 2001   0.13  -0.13     0.04
  MONTH TO DATE    0.63                      3.33  -2.70     2.62
  SINCE SEP 1      3.33                      9.90  -6.57    10.25
  SINCE JAN 1     39.38                     41.21  -1.83    53.89

SNOWFALL (IN)
  YESTERDAY       MM            MM      MM  MM     MM       MM
  MONTH TO DATE   MM                        MM     MM       MM
  SINCE SEP 1     MM                        MM     MM       MM
  SINCE JUL 1     MM                        MM     MM       MM
  SNOW DEPTH      MM

DEGREE DAYS
 HEATING
  YESTERDAY       26                        24      2        8
  MONTH TO DATE  435                       497    -62      417
  SINCE SEP 1    580                       837   -257      682
  SINCE JUL 1    580                       838   -258      683

 COOLING
  YESTERDAY        0                         0      0        0
  MONTH TO DATE   12                         0     12        3
  SINCE SEP 1    348                       152    196      194
  SINCE JAN 1   1639                      1154    485     1232
..................................................................


WIND (MPH)
  HIGHEST WIND SPEED     9   HIGHEST WIND DIRECTION     S (160)
  HIGHEST GUST SPEED    12   HIGHEST GUST DIRECTION    SE (150)
  AVERAGE WIND SPEED     3.2


SKY COVER
  POSSIBLE SUNSHINE  MM
  AVERAGE SKY COVER 0.0


WEATHER CONDITIONS
 THE FOLLOWING WEATHER WAS RECORDED YESTERDAY.
  FOG
  HAZE


RELATIVE HUMIDITY (PERCENT)
 HIGHEST    88           600 AM
 LOWEST     38           300 PM
 AVERAGE    63

..........................................................


THE FRANKFORT KY CLIMATE NORMALS FOR TODAY
                         NORMAL    RECORD    YEAR
 MAXIMUM TEMPERATURE (F)   51        77      1990
 MINIMUM TEMPERATURE (F)   31        10      1955
                                             1930


SUNRISE AND SUNSET
NOVEMBER 28 2016......SUNRISE   735 AM EST   SUNSET   520 PM EST
NOVEMBER 29 2016......SUNRISE   736 AM EST   SUNSET   520 PM EST


-  INDICATES NEGATIVE NUMBERS.
R  INDICATES RECORD WAS SET OR TIED.
MM INDICATES DATA IS MISSING.
T  INDICATES TRACE AMOUNT.




$$
