000
CDUS43 KLMK 272033
CLIFFT


CLIMATE REPORT
NATIONAL WEATHER SERVICE LOUISVILLE KY
432 PM EDT SAT SEP 27 2014


...................................

...THE FRANKFORT KY CLIMATE SUMMARY FOR SEPTEMBER 27 2014...
VALID TODAY AS OF 0400 PM LOCAL TIME.

CLIMATE NORMAL PERIOD 1981 TO 2010
CLIMATE RECORD PERIOD 1895 TO 2014


WEATHER ITEM   OBSERVED TIME   RECORD YEAR NORMAL DEPARTURE LAST
                VALUE   (LST)  VALUE       VALUE  FROM      YEAR
                                                  NORMAL
..................................................................
TEMPERATURE (F)
 TODAY
  MAXIMUM         83    259 PM  92    1939  75      8       81
  MINIMUM         54    641 AM  35    1991  51      3       49
  AVERAGE         69                        63      6       65

PRECIPITATION (IN)
  TODAY            0.00          1.42 2002   0.12  -0.12     0.00
                                      1971
  MONTH TO DATE    2.83                      2.96  -0.13     1.71
  SINCE SEP 1      2.83                      2.96  -0.13     1.71
  SINCE JAN 1     36.12                     34.27   1.85    36.77

SNOWFALL (IN)
  TODAY           MM            MM      MM  MM     MM       MM
  MONTH TO DATE   MM                        MM     MM       MM
  SINCE SEP 1     MM                        MM     MM       MM
  SINCE JUL 1     MM                        MM     MM       MM
  SNOW DEPTH      MM

DEGREE DAYS
 HEATING
  TODAY            0                         4     -4        0
  MONTH TO DATE   58                        38     20       24
  SINCE SEP 1     58                        38     20       24
  SINCE JUL 1     61                        39     22       28

 COOLING
  TODAY            4                         2      2        0
  MONTH TO DATE  115                       126    -11      146
  SINCE SEP 1    115                       126    -11      146
  SINCE JAN 1   1041                      1128    -87     1082
..................................................................


WIND (MPH)
  HIGHEST WIND SPEED    10   HIGHEST WIND DIRECTION    NE (50)
  HIGHEST GUST SPEED    14   HIGHEST GUST DIRECTION     E (90)
  AVERAGE WIND SPEED     2.4


SKY COVER
  POSSIBLE SUNSHINE  MM
  AVERAGE SKY COVER 0.1


WEATHER CONDITIONS
 THE FOLLOWING WEATHER WAS RECORDED TODAY.
  FOG
  HAZE


RELATIVE HUMIDITY (PERCENT)
 HIGHEST    93           300 AM
 LOWEST     45           300 PM
 AVERAGE    69

..........................................................


THE FRANKFORT KY CLIMATE NORMALS FOR TOMORROW
                         NORMAL    RECORD    YEAR
 MAXIMUM TEMPERATURE (F)   75        95      1939
 MINIMUM TEMPERATURE (F)   50        31      1942


SUNRISE AND SUNSET
SEPTEMBER 27 2014.....SUNRISE   732 AM EDT   SUNSET   729 PM EDT
SEPTEMBER 28 2014.....SUNRISE   733 AM EDT   SUNSET   727 PM EDT


-  INDICATES NEGATIVE NUMBERS.
R  INDICATES RECORD WAS SET OR TIED.
MM INDICATES DATA IS MISSING.
T  INDICATES TRACE AMOUNT.




$$
