000
CDUS43 KLMK 092133
CLIFFT


CLIMATE REPORT
NATIONAL WEATHER SERVICE LOUISVILLE KY
432 PM EST MON JAN 9 2017


...................................

...THE FRANKFORT KY CLIMATE SUMMARY FOR JANUARY 9 2017...
VALID TODAY AS OF 0400 PM LOCAL TIME.

CLIMATE NORMAL PERIOD 1981 TO 2010
CLIMATE RECORD PERIOD 1895 TO 2017


WEATHER ITEM   OBSERVED TIME   RECORD YEAR NORMAL DEPARTURE LAST
                VALUE   (LST)  VALUE       VALUE  FROM      YEAR
                                                  NORMAL
..................................................................
TEMPERATURE (F)
 TODAY
  MAXIMUM         38    340 PM  70    1930  41     -3       54
  MINIMUM         17   1217 AM  -4    1970  23     -6       45
                                      1968
  AVERAGE         28                        32     -4       50

PRECIPITATION (IN)
  TODAY            0.00          1.75 1920   0.10  -0.10     0.38
  MONTH TO DATE    0.76                      1.03  -0.27     0.68
  SINCE DEC 1      6.23                      5.04   1.19     6.94
  SINCE JAN 1      0.76                      1.03  -0.27     0.68

SNOWFALL (IN)
  TODAY           MM            MM      MM  MM     MM       MM
  MONTH TO DATE   MM                        MM     MM       MM
  SINCE DEC 1     MM                        MM     MM       MM
  SINCE JUL 1     MM                        MM     MM       MM
  SNOW DEPTH      MM

DEGREE DAYS
 HEATING
  TODAY           37                        33      4       15
  MONTH TO DATE  315                       297     18      256
  SINCE DEC 1   1188                      1218    -30      786
  SINCE JUL 1   1806                      2129   -323     1520

 COOLING
  TODAY            0                         0      0        0
  MONTH TO DATE    0                         0      0        0
  SINCE DEC 1      0                         0      0        1
  SINCE JAN 1      0                         0      0        0
..................................................................


WIND (MPH)
  HIGHEST WIND SPEED    18   HIGHEST WIND DIRECTION    SW (210)
  HIGHEST GUST SPEED    23   HIGHEST GUST DIRECTION     S (200)
  AVERAGE WIND SPEED     9.3


SKY COVER
  POSSIBLE SUNSHINE  MM
  AVERAGE SKY COVER 0.3


WEATHER CONDITIONS
 THE FOLLOWING WEATHER WAS RECORDED TODAY.
  NO SIGNIFICANT WEATHER WAS OBSERVED.


RELATIVE HUMIDITY (PERCENT)
 HIGHEST    62           400 AM
 LOWEST     40           200 PM
 AVERAGE    51

..........................................................


THE FRANKFORT KY CLIMATE NORMALS FOR TOMORROW
                         NORMAL    RECORD    YEAR
 MAXIMUM TEMPERATURE (F)   41        68      1930
 MINIMUM TEMPERATURE (F)   23       -10      1982


SUNRISE AND SUNSET
JANUARY  9 2017.......SUNRISE   756 AM EST   SUNSET   538 PM EST
JANUARY 10 2017.......SUNRISE   756 AM EST   SUNSET   539 PM EST


-  INDICATES NEGATIVE NUMBERS.
R  INDICATES RECORD WAS SET OR TIED.
MM INDICATES DATA IS MISSING.
T  INDICATES TRACE AMOUNT.




$$
