000
CDUS43 KLMK 190633
CLIFFT


CLIMATE REPORT
NATIONAL WEATHER SERVICE LOUISVILLE KY
233 AM EDT SUN MAR 19 2017


...................................

...THE FRANKFORT KY CLIMATE SUMMARY FOR MARCH 18 2017...

CLIMATE NORMAL PERIOD 1981 TO 2010
CLIMATE RECORD PERIOD 1895 TO 2017


WEATHER ITEM   OBSERVED TIME   RECORD YEAR NORMAL DEPARTURE LAST
                VALUE   (LST)  VALUE       VALUE  FROM      YEAR
                                                  NORMAL
..................................................................
TEMPERATURE (F)
 YESTERDAY
  MAXIMUM         51    828 AM  80    1908  57     -6       64
  MINIMUM         38   1159 PM   9    1941  34      4       33
  AVERAGE         45                        46     -1       49

PRECIPITATION (IN)
  YESTERDAY        0.00          1.70 1896   0.16  -0.16      T
  MONTH TO DATE    2.54                      2.47   0.07     3.85
  SINCE MAR 1      2.54                      2.47   0.07     3.85
  SINCE JAN 1      8.64                      9.02  -0.38     9.87

SNOWFALL (IN)
  YESTERDAY       MM            MM      MM  MM     MM       MM
  MONTH TO DATE   MM                        MM     MM       MM
  SINCE MAR 1     MM                        MM     MM       MM
  SINCE JUL 1     MM                        MM     MM       MM
  SNOW DEPTH      MM

DEGREE DAYS
 HEATING
  YESTERDAY       20                        20      0       16
  MONTH TO DATE  413                       403     10      228
  SINCE MAR 1    413                       403     10      228
  SINCE JUL 1   3183                      4042   -859     3300

 COOLING
  YESTERDAY        0                         0      0        0
  MONTH TO DATE    0                         0      0        0
  SINCE MAR 1      0                         0      0        0
  SINCE JAN 1      3                         0      3        0
..................................................................


WIND (MPH)
  HIGHEST WIND SPEED    22   HIGHEST WIND DIRECTION    NW (320)
  HIGHEST GUST SPEED    30   HIGHEST GUST DIRECTION    NW (310)
  AVERAGE WIND SPEED     9.1


SKY COVER
  POSSIBLE SUNSHINE  MM
  AVERAGE SKY COVER 0.9


WEATHER CONDITIONS
 THE FOLLOWING WEATHER WAS RECORDED YESTERDAY.
  FOG
  FOG W/VISIBILITY <= 1/4 MILE
  HAZE


RELATIVE HUMIDITY (PERCENT)
 HIGHEST    93           200 AM
 LOWEST     53          1200 PM
 AVERAGE    73

..........................................................


THE FRANKFORT KY CLIMATE NORMALS FOR TODAY
                         NORMAL    RECORD    YEAR
 MAXIMUM TEMPERATURE (F)   57        81      1948
                                             1921
                                             1907
 MINIMUM TEMPERATURE (F)   35        15      1967
                                             1959


SUNRISE AND SUNSET
MARCH 19 2017.........SUNRISE   744 AM EDT   SUNSET   751 PM EDT
MARCH 20 2017.........SUNRISE   743 AM EDT   SUNSET   752 PM EDT


-  INDICATES NEGATIVE NUMBERS.
R  INDICATES RECORD WAS SET OR TIED.
MM INDICATES DATA IS MISSING.
T  INDICATES TRACE AMOUNT.




$$
