000
CDUS43 KLMK 212033
CLIFFT


CLIMATE REPORT
NATIONAL WEATHER SERVICE LOUISVILLE KY
432 PM EDT WED JUN 21 2017


...................................

...THE FRANKFORT KY CLIMATE SUMMARY FOR JUNE 21 2017...
VALID TODAY AS OF 0400 PM LOCAL TIME.

CLIMATE NORMAL PERIOD 1981 TO 2010
CLIMATE RECORD PERIOD 1895 TO 2017


WEATHER ITEM   OBSERVED TIME   RECORD YEAR NORMAL DEPARTURE LAST
                VALUE   (LST)  VALUE       VALUE  FROM      YEAR
                                                  NORMAL
..................................................................
TEMPERATURE (F)
 TODAY
  MAXIMUM         89    258 PM 101    1953  85      4       90
  MINIMUM         64    517 AM  47    1980  63      1       71
  AVERAGE         77                        74      3       81

PRECIPITATION (IN)
  TODAY            0.00          1.45 1901   0.11  -0.11     0.04
  MONTH TO DATE    2.66                      3.09  -0.43     2.49
  SINCE JUN 1      2.66                      3.09  -0.43     2.49
  SINCE JAN 1     23.14                     22.56   0.58    22.15

SNOWFALL (IN)
  TODAY           MM            MM      MM  MM     MM       MM
  MONTH TO DATE   MM                        MM     MM       MM
  SINCE JUN 1     MM                        MM     MM       MM
  SINCE JUL 1     MM                        MM     MM       MM
  SNOW DEPTH      MM

DEGREE DAYS
 HEATING
  TODAY            0                         0      0        0
  MONTH TO DATE    1                         9     -8        1
  SINCE JUN 1      1                         9     -8        1
  SINCE JUL 1   3532                      4699  -1167     3874

 COOLING
  TODAY           12                         9      3       16
  MONTH TO DATE  179                       146     33      207
  SINCE JUN 1    179                       146     33      207
  SINCE JAN 1    365                       245    120      322
..................................................................


WIND (MPH)
  HIGHEST WIND SPEED    18   HIGHEST WIND DIRECTION    SW (220)
  HIGHEST GUST SPEED    22   HIGHEST GUST DIRECTION     S (200)
  AVERAGE WIND SPEED     7.6


SKY COVER
  POSSIBLE SUNSHINE  MM
  AVERAGE SKY COVER 0.1


WEATHER CONDITIONS
 THE FOLLOWING WEATHER WAS RECORDED TODAY.
  NO SIGNIFICANT WEATHER WAS OBSERVED.


RELATIVE HUMIDITY (PERCENT)
 HIGHEST    84           500 AM
 LOWEST     43           100 PM
 AVERAGE    64

..........................................................


THE FRANKFORT KY CLIMATE NORMALS FOR TOMORROW
                         NORMAL    RECORD    YEAR
 MAXIMUM TEMPERATURE (F)   85       101      1914
 MINIMUM TEMPERATURE (F)   64        45      1992


SUNRISE AND SUNSET
JUNE 21 2017..........SUNRISE   617 AM EDT   SUNSET   906 PM EDT
JUNE 22 2017..........SUNRISE   617 AM EDT   SUNSET   906 PM EDT


-  INDICATES NEGATIVE NUMBERS.
R  INDICATES RECORD WAS SET OR TIED.
MM INDICATES DATA IS MISSING.
T  INDICATES TRACE AMOUNT.




$$
