695
CDUS43 KLMK 202130
CLIFFT


CLIMATE REPORT
NATIONAL WEATHER SERVICE LOUISVILLE KY
430 PM EST TUE FEB 20 2018


...................................

...THE FRANKFORT KY CLIMATE SUMMARY FOR FEBRUARY 20 2018...
VALID TODAY AS OF 0400 PM LOCAL TIME.

CLIMATE NORMAL PERIOD 1981 TO 2010
CLIMATE RECORD PERIOD 1895 TO 2018


WEATHER ITEM   OBSERVED TIME   RECORD YEAR NORMAL DEPARTURE LAST
                VALUE   (LST)  VALUE       VALUE  FROM      YEAR
                                                  NORMAL
..................................................................
TEMPERATURE (F)
 TODAY
  MAXIMUM         79R   320 PM  73    2016  48     31       72
  MINIMUM         62    113 AM -21    2015  28     34       36
  AVERAGE         71                        38     33       54

PRECIPITATION (IN)
  TODAY            0.00          1.16 1996   0.13  -0.13     0.00
  MONTH TO DATE    3.62                      2.24   1.38     1.23
  SINCE DEC 1      7.03                      9.51  -2.48    10.64
  SINCE JAN 1      5.20                      5.50  -0.30     5.17

SNOWFALL (IN)
  TODAY           MM            MM      MM  MM     MM       MM
  MONTH TO DATE   MM                        MM     MM       MM
  SINCE DEC 1     MM                        MM     MM       MM
  SINCE JUL 1     MM                        MM     MM       MM
  SNOW DEPTH      MM

DEGREE DAYS
 HEATING
  TODAY            0                        27    -27       11
  MONTH TO DATE  487                       590   -103      435
  SINCE DEC 1   2472                      2517    -45     2068
  SINCE JUL 1   3280                      3428   -148     2686

 COOLING
  TODAY            6                         0      6        0
  MONTH TO DATE    7                         0      7        0
  SINCE DEC 1      7                         0      7        0
  SINCE JAN 1      7                         0      7        0
..................................................................


WIND (MPH)
  HIGHEST WIND SPEED    29   HIGHEST WIND DIRECTION     S (200)
  HIGHEST GUST SPEED    42   HIGHEST GUST DIRECTION     S (200)
  AVERAGE WIND SPEED    16.8


SKY COVER
  POSSIBLE SUNSHINE  MM
  AVERAGE SKY COVER 0.1


WEATHER CONDITIONS
 THE FOLLOWING WEATHER WAS RECORDED TODAY.
  NO SIGNIFICANT WEATHER WAS OBSERVED.


RELATIVE HUMIDITY (PERCENT)
 HIGHEST    72          1200 AM
 LOWEST     39           400 PM
 AVERAGE    56

..........................................................


THE FRANKFORT KY CLIMATE NORMALS FOR TOMORROW
                         NORMAL    RECORD    YEAR
 MAXIMUM TEMPERATURE (F)   48        73      2017
 MINIMUM TEMPERATURE (F)   28         3      1963


SUNRISE AND SUNSET
FEBRUARY 20 2018......SUNRISE   724 AM EST   SUNSET   624 PM EST
FEBRUARY 21 2018......SUNRISE   722 AM EST   SUNSET   625 PM EST


-  INDICATES NEGATIVE NUMBERS.
R  INDICATES RECORD WAS SET OR TIED.
MM INDICATES DATA IS MISSING.
T  INDICATES TRACE AMOUNT.




$$
