000
CDUS43 KLMK 140631
CLIFFT


CLIMATE REPORT
NATIONAL WEATHER SERVICE LOUISVILLE KY
230 AM EDT MON APR 14 2014


...................................

...THE FRANKFORT KY CLIMATE SUMMARY FOR APRIL 13 2014...

CLIMATE NORMAL PERIOD 1981 TO 2010
CLIMATE RECORD PERIOD 1895 TO 2014


WEATHER ITEM   OBSERVED TIME   RECORD YEAR NORMAL DEPARTURE LAST
                VALUE   (LST)  VALUE       VALUE  FROM      YEAR
                                                  NORMAL
..................................................................
TEMPERATURE (F)
 YESTERDAY
  MAXIMUM         82    349 PM  86    1941  66     16       61
                                      1930
  MINIMUM         63    134 AM  23    1939  43     20       33
  AVERAGE         73                        54     19       47

PRECIPITATION (IN)
  YESTERDAY        0.00          2.83 1948   0.11  -0.11     0.00
  MONTH TO DATE    2.36                      1.46   0.90     0.85
  SINCE MAR 1      4.58                      5.84  -1.26     5.04
  SINCE JAN 1     10.78                     12.39  -1.61    11.68

SNOWFALL (IN)
  YESTERDAY       MM            MM      MM  MM     MM       MM
  MONTH TO DATE   MM                        MM     MM       MM
  SINCE MAR 1     MM                        MM     MM       MM
  SINCE JUL 1     MM                        MM     MM       MM
  SNOW DEPTH      MM

DEGREE DAYS
 HEATING
  YESTERDAY        0                        11    -11       18
  MONTH TO DATE  107                       170    -63      169
  SINCE MAR 1    859                       795     64      985
  SINCE JUL 1   4971                      4434    537     4523

 COOLING
  YESTERDAY        8                         1      7        0
  MONTH TO DATE    8                         5      3        8
  SINCE MAR 1      8                         7      1        8
  SINCE JAN 1      8                         7      1        8
..................................................................


WIND (MPH)
  HIGHEST WIND SPEED    28   HIGHEST WIND DIRECTION     S (190)
  HIGHEST GUST SPEED    37   HIGHEST GUST DIRECTION    SW (210)
  AVERAGE WIND SPEED    14.8


SKY COVER
  POSSIBLE SUNSHINE  MM
  AVERAGE SKY COVER 0.1


WEATHER CONDITIONS
 THE FOLLOWING WEATHER WAS RECORDED YESTERDAY.
  NO SIGNIFICANT WEATHER WAS OBSERVED.


RELATIVE HUMIDITY (PERCENT)
 HIGHEST    65           100 AM
 LOWEST     23           400 PM
 AVERAGE    44

..........................................................


THE FRANKFORT KY CLIMATE NORMALS FOR TODAY
                         NORMAL    RECORD    YEAR
 MAXIMUM TEMPERATURE (F)   67        86      2006
 MINIMUM TEMPERATURE (F)   43        23      1940


SUNRISE AND SUNSET
APRIL 14 2014.........SUNRISE   705 AM EDT   SUNSET   815 PM EDT
APRIL 15 2014.........SUNRISE   704 AM EDT   SUNSET   816 PM EDT


-  INDICATES NEGATIVE NUMBERS.
R  INDICATES RECORD WAS SET OR TIED.
MM INDICATES DATA IS MISSING.
T  INDICATES TRACE AMOUNT.

$$

SCHOETTMER
