275
CDUS43 KLMK 152028
CLIFFT

CLIMATE REPORT
NATIONAL WEATHER SERVICE LOUISVILLE KY
426 PM EDT FRI MAY 15 2015


...................................

...THE FRANKFORT KY CLIMATE SUMMARY FOR MAY 15 2015...
VALID TODAY AS OF 0400 PM LOCAL TIME.

CLIMATE NORMAL PERIOD 1981 TO 2010
CLIMATE RECORD PERIOD 1895 TO 2015


WEATHER ITEM   OBSERVED TIME   RECORD YEAR NORMAL DEPARTURE LAST
                VALUE   (LST)  VALUE       VALUE  FROM      YEAR
                                                  NORMAL
..................................................................
TEMPERATURE (F)
 TODAY
  MAXIMUM         85    251 PM  91    1962  75     10       65
                                      1916
  MINIMUM         59    205 AM  33    1996  52      7       44
  AVERAGE         72                        64      8       55

PRECIPITATION (IN)
  TODAY            0.00          2.75 1942   0.16  -0.16     0.25
  MONTH TO DATE    0.05                      2.43  -2.38     3.23
  SINCE MAR 1     18.97                     10.50   8.47    12.06
  SINCE JAN 1     22.53                     17.05   5.48    18.26

SNOWFALL (IN)
  TODAY           MM            MM      MM  MM     MM       MM
  MONTH TO DATE   MM                        MM     MM       MM
  SINCE MAR 1     MM                        MM     MM       MM
  SINCE JUL 1     MM                        MM     MM       MM
  SNOW DEPTH      MM

DEGREE DAYS
 HEATING
  TODAY            0                         4     -4       10
  MONTH TO DATE   31                        72    -41       48
  SINCE MAR 1    976                      1011    -35     1050
  SINCE JUL 1   5096                      4650    446     5162

 COOLING
  TODAY            7                         2      5        0
  MONTH TO DATE   62                        22     40       46
  SINCE MAR 1     70                        42     28       54
  SINCE JAN 1     70                        42     28       54
..................................................................


WIND (MPH)
  HIGHEST WIND SPEED    21   HIGHEST WIND DIRECTION    SW (230)
  HIGHEST GUST SPEED    29   HIGHEST GUST DIRECTION    SW (240)
  AVERAGE WIND SPEED     7.6


SKY COVER
  POSSIBLE SUNSHINE  MM
  AVERAGE SKY COVER 0.6


WEATHER CONDITIONS
 THE FOLLOWING WEATHER WAS RECORDED TODAY.
  NO SIGNIFICANT WEATHER WAS OBSERVED.


RELATIVE HUMIDITY (PERCENT)
 HIGHEST    84           300 AM
 LOWEST     47           200 PM
 AVERAGE    66

..........................................................


THE FRANKFORT KY CLIMATE NORMALS FOR TOMORROW
                         NORMAL    RECORD    YEAR
 MAXIMUM TEMPERATURE (F)   76        90      1962
                                             1915
 MINIMUM TEMPERATURE (F)   52        33      1997


SUNRISE AND SUNSET
MAY 15 2015...........SUNRISE   629 AM EDT   SUNSET   843 PM EDT
MAY 16 2015...........SUNRISE   628 AM EDT   SUNSET   844 PM EDT


-  INDICATES NEGATIVE NUMBERS.
R  INDICATES RECORD WAS SET OR TIED.
MM INDICATES DATA IS MISSING.
T  INDICATES TRACE AMOUNT.




$$
