709
CDUS43 KLMK 200626
CLIFFT


CLIMATE REPORT
NATIONAL WEATHER SERVICE LOUISVILLE KY
226 AM EDT WED SEP 20 2017


...................................

...THE FRANKFORT KY CLIMATE SUMMARY FOR SEPTEMBER 19 2017...

CLIMATE NORMAL PERIOD 1981 TO 2010
CLIMATE RECORD PERIOD 1895 TO 2017


WEATHER ITEM   OBSERVED TIME   RECORD YEAR NORMAL DEPARTURE LAST
                VALUE   (LST)  VALUE       VALUE  FROM      YEAR
                                                  NORMAL
..................................................................
TEMPERATURE (F)
 YESTERDAY
  MAXIMUM         77    347 PM  98    1953  78     -1       87
  MINIMUM         64   1136 PM  37    1916  54     10       63
  AVERAGE         71                        66      5       75

PRECIPITATION (IN)
  YESTERDAY        0.66          1.17 1966   0.09   0.57     0.00
  MONTH TO DATE    4.96                      2.15   2.81     0.92
  SINCE SEP 1      4.96                      2.15   2.81     0.92
  SINCE JAN 1     38.68                     33.46   5.22    36.97

SNOWFALL (IN)
  YESTERDAY       MM            MM      MM  MM     MM       MM
  MONTH TO DATE   MM                        MM     MM       MM
  SINCE SEP 1     MM                        MM     MM       MM
  SINCE JUL 1     MM                        MM     MM       MM
  SNOW DEPTH      MM

DEGREE DAYS
 HEATING
  YESTERDAY        0                         2     -2        0
  MONTH TO DATE   29                        13     16        0
  SINCE SEP 1     29                        13     16        0
  SINCE JUL 1     29                        14     15        0

 COOLING
  YESTERDAY        6                         3      3       10
  MONTH TO DATE   54                       106    -52      195
  SINCE SEP 1     54                       106    -52      195
  SINCE JAN 1   1141                      1108     33     1486
..................................................................


WIND (MPH)
  HIGHEST WIND SPEED    10   HIGHEST WIND DIRECTION    SE (120)
  HIGHEST GUST SPEED    12   HIGHEST GUST DIRECTION    NW (300)
  AVERAGE WIND SPEED     2.6


SKY COVER
  POSSIBLE SUNSHINE  MM
  AVERAGE SKY COVER 0.7


WEATHER CONDITIONS
 THE FOLLOWING WEATHER WAS RECORDED YESTERDAY.
  THUNDERSTORM
  HEAVY RAIN
  RAIN
  LIGHT RAIN
  FOG
  HAZE


RELATIVE HUMIDITY (PERCENT)
 HIGHEST    93           900 PM
 LOWEST     73          1200 AM
 AVERAGE    83

..........................................................


THE FRANKFORT KY CLIMATE NORMALS FOR TODAY
                         NORMAL    RECORD    YEAR
 MAXIMUM TEMPERATURE (F)   78        97      1954
 MINIMUM TEMPERATURE (F)   54        37      1897


SUNRISE AND SUNSET
SEPTEMBER 20 2017.....SUNRISE   726 AM EDT   SUNSET   739 PM EDT
SEPTEMBER 21 2017.....SUNRISE   727 AM EDT   SUNSET   738 PM EDT


-  INDICATES NEGATIVE NUMBERS.
R  INDICATES RECORD WAS SET OR TIED.
MM INDICATES DATA IS MISSING.
T  INDICATES TRACE AMOUNT.




$$
