000
CDUS43 KLMK 162131
CLIFFT


CLIMATE REPORT
NATIONAL WEATHER SERVICE LOUISVILLE KY
431 PM EST THU FEB 16 2017


...................................

...THE FRANKFORT KY CLIMATE SUMMARY FOR FEBRUARY 16 2017...
VALID TODAY AS OF 0400 PM LOCAL TIME.

CLIMATE NORMAL PERIOD 1981 TO 2010
CLIMATE RECORD PERIOD 1895 TO 2017


WEATHER ITEM   OBSERVED TIME   RECORD YEAR NORMAL DEPARTURE LAST
                VALUE   (LST)  VALUE       VALUE  FROM      YEAR
                                                  NORMAL
..................................................................
TEMPERATURE (F)
 TODAY
  MAXIMUM         50    359 PM  75    1954  46      4       37
  MINIMUM         27    300 AM  -1    1905  27      0       27
  AVERAGE         39                        36      3       32

PRECIPITATION (IN)
  TODAY            0.00          2.87 1903   0.11  -0.11     0.12
  MONTH TO DATE    1.09                      1.74  -0.65     2.64
  SINCE DEC 1     10.50                      9.01   1.49    10.35
  SINCE JAN 1      5.03                      5.00   0.03     4.09

SNOWFALL (IN)
  TODAY           MM            MM      MM  MM     MM       MM
  MONTH TO DATE   MM                        MM     MM       MM
  SINCE DEC 1     MM                        MM     MM       MM
  SINCE JUL 1     MM                        MM     MM       MM
  SNOW DEPTH      MM

DEGREE DAYS
 HEATING
  TODAY           26                        28     -2       33
  MONTH TO DATE  382                       479    -97      524
  SINCE DEC 1   2015                      2406   -391     2084
  SINCE JUL 1   2633                      3317   -684     2818

 COOLING
  TODAY            0                         0      0        0
  MONTH TO DATE    0                         0      0        0
  SINCE DEC 1      0                         0      0        1
  SINCE JAN 1      0                         0      0        0
..................................................................


WIND (MPH)
  HIGHEST WIND SPEED    10   HIGHEST WIND DIRECTION     W (270)
  HIGHEST GUST SPEED    15   HIGHEST GUST DIRECTION     W (260)
  AVERAGE WIND SPEED     4.5


SKY COVER
  POSSIBLE SUNSHINE  MM
  AVERAGE SKY COVER 0.6


WEATHER CONDITIONS
 THE FOLLOWING WEATHER WAS RECORDED TODAY.
  NO SIGNIFICANT WEATHER WAS OBSERVED.


RELATIVE HUMIDITY (PERCENT)
 HIGHEST    58           300 AM
 LOWEST     18           400 PM
 AVERAGE    38

..........................................................


THE FRANKFORT KY CLIMATE NORMALS FOR TOMORROW
                         NORMAL    RECORD    YEAR
 MAXIMUM TEMPERATURE (F)   47        73      1927
 MINIMUM TEMPERATURE (F)   27        -9      2015


SUNRISE AND SUNSET
FEBRUARY 16 2017......SUNRISE   728 AM EST   SUNSET   619 PM EST
FEBRUARY 17 2017......SUNRISE   727 AM EST   SUNSET   621 PM EST


-  INDICATES NEGATIVE NUMBERS.
R  INDICATES RECORD WAS SET OR TIED.
MM INDICATES DATA IS MISSING.
T  INDICATES TRACE AMOUNT.




$$
