000
CDUS43 KLMK 210630
CLIFFT


CLIMATE REPORT
NATIONAL WEATHER SERVICE LOUISVILLE KY
129 AM EST FRI NOV 21 2014


...................................

...THE FRANKFORT KY CLIMATE SUMMARY FOR NOVEMBER 20 2014...

CLIMATE NORMAL PERIOD 1981 TO 2010
CLIMATE RECORD PERIOD 1895 TO 2014


WEATHER ITEM   OBSERVED TIME   RECORD YEAR NORMAL DEPARTURE LAST
                VALUE   (LST)  VALUE       VALUE  FROM      YEAR
                                                  NORMAL
..................................................................
TEMPERATURE (F)
 YESTERDAY
  MAXIMUM         34   1214 AM  78    1985  54    -20       54
  MINIMUM         21   1155 PM  10    1914  34    -13       27
  AVERAGE         28                        44    -16       41

PRECIPITATION (IN)
  YESTERDAY        0.00          2.26 1906   0.13  -0.13     0.00
  MONTH TO DATE    1.14                      2.38  -1.24     2.19
  SINCE SEP 1      8.58                      8.95  -0.37     9.68
  SINCE JAN 1     41.87                     40.26   1.61    44.74

SNOWFALL (IN)
  YESTERDAY       MM            MM      MM  MM     MM       MM
  MONTH TO DATE   MM                        MM     MM       MM
  SINCE SEP 1     MM                        MM     MM       MM
  SINCE JUL 1     MM                        MM     MM       MM
  SNOW DEPTH      MM

DEGREE DAYS
 HEATING
  YESTERDAY       37                        21     16       24
  MONTH TO DATE  537                       340    197      391
  SINCE SEP 1    886                       680    206      726
  SINCE JUL 1    889                       681    208      730

 COOLING
  YESTERDAY        0                         0      0        0
  MONTH TO DATE    0                         0      0        0
  SINCE SEP 1    144                       152     -8      191
  SINCE JAN 1   1070                      1154    -84     1127
..................................................................


WIND (MPH)
  HIGHEST WIND SPEED    16   HIGHEST WIND DIRECTION     W (270)
  HIGHEST GUST SPEED    21   HIGHEST GUST DIRECTION     W (270)
  AVERAGE WIND SPEED     6.3


SKY COVER
  POSSIBLE SUNSHINE  MM
  AVERAGE SKY COVER 0.3


WEATHER CONDITIONS
 THE FOLLOWING WEATHER WAS RECORDED YESTERDAY.
  NO SIGNIFICANT WEATHER WAS OBSERVED.


RELATIVE HUMIDITY (PERCENT)
 HIGHEST    77           800 AM
 LOWEST     45           100 PM
 AVERAGE    61

..........................................................


THE FRANKFORT KY CLIMATE NORMALS FOR TODAY
                         NORMAL    RECORD    YEAR
 MAXIMUM TEMPERATURE (F)   54        77      1934
 MINIMUM TEMPERATURE (F)   34        15      1951


SUNRISE AND SUNSET
NOVEMBER 21 2014......SUNRISE   727 AM EST   SUNSET   524 PM EST
NOVEMBER 22 2014......SUNRISE   728 AM EST   SUNSET   523 PM EST


-  INDICATES NEGATIVE NUMBERS.
R  INDICATES RECORD WAS SET OR TIED.
MM INDICATES DATA IS MISSING.
T  INDICATES TRACE AMOUNT.




$$
