000
CDUS43 KLMK 132027
CLIFFT


CLIMATE REPORT
NATIONAL WEATHER SERVICE LOUISVILLE KY
427 PM EDT SAT SEP 13 2014


...................................

...THE FRANKFORT KY CLIMATE SUMMARY FOR SEPTEMBER 13 2014...
VALID TODAY AS OF 0400 PM LOCAL TIME.

CLIMATE NORMAL PERIOD 1981 TO 2010
CLIMATE RECORD PERIOD 1895 TO 2014


WEATHER ITEM   OBSERVED TIME   RECORD YEAR NORMAL DEPARTURE LAST
                VALUE   (LST)  VALUE       VALUE  FROM      YEAR
                                                  NORMAL
..................................................................
TEMPERATURE (F)
 TODAY
  MAXIMUM         66    259 PM 101    1939  81    -15       70
  MINIMUM         57   1101 AM  42    1953  57      0       49
                                      1940
                                      1902
  AVERAGE         62                        69     -7       60

PRECIPITATION (IN)
  TODAY            0.00          1.60 1947   0.13  -0.13     0.00
  MONTH TO DATE    2.74                      1.53   1.21     0.09
  SINCE SEP 1      2.74                      1.53   1.21     0.09
  SINCE JAN 1     36.03                     32.84   3.19    35.15

SNOWFALL (IN)
  TODAY           MM            MM      MM  MM     MM       MM
  MONTH TO DATE   MM                        MM     MM       MM
  SINCE SEP 1     MM                        MM     MM       MM
  SINCE JUL 1     MM                        MM     MM       MM
  SNOW DEPTH      MM

DEGREE DAYS
 HEATING
  TODAY            3                         1      2        5
  MONTH TO DATE    6                         4      2        5
  SINCE SEP 1      6                         4      2        5
  SINCE JUL 1      9                         5      4        9

 COOLING
  TODAY            0                         5     -5        0
  MONTH TO DATE  100                        83     17      118
  SINCE SEP 1    100                        83     17      118
  SINCE JAN 1   1026                      1085    -59     1054
..................................................................


WIND (MPH)
  HIGHEST WIND SPEED    14   HIGHEST WIND DIRECTION     N (340)
  HIGHEST GUST SPEED    20   HIGHEST GUST DIRECTION    NW (320)
  AVERAGE WIND SPEED     7.7


SKY COVER
  POSSIBLE SUNSHINE  MM
  AVERAGE SKY COVER 1.0


WEATHER CONDITIONS
 THE FOLLOWING WEATHER WAS RECORDED TODAY.
  NO SIGNIFICANT WEATHER WAS OBSERVED.


RELATIVE HUMIDITY (PERCENT)
 HIGHEST    90          1200 AM
 LOWEST     48           300 PM
 AVERAGE    69

..........................................................


THE FRANKFORT KY CLIMATE NORMALS FOR TOMORROW
                         NORMAL    RECORD    YEAR
 MAXIMUM TEMPERATURE (F)   80       103      1939
 MINIMUM TEMPERATURE (F)   57        36      1902


SUNRISE AND SUNSET
SEPTEMBER 13 2014.....SUNRISE   720 AM EDT   SUNSET   751 PM EDT
SEPTEMBER 14 2014.....SUNRISE   720 AM EDT   SUNSET   749 PM EDT


-  INDICATES NEGATIVE NUMBERS.
R  INDICATES RECORD WAS SET OR TIED.
MM INDICATES DATA IS MISSING.
T  INDICATES TRACE AMOUNT.




$$
