000
CDUS43 KLMK 160634
CLIFFT


CLIMATE REPORT
NATIONAL WEATHER SERVICE LOUISVILLE KY
232 AM EDT WED APR 16 2014


...................................

...THE FRANKFORT KY CLIMATE SUMMARY FOR APRIL 15 2014...

CLIMATE NORMAL PERIOD 1981 TO 2010
CLIMATE RECORD PERIOD 1895 TO 2014


WEATHER ITEM   OBSERVED TIME   RECORD YEAR NORMAL DEPARTURE LAST
                VALUE   (LST)  VALUE       VALUE  FROM      YEAR
                                                  NORMAL
..................................................................
TEMPERATURE (F)
 YESTERDAY
  MAXIMUM         42    308 PM  87    1936  67    -25       69
  MINIMUM         32   1159 PM  25    1907  43    -11       53
  AVERAGE         37                        55    -18       61

PRECIPITATION (IN)
  YESTERDAY        0.17          1.18 1969   0.11   0.06     0.00
  MONTH TO DATE    3.06                      1.68   1.38     0.85
  SINCE MAR 1      5.28                      6.06  -0.78     5.04
  SINCE JAN 1     11.48                     12.61  -1.13    11.68

SNOWFALL (IN)
  YESTERDAY       MM            MM      MM  MM     MM       MM
  MONTH TO DATE   MM                        MM     MM       MM
  SINCE MAR 1     MM                        MM     MM       MM
  SINCE JUL 1     MM                        MM     MM       MM
  SNOW DEPTH      MM

DEGREE DAYS
 HEATING
  YESTERDAY       28                        11     17        4
  MONTH TO DATE  142                       192    -50      185
  SINCE MAR 1    894                       817     77     1001
  SINCE JUL 1   5006                      4456    550     4539

 COOLING
  YESTERDAY        0                         1     -1        0
  MONTH TO DATE    8                         7      1        8
  SINCE MAR 1      8                         9     -1        8
  SINCE JAN 1      8                         9     -1        8
..................................................................


WIND (MPH)
  HIGHEST WIND SPEED    21   HIGHEST WIND DIRECTION    NW (330)
  HIGHEST GUST SPEED    27   HIGHEST GUST DIRECTION    NW (320)
  AVERAGE WIND SPEED     8.8


SKY COVER
  POSSIBLE SUNSHINE  MM
  AVERAGE SKY COVER 0.6


WEATHER CONDITIONS
 THE FOLLOWING WEATHER WAS RECORDED YESTERDAY.
  LIGHT RAIN
  LIGHT SNOW
  FOG


RELATIVE HUMIDITY (PERCENT)
 HIGHEST   100           400 AM
 LOWEST     44           700 PM
 AVERAGE    72

..........................................................


THE FRANKFORT KY CLIMATE NORMALS FOR TODAY
                         NORMAL    RECORD    YEAR
 MAXIMUM TEMPERATURE (F)   67        87      1896
 MINIMUM TEMPERATURE (F)   44        25      1962


SUNRISE AND SUNSET
APRIL 16 2014.........SUNRISE   703 AM EDT   SUNSET   817 PM EDT
APRIL 17 2014.........SUNRISE   701 AM EDT   SUNSET   818 PM EDT


-  INDICATES NEGATIVE NUMBERS.
R  INDICATES RECORD WAS SET OR TIED.
MM INDICATES DATA IS MISSING.
T  INDICATES TRACE AMOUNT.

$$
04
