000
CDUS43 KLMK 132039
CLIFFT


CLIMATE REPORT
NATIONAL WEATHER SERVICE LOUISVILLE KY
439 PM EDT FRI OCT 13 2017


...................................

...THE FRANKFORT KY CLIMATE SUMMARY FOR OCTOBER 13 2017...
VALID TODAY AS OF 0400 PM LOCAL TIME.

CLIMATE NORMAL PERIOD 1981 TO 2010
CLIMATE RECORD PERIOD 1895 TO 2017


WEATHER ITEM   OBSERVED TIME   RECORD YEAR NORMAL DEPARTURE LAST
                VALUE   (LST)  VALUE       VALUE  FROM      YEAR
                                                  NORMAL
..................................................................
TEMPERATURE (F)
 TODAY
  MAXIMUM         75    308 PM  90    1947  69      6       68
  MINIMUM         49    621 AM  26    1988  45      4       45
  AVERAGE         62                        57      5       57

PRECIPITATION (IN)
  TODAY            0.00          2.05 1983   0.10  -0.10     0.00
  MONTH TO DATE    3.80                      1.29   2.51     0.09
  SINCE SEP 1      8.76                      4.62   4.14     2.14
  SINCE JAN 1     42.48                     35.93   6.55    38.19

SNOWFALL (IN)
  TODAY           MM            MM      MM  MM     MM       MM
  MONTH TO DATE   MM                        MM     MM       MM
  SINCE SEP 1     MM                        MM     MM       MM
  SINCE JUL 1     MM                        MM     MM       MM
  SNOW DEPTH      MM

DEGREE DAYS
 HEATING
  TODAY            3                         8     -5        8
  MONTH TO DATE   10                        89    -79       34
  SINCE SEP 1     42                       142   -100       52
  SINCE JUL 1     42                       143   -101       52

 COOLING
  TODAY            0                         1     -1        0
  MONTH TO DATE   40                        15     25       23
  SINCE SEP 1    182                       148     34      285
  SINCE JAN 1   1269                      1150    119     1576
..................................................................


WIND (MPH)
  HIGHEST WIND SPEED     8   HIGHEST WIND DIRECTION     S (200)
  HIGHEST GUST SPEED    10   HIGHEST GUST DIRECTION    SW (210)
  AVERAGE WIND SPEED     1.4


SKY COVER
  POSSIBLE SUNSHINE  MM
  AVERAGE SKY COVER 0.5


WEATHER CONDITIONS
 THE FOLLOWING WEATHER WAS RECORDED TODAY.
  FOG
  FOG W/VISIBILITY <= 1/4 MILE


RELATIVE HUMIDITY (PERCENT)
 HIGHEST    93          1200 AM
 LOWEST     49           100 PM
 AVERAGE    71

..........................................................


THE FRANKFORT KY CLIMATE NORMALS FOR TOMORROW
                         NORMAL    RECORD    YEAR
 MAXIMUM TEMPERATURE (F)   69        87      1969
 MINIMUM TEMPERATURE (F)   45        25      1988


SUNRISE AND SUNSET
OCTOBER 13 2017.......SUNRISE   747 AM EDT   SUNSET   704 PM EDT
OCTOBER 14 2017.......SUNRISE   748 AM EDT   SUNSET   703 PM EDT


-  INDICATES NEGATIVE NUMBERS.
R  INDICATES RECORD WAS SET OR TIED.
MM INDICATES DATA IS MISSING.
T  INDICATES TRACE AMOUNT.




$$
