000
CDUS43 KLMK 170631
CLIFFT


CLIMATE REPORT
NATIONAL WEATHER SERVICE LOUISVILLE KY
231 AM EDT WED MAY 17 2017


...................................

...THE FRANKFORT KY CLIMATE SUMMARY FOR MAY 16 2017...

CLIMATE NORMAL PERIOD 1981 TO 2010
CLIMATE RECORD PERIOD 1895 TO 2017


WEATHER ITEM   OBSERVED TIME   RECORD YEAR NORMAL DEPARTURE LAST
                VALUE   (LST)  VALUE       VALUE  FROM      YEAR
                                                  NORMAL
..................................................................
TEMPERATURE (F)
 YESTERDAY
  MAXIMUM         86    351 PM  90    1962  76     10       61
                                      1915
  MINIMUM         58    542 AM  33    1997  52      6       36
  AVERAGE         72                        64      8       49

PRECIPITATION (IN)
  YESTERDAY        0.00          1.14 1945   0.16  -0.16     0.04
  MONTH TO DATE    3.10                      2.59   0.51     2.54
  SINCE MAR 1     11.53                     10.66   0.87    11.69
  SINCE JAN 1     17.63                     17.21   0.42    17.71

SNOWFALL (IN)
  YESTERDAY       MM            MM      MM  MM     MM       MM
  MONTH TO DATE   MM                        MM     MM       MM
  SINCE MAR 1     MM                        MM     MM       MM
  SINCE JUL 1     MM                        MM     MM       MM
  SNOW DEPTH      MM

DEGREE DAYS
 HEATING
  YESTERDAY        0                         4     -4       16
  MONTH TO DATE   84                        76      8       90
  SINCE MAR 1    753                      1015   -262      756
  SINCE JUL 1   3523                      4654  -1131     3828

 COOLING
  YESTERDAY        7                         3      4        0
  MONTH TO DATE   29                        25      4       22
  SINCE MAR 1    102                        45     57       48
  SINCE JAN 1    105                        45     60       48
..................................................................


WIND (MPH)
  HIGHEST WIND SPEED    17   HIGHEST WIND DIRECTION     S (190)
  HIGHEST GUST SPEED    23   HIGHEST GUST DIRECTION    SW (210)
  AVERAGE WIND SPEED     6.3


SKY COVER
  POSSIBLE SUNSHINE  MM
  AVERAGE SKY COVER 0.0


WEATHER CONDITIONS
 THE FOLLOWING WEATHER WAS RECORDED YESTERDAY.
  NO SIGNIFICANT WEATHER WAS OBSERVED.


RELATIVE HUMIDITY (PERCENT)
 HIGHEST    87           500 AM
 LOWEST     43           400 PM
 AVERAGE    65

..........................................................


THE FRANKFORT KY CLIMATE NORMALS FOR TODAY
                         NORMAL    RECORD    YEAR
 MAXIMUM TEMPERATURE (F)   76        91      1931
 MINIMUM TEMPERATURE (F)   53        33      1997


SUNRISE AND SUNSET
MAY 17 2017...........SUNRISE   627 AM EDT   SUNSET   846 PM EDT
MAY 18 2017...........SUNRISE   626 AM EDT   SUNSET   846 PM EDT


-  INDICATES NEGATIVE NUMBERS.
R  INDICATES RECORD WAS SET OR TIED.
MM INDICATES DATA IS MISSING.
T  INDICATES TRACE AMOUNT.




$$
