000
CDUS43 KLMK 200627
CLIFFT


CLIMATE REPORT
NATIONAL WEATHER SERVICE LOUISVILLE KY
227 AM EDT THU APR 20 2017


...................................

...THE FRANKFORT KY CLIMATE SUMMARY FOR APRIL 19 2017...

CLIMATE NORMAL PERIOD 1981 TO 2010
CLIMATE RECORD PERIOD 1895 TO 2017


WEATHER ITEM   OBSERVED TIME   RECORD YEAR NORMAL DEPARTURE LAST
                VALUE   (LST)  VALUE       VALUE  FROM      YEAR
                                                  NORMAL
..................................................................
TEMPERATURE (F)
 YESTERDAY
  MAXIMUM         82    425 PM  92    1914  68     14       84
  MINIMUM         60    153 AM  24    1983  45     15       49
  AVERAGE         71                        56     15       67

PRECIPITATION (IN)
  YESTERDAY        0.00          1.43 1969   0.13  -0.13     0.00
  MONTH TO DATE    2.10                      2.16  -0.06     0.85
  SINCE MAR 1      7.19                      6.54   0.65     6.93
  SINCE JAN 1     13.29                     13.09   0.20    12.95

SNOWFALL (IN)
  YESTERDAY       MM            MM      MM  MM     MM       MM
  MONTH TO DATE   MM                        MM     MM       MM
  SINCE MAR 1     MM                        MM     MM       MM
  SINCE JUL 1     MM                        MM     MM       MM
  SNOW DEPTH      MM

DEGREE DAYS
 HEATING
  YESTERDAY        0                         9     -9        0
  MONTH TO DATE   97                       231   -134      236
  SINCE MAR 1    630                       856   -226      646
  SINCE JUL 1   3400                      4495  -1095     3718

 COOLING
  YESTERDAY        6                         1      5        2
  MONTH TO DATE   33                        11     22        2
  SINCE MAR 1     39                        13     26        3
  SINCE JAN 1     42                        13     29        3
..................................................................


WIND (MPH)
  HIGHEST WIND SPEED    17   HIGHEST WIND DIRECTION    SW (220)
  HIGHEST GUST SPEED    23   HIGHEST GUST DIRECTION    SW (210)
  AVERAGE WIND SPEED     7.9


SKY COVER
  POSSIBLE SUNSHINE  MM
  AVERAGE SKY COVER 0.4


WEATHER CONDITIONS
 THE FOLLOWING WEATHER WAS RECORDED YESTERDAY.
  NO SIGNIFICANT WEATHER WAS OBSERVED.


RELATIVE HUMIDITY (PERCENT)
 HIGHEST    90           400 AM
 LOWEST     49           300 PM
 AVERAGE    70

..........................................................


THE FRANKFORT KY CLIMATE NORMALS FOR TODAY
                         NORMAL    RECORD    YEAR
 MAXIMUM TEMPERATURE (F)   69        89      1915
 MINIMUM TEMPERATURE (F)   45        26      1983
                                             1926


SUNRISE AND SUNSET
APRIL 20 2017.........SUNRISE   657 AM EDT   SUNSET   821 PM EDT
APRIL 21 2017.........SUNRISE   655 AM EDT   SUNSET   822 PM EDT


-  INDICATES NEGATIVE NUMBERS.
R  INDICATES RECORD WAS SET OR TIED.
MM INDICATES DATA IS MISSING.
T  INDICATES TRACE AMOUNT.




$$
