000
CDUS43 KLMK 112041
CLIFFT


CLIMATE REPORT
NATIONAL WEATHER SERVICE LOUISVILLE KY
441 PM EDT FRI APR 11 2014


...................................

...THE FRANKFORT KY CLIMATE SUMMARY FOR APRIL 11 2014...
VALID TODAY AS OF 0400 PM LOCAL TIME.

CLIMATE NORMAL PERIOD 1981 TO 2010
CLIMATE RECORD PERIOD 1895 TO 2014


WEATHER ITEM   OBSERVED TIME   RECORD YEAR NORMAL DEPARTURE LAST
                VALUE   (LST)  VALUE       VALUE  FROM      YEAR
                                                  NORMAL
..................................................................
TEMPERATURE (F)
 TODAY
  MAXIMUM         73    212 PM  88    1930  66      7       72
  MINIMUM         59    548 AM  24    1996  42     17       58
                                      1989
                                      1960
  AVERAGE         66                        54     12       65

PRECIPITATION (IN)
  TODAY            T             1.45 1913   0.11  -0.11     0.77
  MONTH TO DATE    2.36                      1.25   1.11     0.77
  SINCE MAR 1      4.58                      5.63  -1.05     4.96
  SINCE JAN 1     10.78                     12.18  -1.40    11.60

SNOWFALL (IN)
  TODAY            0.0          MM      MM  MM     MM       MM
  MONTH TO DATE    0.0                      MM     MM       MM
  SINCE MAR 1      0.0                      MM     MM       MM
  SINCE JUL 1      0.0                      MM     MM       MM
  SNOW DEPTH       0

DEGREE DAYS
 HEATING
  TODAY            0                        12    -12        0
  MONTH TO DATE  102                       147    -45      134
  SINCE MAR 1    854                       772     82      950
  SINCE JUL 1   4966                      4411    555     4488

 COOLING
  TODAY            1                         1      0        0
  MONTH TO DATE    1                         3     -2        8
  SINCE MAR 1      1                         5     -4        8
  SINCE JAN 1      1                         5     -4        8
..................................................................


WIND (MPH)
  HIGHEST WIND SPEED    23   HIGHEST WIND DIRECTION    SW (220)
  HIGHEST GUST SPEED    28   HIGHEST GUST DIRECTION    SW (230)
  AVERAGE WIND SPEED    13.3


SKY COVER
  POSSIBLE SUNSHINE  MM
  AVERAGE SKY COVER 0.6


WEATHER CONDITIONS
 THE FOLLOWING WEATHER WAS RECORDED TODAY.
  THUNDERSTORM


RELATIVE HUMIDITY (PERCENT)
 HIGHEST    56          1000 AM
 LOWEST     40          1200 AM
 AVERAGE    48

..........................................................


THE FRANKFORT KY CLIMATE NORMALS FOR TOMORROW
                         NORMAL    RECORD    YEAR
 MAXIMUM TEMPERATURE (F)   66        89      1896
 MINIMUM TEMPERATURE (F)   42        26      1989
                                             1976


SUNRISE AND SUNSET
APRIL 11 2014.........SUNRISE   710 AM EDT   SUNSET   812 PM EDT
APRIL 12 2014.........SUNRISE   708 AM EDT   SUNSET   813 PM EDT


-  INDICATES NEGATIVE NUMBERS.
R  INDICATES RECORD WAS SET OR TIED.
MM INDICATES DATA IS MISSING.
T  INDICATES TRACE AMOUNT.




$$
