000
CDUS43 KLMK 052126
CLIFFT


CLIMATE REPORT
NATIONAL WEATHER SERVICE LOUISVILLE KY
426 PM EST TUE DEC 5 2017


...................................

...THE FRANKFORT KY CLIMATE SUMMARY FOR DECEMBER 5 2017...
VALID TODAY AS OF 0400 PM LOCAL TIME.

CLIMATE NORMAL PERIOD 1981 TO 2010
CLIMATE RECORD PERIOD 1895 TO 2017


WEATHER ITEM   OBSERVED TIME   RECORD YEAR NORMAL DEPARTURE LAST
                VALUE   (LST)  VALUE       VALUE  FROM      YEAR
                                                  NORMAL
..................................................................
TEMPERATURE (F)
 TODAY
  MAXIMUM         61    405 AM  73    1998  48     13       45
  MINIMUM         41    359 PM  10    2002  29     12       38
  AVERAGE         51                        38     13       42

PRECIPITATION (IN)
  TODAY            0.61          2.80 1922   0.15   0.46     0.00
  MONTH TO DATE    0.61                      0.71  -0.10     0.13
  SINCE DEC 1      0.61                      0.71  -0.10     0.13
  SINCE JAN 1     47.52                     42.32   5.20    40.37

SNOWFALL (IN)
  TODAY           MM            MM      MM  MM     MM       MM
  MONTH TO DATE   MM                        MM     MM       MM
  SINCE DEC 1     MM                        MM     MM       MM
  SINCE JUL 1     MM                        MM     MM       MM
  SNOW DEPTH      MM

DEGREE DAYS
 HEATING
  TODAY           14                        27    -13       23
  MONTH TO DATE   96                       130    -34      123
  SINCE DEC 1     96                       130    -34      123
  SINCE JUL 1    904                      1041   -137      741

 COOLING
  TODAY            0                         0      0        0
  MONTH TO DATE    0                         0      0        0
  SINCE DEC 1      0                         0      0        0
  SINCE JAN 1   1279                      1155    124     1639
..................................................................


WIND (MPH)
  HIGHEST WIND SPEED    24   HIGHEST WIND DIRECTION     S (190)
  HIGHEST GUST SPEED    36   HIGHEST GUST DIRECTION     S (200)
  AVERAGE WIND SPEED    11.4


SKY COVER
  POSSIBLE SUNSHINE  MM
  AVERAGE SKY COVER 0.7


WEATHER CONDITIONS
 THE FOLLOWING WEATHER WAS RECORDED TODAY.
  THUNDERSTORM
  HEAVY RAIN
  RAIN
  LIGHT RAIN
  FOG
  HAZE


RELATIVE HUMIDITY (PERCENT)
 HIGHEST    93           700 AM
 LOWEST     51          1200 AM
 AVERAGE    72

..........................................................


THE FRANKFORT KY CLIMATE NORMALS FOR TOMORROW
                         NORMAL    RECORD    YEAR
 MAXIMUM TEMPERATURE (F)   47        73      2001
 MINIMUM TEMPERATURE (F)   29        11      2002
                                             1937


SUNRISE AND SUNSET
DECEMBER  5 2017......SUNRISE   741 AM EST   SUNSET   519 PM EST
DECEMBER  6 2017......SUNRISE   742 AM EST   SUNSET   519 PM EST


-  INDICATES NEGATIVE NUMBERS.
R  INDICATES RECORD WAS SET OR TIED.
MM INDICATES DATA IS MISSING.
T  INDICATES TRACE AMOUNT.




$$
