000
CDUS43 KLMK 182037
CLIFFT


CLIMATE REPORT
NATIONAL WEATHER SERVICE LOUISVILLE KY
437 PM EDT MON SEP 18 2017


...................................

...THE FRANKFORT KY CLIMATE SUMMARY FOR SEPTEMBER 18 2017...
VALID TODAY AS OF 0400 PM LOCAL TIME.

CLIMATE NORMAL PERIOD 1981 TO 2010
CLIMATE RECORD PERIOD 1895 TO 2017


WEATHER ITEM   OBSERVED TIME   RECORD YEAR NORMAL DEPARTURE LAST
                VALUE   (LST)  VALUE       VALUE  FROM      YEAR
                                                  NORMAL
..................................................................
TEMPERATURE (F)
 TODAY
  MAXIMUM         87    253 PM  96    1954  79      8       86
  MINIMUM         61    632 AM  38    1937  55      6       70
  AVERAGE         74                        67      7       78

PRECIPITATION (IN)
  TODAY            0.00          1.30 1992   0.09  -0.09     0.00
  MONTH TO DATE    4.30                      2.06   2.24     0.92
  SINCE SEP 1      4.30                      2.06   2.24     0.92
  SINCE JAN 1     38.02                     33.37   4.65    36.97

SNOWFALL (IN)
  TODAY           MM            MM      MM  MM     MM       MM
  MONTH TO DATE   MM                        MM     MM       MM
  SINCE SEP 1     MM                        MM     MM       MM
  SINCE JUL 1     MM                        MM     MM       MM
  SNOW DEPTH      MM

DEGREE DAYS
 HEATING
  TODAY            0                         2     -2        0
  MONTH TO DATE   29                        11     18        0
  SINCE SEP 1     29                        11     18        0
  SINCE JUL 1     29                        12     17        0

 COOLING
  TODAY            9                         4      5       13
  MONTH TO DATE   47                       103    -56      185
  SINCE SEP 1     47                       103    -56      185
  SINCE JAN 1   1134                      1105     29     1476
..................................................................


WIND (MPH)
  HIGHEST WIND SPEED     8   HIGHEST WIND DIRECTION    SW (230)
  HIGHEST GUST SPEED    12   HIGHEST GUST DIRECTION    NW (320)
  AVERAGE WIND SPEED     1.7


SKY COVER
  POSSIBLE SUNSHINE  MM
  AVERAGE SKY COVER 0.1


WEATHER CONDITIONS
 THE FOLLOWING WEATHER WAS RECORDED TODAY.
  FOG


RELATIVE HUMIDITY (PERCENT)
 HIGHEST    93           100 AM
 LOWEST     42           200 PM
 AVERAGE    68

..........................................................


THE FRANKFORT KY CLIMATE NORMALS FOR TOMORROW
                         NORMAL    RECORD    YEAR
 MAXIMUM TEMPERATURE (F)   78        98      1953
 MINIMUM TEMPERATURE (F)   54        37      1916


SUNRISE AND SUNSET
SEPTEMBER 18 2017.....SUNRISE   724 AM EDT   SUNSET   742 PM EDT
SEPTEMBER 19 2017.....SUNRISE   725 AM EDT   SUNSET   741 PM EDT


-  INDICATES NEGATIVE NUMBERS.
R  INDICATES RECORD WAS SET OR TIED.
MM INDICATES DATA IS MISSING.
T  INDICATES TRACE AMOUNT.




$$
