856
CDUS43 KLMK 270645
CLIFFT


CLIMATE REPORT
NATIONAL WEATHER SERVICE LOUISVILLE KY
245 AM EDT WED APR 27 2016


...................................

...THE FRANKFORT KY CLIMATE SUMMARY FOR APRIL 26 2016...

CLIMATE NORMAL PERIOD 1981 TO 2010
CLIMATE RECORD PERIOD 1895 TO 2016


WEATHER ITEM   OBSERVED TIME   RECORD YEAR NORMAL DEPARTURE LAST
                VALUE   (LST)  VALUE       VALUE  FROM      YEAR
                                                  NORMAL
..................................................................
TEMPERATURE (F)
 YESTERDAY
  MAXIMUM         83    411 PM  91    1915  70     13       62
  MINIMUM         62   1159 PM  29    1919  47     15       43
  AVERAGE         73                        58     15       53

PRECIPITATION (IN)
  YESTERDAY        0.46          1.46 1914   0.14   0.32     0.01
  MONTH TO DATE    1.43                      3.12  -1.69    11.09
  SINCE MAR 1      7.51                      7.50   0.01    18.77
  SINCE JAN 1     13.53                     14.05  -0.52    22.33

SNOWFALL (IN)
  YESTERDAY        0.0          MM      MM  MM     MM       MM
  MONTH TO DATE    0.0                      MM     MM       MM
  SINCE MAR 1      0.0                      MM     MM       MM
  SINCE JUL 1      0.0                      MM     MM       MM
  SNOW DEPTH       0

DEGREE DAYS
 HEATING
  YESTERDAY        0                         7     -7       12
  MONTH TO DATE  249                       288    -39      222
  SINCE MAR 1    659                       913   -254      894
  SINCE JUL 1   3731                      4552   -821     5014

 COOLING
  YESTERDAY        8                         1      7        0
  MONTH TO DATE   21                        18      3        8
  SINCE MAR 1     22                        20      2        8
  SINCE JAN 1     22                        20      2        8
..................................................................


WIND (MPH)
  HIGHEST WIND SPEED    35   HIGHEST WIND DIRECTION     N (340)
  HIGHEST GUST SPEED    53   HIGHEST GUST DIRECTION     N (340)
  AVERAGE WIND SPEED     9.2


SKY COVER
  POSSIBLE SUNSHINE  MM
  AVERAGE SKY COVER 0.5


WEATHER CONDITIONS
 THE FOLLOWING WEATHER WAS RECORDED YESTERDAY.
  THUNDERSTORM
  HEAVY RAIN
  RAIN
  LIGHT RAIN
  FOG


RELATIVE HUMIDITY (PERCENT)
 HIGHEST    90          1100 PM
 LOWEST     47          1200 AM
 AVERAGE    69

..........................................................


THE FRANKFORT KY CLIMATE NORMALS FOR TODAY
                         NORMAL    RECORD    YEAR
 MAXIMUM TEMPERATURE (F)   71        95      1914
 MINIMUM TEMPERATURE (F)   47        31      1976


SUNRISE AND SUNSET
APRIL 27 2016.........SUNRISE   647 AM EDT   SUNSET   828 PM EDT
APRIL 28 2016.........SUNRISE   646 AM EDT   SUNSET   828 PM EDT


-  INDICATES NEGATIVE NUMBERS.
R  INDICATES RECORD WAS SET OR TIED.
MM INDICATES DATA IS MISSING.
T  INDICATES TRACE AMOUNT.




$$
