000
CDUS43 KLMK 010628
CLIFFT


CLIMATE REPORT
NATIONAL WEATHER SERVICE LOUISVILLE KY
227 AM EDT WED JUL 1 2015


...................................

...THE FRANKFORT KY CLIMATE SUMMARY FOR JUNE 30 2015...

CLIMATE NORMAL PERIOD 1981 TO 2010
CLIMATE RECORD PERIOD 1895 TO 2015


WEATHER ITEM   OBSERVED TIME   RECORD YEAR NORMAL DEPARTURE LAST
                VALUE   (LST)  VALUE       VALUE  FROM      YEAR
                                                  NORMAL
..................................................................
TEMPERATURE (F)
 YESTERDAY
  MAXIMUM         84    302 PM 102    1913  86     -2       87
  MINIMUM         64   1159 PM  48    1923  65     -1       68
  AVERAGE         74                        76     -2       78

PRECIPITATION (IN)
  YESTERDAY        0.52          2.80 1895   0.11   0.41     0.09
  MONTH TO DATE    6.21                      4.09   2.12     3.92
  SINCE JUN 1      6.21                      4.09   2.12     3.92
  SINCE JAN 1     29.61                     23.56   6.05    24.70

SNOWFALL (IN)
  YESTERDAY       MM            MM      MM  MM     MM       MM
  MONTH TO DATE   MM                        MM     MM       MM
  SINCE JUN 1     MM                        MM     MM       MM
  SINCE JUL 1     MM                        MM     MM       MM
  SNOW DEPTH      MM

DEGREE DAYS
 HEATING
  YESTERDAY        0                         0      0        0
  MONTH TO DATE   16                         9      7        3
  SINCE JUN 1     16                        10      6        3
  SINCE JUL 1   5139                      4700    439     5223

 COOLING
  YESTERDAY        9                        11     -2       13
  MONTH TO DATE  296                       236     60      265
  SINCE JUN 1    296                       236     60      265
  SINCE JAN 1    451                       335    116      387
..................................................................


WIND (MPH)
  HIGHEST WIND SPEED    22   HIGHEST WIND DIRECTION     N (340)
  HIGHEST GUST SPEED    29   HIGHEST GUST DIRECTION    NW (330)
  AVERAGE WIND SPEED     7.1


SKY COVER
  POSSIBLE SUNSHINE  MM
  AVERAGE SKY COVER 0.3


WEATHER CONDITIONS
 THE FOLLOWING WEATHER WAS RECORDED YESTERDAY.
  THUNDERSTORM
  HEAVY RAIN
  RAIN
  LIGHT RAIN
  FOG
  HAZE


RELATIVE HUMIDITY (PERCENT)
 HIGHEST    93          1200 AM
 LOWEST     51           400 PM
 AVERAGE    72

..........................................................


THE FRANKFORT KY CLIMATE NORMALS FOR TODAY
                         NORMAL    RECORD    YEAR
 MAXIMUM TEMPERATURE (F)   86       101      2012
                                             1952
 MINIMUM TEMPERATURE (F)   65        48      1937


SUNRISE AND SUNSET
JULY  1 2015..........SUNRISE   620 AM EDT   SUNSET   907 PM EDT
JULY  2 2015..........SUNRISE   621 AM EDT   SUNSET   907 PM EDT


-  INDICATES NEGATIVE NUMBERS.
R  INDICATES RECORD WAS SET OR TIED.
MM INDICATES DATA IS MISSING.
T  INDICATES TRACE AMOUNT.

$$

SCHOETTMER
