000
CDUS43 KLMK 250630
CLIFFT


CLIMATE REPORT
NATIONAL WEATHER SERVICE LOUISVILLE KY
230 AM EDT FRI JUL 25 2014


...................................

...THE FRANKFORT KY CLIMATE SUMMARY FOR JULY 24 2014...

CLIMATE NORMAL PERIOD 1981 TO 2010
CLIMATE RECORD PERIOD 1895 TO 2014


WEATHER ITEM   OBSERVED TIME   RECORD YEAR NORMAL DEPARTURE LAST
                VALUE   (LST)  VALUE       VALUE  FROM      YEAR
                                                  NORMAL
..................................................................
TEMPERATURE (F)
 YESTERDAY
  MAXIMUM         79    417 PM 105    1934  87     -8       79
  MINIMUM         60   1154 PM  50    1947  66     -6       63
  AVERAGE         70                        76     -6       71

PRECIPITATION (IN)
  YESTERDAY        0.00          1.35 1895   0.16  -0.16     0.00
  MONTH TO DATE    1.49                      3.45  -1.96     7.35
  SINCE JUN 1      5.41                      7.54  -2.13    13.86
  SINCE JAN 1     26.19                     27.01  -0.82    32.53

SNOWFALL (IN)
  YESTERDAY       MM            MM      MM  MM     MM       MM
  MONTH TO DATE   MM                        MM     MM       MM
  SINCE JUN 1     MM                        MM     MM       MM
  SINCE JUL 1     MM                        MM     MM       MM
  SNOW DEPTH      MM

DEGREE DAYS
 HEATING
  YESTERDAY        0                         0      0        0
  MONTH TO DATE    1                         0      1        0
  SINCE JUN 1      4                        10     -6        2
  SINCE JUL 1      1                         0      1        0

 COOLING
  YESTERDAY        5                        11     -6        6
  MONTH TO DATE  190                       264    -74      262
  SINCE JUN 1    455                       500    -45      503
  SINCE JAN 1    577                       599    -22      622
..................................................................


WIND (MPH)
  HIGHEST WIND SPEED    14   HIGHEST WIND DIRECTION    NE (50)
  HIGHEST GUST SPEED    20   HIGHEST GUST DIRECTION     N (360)
  AVERAGE WIND SPEED     7.3


SKY COVER
  POSSIBLE SUNSHINE  MM
  AVERAGE SKY COVER 0.7


WEATHER CONDITIONS
 THE FOLLOWING WEATHER WAS RECORDED YESTERDAY.
  NO SIGNIFICANT WEATHER WAS OBSERVED.


RELATIVE HUMIDITY (PERCENT)
 HIGHEST    90           100 AM
 LOWEST     43           600 PM
 AVERAGE    67

..........................................................


THE FRANKFORT KY CLIMATE NORMALS FOR TODAY
                         NORMAL    RECORD    YEAR
 MAXIMUM TEMPERATURE (F)   87       107      1934
 MINIMUM TEMPERATURE (F)   66        53      1932


SUNRISE AND SUNSET
JULY 25 2014..........SUNRISE   636 AM EDT   SUNSET   855 PM EDT
JULY 26 2014..........SUNRISE   637 AM EDT   SUNSET   855 PM EDT


-  INDICATES NEGATIVE NUMBERS.
R  INDICATES RECORD WAS SET OR TIED.
MM INDICATES DATA IS MISSING.
T  INDICATES TRACE AMOUNT.




$$
