000
CDUS43 KLMK 140640
CLIFFT


CLIMATE REPORT
NATIONAL WEATHER SERVICE LOUISVILLE KY
140 AM EST TUE FEB 14 2017


...................................

...THE FRANKFORT KY CLIMATE SUMMARY FOR FEBRUARY 13 2017...

CLIMATE NORMAL PERIOD 1981 TO 2010
CLIMATE RECORD PERIOD 1895 TO 2017


WEATHER ITEM   OBSERVED TIME   RECORD YEAR NORMAL DEPARTURE LAST
                VALUE   (LST)  VALUE       VALUE  FROM      YEAR
                                                  NORMAL
..................................................................
TEMPERATURE (F)
 YESTERDAY
  MAXIMUM         50    415 PM  73    1984  46      4       25
  MINIMUM         25    738 AM -16    1899  26     -1       13
  AVERAGE         38                        36      2       19

PRECIPITATION (IN)
  YESTERDAY        0.00          1.40 1916   0.11  -0.11      T
  MONTH TO DATE    1.09                      1.42  -0.33     1.88
  SINCE DEC 1     10.50                      8.69   1.81     9.59
  SINCE JAN 1      5.03                      4.68   0.35     3.33

SNOWFALL (IN)
  YESTERDAY       MM            MM      MM  MM     MM       MM
  MONTH TO DATE   MM                        MM     MM       MM
  SINCE DEC 1     MM                        MM     MM       MM
  SINCE JUL 1     MM                        MM     MM       MM
  SNOW DEPTH      MM

DEGREE DAYS
 HEATING
  YESTERDAY       27                        29     -2       46
  MONTH TO DATE  311                       393    -82      413
  SINCE DEC 1   1944                      2320   -376     1973
  SINCE JUL 1   2562                      3231   -669     2707

 COOLING
  YESTERDAY        0                         0      0        0
  MONTH TO DATE    0                         0      0        0
  SINCE DEC 1      0                         0      0        1
  SINCE JAN 1      0                         0      0        0
..................................................................


WIND (MPH)
  HIGHEST WIND SPEED    13   HIGHEST WIND DIRECTION     N (340)
  HIGHEST GUST SPEED    20   HIGHEST GUST DIRECTION     N (350)
  AVERAGE WIND SPEED     2.7


SKY COVER
  POSSIBLE SUNSHINE  MM
  AVERAGE SKY COVER 0.0


WEATHER CONDITIONS
 THE FOLLOWING WEATHER WAS RECORDED YESTERDAY.
  NO SIGNIFICANT WEATHER WAS OBSERVED.


RELATIVE HUMIDITY (PERCENT)
 HIGHEST    75           800 AM
 LOWEST     23           400 PM
 AVERAGE    49

..........................................................


THE FRANKFORT KY CLIMATE NORMALS FOR TODAY
                         NORMAL    RECORD    YEAR
 MAXIMUM TEMPERATURE (F)   46        72      1962
 MINIMUM TEMPERATURE (F)   26        -5      1899


SUNRISE AND SUNSET
FEBRUARY 14 2017......SUNRISE   731 AM EST   SUNSET   617 PM EST
FEBRUARY 15 2017......SUNRISE   729 AM EST   SUNSET   618 PM EST


-  INDICATES NEGATIVE NUMBERS.
R  INDICATES RECORD WAS SET OR TIED.
MM INDICATES DATA IS MISSING.
T  INDICATES TRACE AMOUNT.




$$
