000
CDUS43 KLMK 180630
CLIFFT


CLIMATE REPORT
NATIONAL WEATHER SERVICE LOUISVILLE KY
229 AM EDT WED OCT 18 2017


...................................

...THE FRANKFORT KY CLIMATE SUMMARY FOR OCTOBER 17 2017...

CLIMATE NORMAL PERIOD 1981 TO 2010
CLIMATE RECORD PERIOD 1895 TO 2017


WEATHER ITEM   OBSERVED TIME   RECORD YEAR NORMAL DEPARTURE LAST
                VALUE   (LST)  VALUE       VALUE  FROM      YEAR
                                                  NORMAL
..................................................................
TEMPERATURE (F)
 YESTERDAY
  MAXIMUM         66    323 PM  88    1938  68     -2       85
  MINIMUM         36    706 AM  29    1982  44     -8       61
  AVERAGE         51                        56     -5       73

PRECIPITATION (IN)
  YESTERDAY        0.00          2.41 1928   0.10  -0.10     0.00
  MONTH TO DATE    3.84                      1.71   2.13     0.09
  SINCE SEP 1      8.80                      5.04   3.76     2.14
  SINCE JAN 1     42.52                     36.35   6.17    38.19

SNOWFALL (IN)
  YESTERDAY       MM            MM      MM  MM     MM       MM
  MONTH TO DATE   MM                        MM     MM       MM
  SINCE SEP 1     MM                        MM     MM       MM
  SINCE JUL 1     MM                        MM     MM       MM
  SNOW DEPTH      MM

DEGREE DAYS
 HEATING
  YESTERDAY       14                         9      5        0
  MONTH TO DATE   36                       125    -89       44
  SINCE SEP 1     68                       178   -110       62
  SINCE JUL 1     68                       179   -111       62

 COOLING
  YESTERDAY        0                         0      0        8
  MONTH TO DATE   44                        15     29       43
  SINCE SEP 1    186                       148     38      305
  SINCE JAN 1   1273                      1150    123     1596
..................................................................


WIND (MPH)
  HIGHEST WIND SPEED     9   HIGHEST WIND DIRECTION    SW (210)
  HIGHEST GUST SPEED    15   HIGHEST GUST DIRECTION    SE (120)
  AVERAGE WIND SPEED     0.9


SKY COVER
  POSSIBLE SUNSHINE  MM
  AVERAGE SKY COVER 0.0


WEATHER CONDITIONS
 THE FOLLOWING WEATHER WAS RECORDED YESTERDAY.
  NO SIGNIFICANT WEATHER WAS OBSERVED.


RELATIVE HUMIDITY (PERCENT)
 HIGHEST    92           100 AM
 LOWEST     34           300 PM
 AVERAGE    63

..........................................................


THE FRANKFORT KY CLIMATE NORMALS FOR TODAY
                         NORMAL    RECORD    YEAR
 MAXIMUM TEMPERATURE (F)   68        88      1938
 MINIMUM TEMPERATURE (F)   44        25      1948


SUNRISE AND SUNSET
OCTOBER 18 2017.......SUNRISE   752 AM EDT   SUNSET   657 PM EDT
OCTOBER 19 2017.......SUNRISE   752 AM EDT   SUNSET   656 PM EDT


-  INDICATES NEGATIVE NUMBERS.
R  INDICATES RECORD WAS SET OR TIED.
MM INDICATES DATA IS MISSING.
T  INDICATES TRACE AMOUNT.




$$
