000
CDUS43 KLMK 172033
CLIFFT


CLIMATE REPORT
NATIONAL WEATHER SERVICE LOUISVILLE KY
432 PM EDT SUN AUG 17 2014


...................................

...THE FRANKFORT KY CLIMATE SUMMARY FOR AUGUST 17 2014...
VALID TODAY AS OF 0400 PM LOCAL TIME.

CLIMATE NORMAL PERIOD 1981 TO 2010
CLIMATE RECORD PERIOD 1895 TO 2014


WEATHER ITEM   OBSERVED TIME   RECORD YEAR NORMAL DEPARTURE LAST
                VALUE   (LST)  VALUE       VALUE  FROM      YEAR
                                                  NORMAL
..................................................................
TEMPERATURE (F)
 TODAY
  MAXIMUM         74    259 PM 100    1965  87    -13       83
                                      1940
  MINIMUM         68    624 AM  52    1994  64      4       62
                                      1963
  AVERAGE         71                        75     -4       73

PRECIPITATION (IN)
  TODAY            0.46          1.31 1944   0.12   0.34     0.00
  MONTH TO DATE    1.49                      1.75  -0.26     1.23
  SINCE JUN 1      8.44                     10.23  -1.79    15.46
  SINCE JAN 1     29.22                     29.70  -0.48    34.13

SNOWFALL (IN)
  TODAY           MM            MM      MM  MM     MM       MM
  MONTH TO DATE   MM                        MM     MM       MM
  SINCE JUN 1     MM                        MM     MM       MM
  SINCE JUL 1     MM                        MM     MM       MM
  SNOW DEPTH      MM

DEGREE DAYS
 HEATING
  TODAY            0                         0      0        0
  MONTH TO DATE    0                         0      0        3
  SINCE JUN 1      6                        10     -4        6
  SINCE JUL 1      3                         0      3        4

 COOLING
  TODAY            6                        10     -4        8
  MONTH TO DATE  129                       186    -57      130
  SINCE JUN 1    619                       772   -153      655
  SINCE JAN 1    741                       871   -130      774
..................................................................


WIND (MPH)
  HIGHEST WIND SPEED    14   HIGHEST WIND DIRECTION     S (200)
  HIGHEST GUST SPEED    18   HIGHEST GUST DIRECTION    SE (150)
  AVERAGE WIND SPEED     5.9


SKY COVER
  POSSIBLE SUNSHINE  MM
  AVERAGE SKY COVER 0.9


WEATHER CONDITIONS
 THE FOLLOWING WEATHER WAS RECORDED TODAY.
  HEAVY RAIN
  RAIN
  LIGHT RAIN
  FOG


RELATIVE HUMIDITY (PERCENT)
 HIGHEST   100           200 AM
 LOWEST     87           100 PM
 AVERAGE    94

..........................................................


THE FRANKFORT KY CLIMATE NORMALS FOR TOMORROW
                         NORMAL    RECORD    YEAR
 MAXIMUM TEMPERATURE (F)   87        99      1988
 MINIMUM TEMPERATURE (F)   64        52      1976
                                             1943


SUNRISE AND SUNSET
AUGUST 17 2014........SUNRISE   656 AM EDT   SUNSET   830 PM EDT
AUGUST 18 2014........SUNRISE   657 AM EDT   SUNSET   829 PM EDT


-  INDICATES NEGATIVE NUMBERS.
R  INDICATES RECORD WAS SET OR TIED.
MM INDICATES DATA IS MISSING.
T  INDICATES TRACE AMOUNT.




$$
