000
CDUS43 KLMK 240627
CLIFFT


CLIMATE REPORT
NATIONAL WEATHER SERVICE LOUISVILLE KY
227 AM EDT SAT JUN 24 2017


...................................

...THE FRANKFORT KY CLIMATE SUMMARY FOR JUNE 23 2017...

CLIMATE NORMAL PERIOD 1981 TO 2010
CLIMATE RECORD PERIOD 1895 TO 2017


WEATHER ITEM   OBSERVED TIME   RECORD YEAR NORMAL DEPARTURE LAST
                VALUE   (LST)  VALUE       VALUE  FROM      YEAR
                                                  NORMAL
..................................................................
TEMPERATURE (F)
 YESTERDAY
  MAXIMUM         85   1210 PM 101    1914  85      0       92
  MINIMUM         69    723 PM  45    1992  64      5       73
  AVERAGE         77                        74      3       83

PRECIPITATION (IN)
  YESTERDAY        2.03          3.96 1960   0.11   1.92     1.34
  MONTH TO DATE    5.33                      3.31   2.02     4.43
  SINCE JUN 1      5.33                      3.31   2.02     4.43
  SINCE JAN 1     25.81                     22.78   3.03    24.09

SNOWFALL (IN)
  YESTERDAY       MM            MM      MM  MM     MM       MM
  MONTH TO DATE   MM                        MM     MM       MM
  SINCE JUN 1     MM                        MM     MM       MM
  SINCE JUL 1     MM                        MM     MM       MM
  SNOW DEPTH      MM

DEGREE DAYS
 HEATING
  YESTERDAY        0                         0      0        0
  MONTH TO DATE    1                         9     -8        1
  SINCE JUN 1      1                         9     -8        1
  SINCE JUL 1   3532                      4699  -1167     3874

 COOLING
  YESTERDAY       12                        10      2       18
  MONTH TO DATE  201                       165     36      237
  SINCE JUN 1    201                       165     36      237
  SINCE JAN 1    387                       264    123      352
..................................................................


WIND (MPH)
  HIGHEST WIND SPEED    23   HIGHEST WIND DIRECTION    SW (210)
  HIGHEST GUST SPEED    29   HIGHEST GUST DIRECTION    SW (220)
  AVERAGE WIND SPEED     9.8


SKY COVER
  POSSIBLE SUNSHINE  MM
  AVERAGE SKY COVER 0.9


WEATHER CONDITIONS
 THE FOLLOWING WEATHER WAS RECORDED YESTERDAY.
  HEAVY RAIN
  RAIN
  LIGHT RAIN
  FOG


RELATIVE HUMIDITY (PERCENT)
 HIGHEST    93          1200 AM
 LOWEST     65          1200 PM
 AVERAGE    79

..........................................................


THE FRANKFORT KY CLIMATE NORMALS FOR TODAY
                         NORMAL    RECORD    YEAR
 MAXIMUM TEMPERATURE (F)   85       102      1914
 MINIMUM TEMPERATURE (F)   64        48      1972


SUNRISE AND SUNSET
JUNE 24 2017..........SUNRISE   618 AM EDT   SUNSET   907 PM EDT
JUNE 25 2017..........SUNRISE   618 AM EDT   SUNSET   907 PM EDT


-  INDICATES NEGATIVE NUMBERS.
R  INDICATES RECORD WAS SET OR TIED.
MM INDICATES DATA IS MISSING.
T  INDICATES TRACE AMOUNT.




$$
