000
CDUS43 KLMK 250627
CLIFFT


CLIMATE REPORT
NATIONAL WEATHER SERVICE LOUISVILLE KY
127 AM EST SUN JAN 25 2015


...................................

...THE FRANKFORT KY CLIMATE SUMMARY FOR JANUARY 24 2015...

CLIMATE NORMAL PERIOD 1981 TO 2010
CLIMATE RECORD PERIOD 1895 TO 2015


WEATHER ITEM   OBSERVED TIME   RECORD YEAR NORMAL DEPARTURE LAST
                VALUE   (LST)  VALUE       VALUE  FROM      YEAR
                                                  NORMAL
..................................................................
TEMPERATURE (F)
 YESTERDAY
  MAXIMUM         36    519 PM  80    1943  42     -6       22
  MINIMUM         20    837 AM -18    1963  24     -4       -7
  AVERAGE         28                        33     -5        8

PRECIPITATION (IN)
  YESTERDAY        T             2.00 2002   0.09  -0.09     0.00
  MONTH TO DATE    1.14                      2.59  -1.45     2.24
  SINCE DEC 1      4.29                      6.60  -2.31     7.18
  SINCE JAN 1      1.14                      2.59  -1.45     2.24

SNOWFALL (IN)
  YESTERDAY       MM            MM      MM  MM     MM       MM
  MONTH TO DATE   MM                        MM     MM       MM
  SINCE DEC 1     MM                        MM     MM       MM
  SINCE JUL 1     MM                        MM     MM       MM
  SNOW DEPTH      MM

DEGREE DAYS
 HEATING
  YESTERDAY       37                        32      5       57
  MONTH TO DATE  824                       787     37      914
  SINCE DEC 1   1642                      1708    -66     1802
  SINCE JUL 1   2770                      2619    151     2845

 COOLING
  YESTERDAY        0                         0      0        0
  MONTH TO DATE    0                         0      0        0
  SINCE DEC 1      0                         0      0        0
  SINCE JAN 1      0                         0      0        0
..................................................................


WIND (MPH)
  HIGHEST WIND SPEED    17   HIGHEST WIND DIRECTION    SW (230)
  HIGHEST GUST SPEED    22   HIGHEST GUST DIRECTION    SW (230)
  AVERAGE WIND SPEED     8.0


SKY COVER
  POSSIBLE SUNSHINE  MM
  AVERAGE SKY COVER 0.5


WEATHER CONDITIONS
 THE FOLLOWING WEATHER WAS RECORDED YESTERDAY.
  LIGHT SNOW
  FOG


RELATIVE HUMIDITY (PERCENT)
 HIGHEST   100           200 AM
 LOWEST     75           100 PM
 AVERAGE    88

..........................................................


THE FRANKFORT KY CLIMATE NORMALS FOR TODAY
                         NORMAL    RECORD    YEAR
 MAXIMUM TEMPERATURE (F)   42        72      1972
                                             1943
 MINIMUM TEMPERATURE (F)   24       -18      1963


SUNRISE AND SUNSET
JANUARY 25 2015.......SUNRISE   750 AM EST   SUNSET   554 PM EST
JANUARY 26 2015.......SUNRISE   749 AM EST   SUNSET   555 PM EST


-  INDICATES NEGATIVE NUMBERS.
R  INDICATES RECORD WAS SET OR TIED.
MM INDICATES DATA IS MISSING.
T  INDICATES TRACE AMOUNT.




$$
