000
CDUS43 KLMK 150626
CLIFFT


CLIMATE REPORT
NATIONAL WEATHER SERVICE LOUISVILLE KY
126 AM EST MON DEC 15 2014


...................................

...THE FRANKFORT KY CLIMATE SUMMARY FOR DECEMBER 14 2014...

CLIMATE NORMAL PERIOD 1981 TO 2010
CLIMATE RECORD PERIOD 1895 TO 2014


WEATHER ITEM   OBSERVED TIME   RECORD YEAR NORMAL DEPARTURE LAST
                VALUE   (LST)  VALUE       VALUE  FROM      YEAR
                                                  NORMAL
..................................................................
TEMPERATURE (F)
 YESTERDAY
  MAXIMUM         47    311 PM  72    1927  44      3       44
  MINIMUM         41    824 AM  -3    1962  26     15       34
  AVERAGE         44                        35      9       39

PRECIPITATION (IN)
  YESTERDAY        0.00          1.18 1899   0.12  -0.12     0.59
  MONTH TO DATE    2.39                      1.99   0.40     2.77
  SINCE DEC 1      2.39                      1.99   0.40     2.77
  SINCE JAN 1     45.04                     43.60   1.44    47.99

SNOWFALL (IN)
  YESTERDAY       MM            MM      MM  MM     MM       MM
  MONTH TO DATE   MM                        MM     MM       MM
  SINCE DEC 1     MM                        MM     MM       MM
  SINCE JUL 1     MM                        MM     MM       MM
  SNOW DEPTH      MM

DEGREE DAYS
 HEATING
  YESTERDAY       21                        30     -9       26
  MONTH TO DATE  351                       385    -34      417
  SINCE DEC 1    351                       385    -34      417
  SINCE JUL 1   1479                      1296    183     1460

 COOLING
  YESTERDAY        0                         0      0        0
  MONTH TO DATE    0                         0      0        0
  SINCE DEC 1      0                         0      0        0
  SINCE JAN 1   1070                      1155    -85     1127
..................................................................


WIND (MPH)
  HIGHEST WIND SPEED     9   HIGHEST WIND DIRECTION    SE (130)
  HIGHEST GUST SPEED    12   HIGHEST GUST DIRECTION    SE (140)
  AVERAGE WIND SPEED     2.3


SKY COVER
  POSSIBLE SUNSHINE  MM
  AVERAGE SKY COVER 1.0


WEATHER CONDITIONS
 THE FOLLOWING WEATHER WAS RECORDED YESTERDAY.
  FOG
  HAZE


RELATIVE HUMIDITY (PERCENT)
 HIGHEST    82           900 AM
 LOWEST     70          1000 PM
 AVERAGE    76

..........................................................


THE FRANKFORT KY CLIMATE NORMALS FOR TODAY
                         NORMAL    RECORD    YEAR
 MAXIMUM TEMPERATURE (F)   44        70      1984
                                             1975
 MINIMUM TEMPERATURE (F)   26        -8      1917


SUNRISE AND SUNSET
DECEMBER 15 2014......SUNRISE   749 AM EST   SUNSET   521 PM EST
DECEMBER 16 2014......SUNRISE   750 AM EST   SUNSET   521 PM EST


-  INDICATES NEGATIVE NUMBERS.
R  INDICATES RECORD WAS SET OR TIED.
MM INDICATES DATA IS MISSING.
T  INDICATES TRACE AMOUNT.




$$
