000
CDUS43 KLMK 222035
CLIFFT


CLIMATE REPORT
NATIONAL WEATHER SERVICE LOUISVILLE KY
435 PM EDT SUN MAY 22 2016


...................................

...THE FRANKFORT KY CLIMATE SUMMARY FOR MAY 22 2016...
VALID TODAY AS OF 0400 PM LOCAL TIME.

CLIMATE NORMAL PERIOD 1981 TO 2010
CLIMATE RECORD PERIOD 1895 TO 2016


WEATHER ITEM   OBSERVED TIME   RECORD YEAR NORMAL DEPARTURE LAST
                VALUE   (LST)  VALUE       VALUE  FROM      YEAR
                                                  NORMAL
..................................................................
TEMPERATURE (F)
 TODAY
  MAXIMUM         79    251 PM  95    1941  77      2       74
  MINIMUM         46    529 AM  31    2002  54     -8       42
  AVERAGE         63                        66     -3       58

PRECIPITATION (IN)
  TODAY            0.00          1.53 1990   0.16  -0.16     0.00
  MONTH TO DATE    4.33                      3.51   0.82     0.65
  SINCE MAR 1     13.48                     11.58   1.90    19.57
  SINCE JAN 1     19.50                     18.13   1.37    23.13

SNOWFALL (IN)
  TODAY           MM            MM      MM  MM     MM       MM
  MONTH TO DATE   MM                        MM     MM       MM
  SINCE MAR 1     MM                        MM     MM       MM
  SINCE JUL 1     MM                        MM     MM       MM
  SNOW DEPTH      MM

DEGREE DAYS
 HEATING
  TODAY            2                         3     -1        7
  MONTH TO DATE  132                        95     37       57
  SINCE MAR 1    798                      1034   -236     1002
  SINCE JUL 1   3870                      4673   -803     5122

 COOLING
  TODAY            0                         3     -3        0
  MONTH TO DATE   22                        43    -21       85
  SINCE MAR 1     48                        63    -15       93
  SINCE JAN 1     48                        63    -15       93
..................................................................


WIND (MPH)
  HIGHEST WIND SPEED    16   HIGHEST WIND DIRECTION    NW (330)
  HIGHEST GUST SPEED    23   HIGHEST GUST DIRECTION     W (290)
  AVERAGE WIND SPEED     5.9


SKY COVER
  POSSIBLE SUNSHINE  MM
  AVERAGE SKY COVER 0.2


WEATHER CONDITIONS
 THE FOLLOWING WEATHER WAS RECORDED TODAY.
  FOG
  FOG W/VISIBILITY <= 1/4 MILE
  HAZE


RELATIVE HUMIDITY (PERCENT)
 HIGHEST    93           600 AM
 LOWEST     29           100 PM
 AVERAGE    61

..........................................................


THE FRANKFORT KY CLIMATE NORMALS FOR TOMORROW
                         NORMAL    RECORD    YEAR
 MAXIMUM TEMPERATURE (F)   77        91      1964
                                             1939
 MINIMUM TEMPERATURE (F)   54        33      2002


SUNRISE AND SUNSET
MAY 22 2016...........SUNRISE   623 AM EDT   SUNSET   850 PM EDT
MAY 23 2016...........SUNRISE   622 AM EDT   SUNSET   851 PM EDT


-  INDICATES NEGATIVE NUMBERS.
R  INDICATES RECORD WAS SET OR TIED.
MM INDICATES DATA IS MISSING.
T  INDICATES TRACE AMOUNT.




$$
