000
CDUS43 KLMK 260629
CLIFFT


CLIMATE REPORT
NATIONAL WEATHER SERVICE LOUISVILLE KY
228 AM EDT FRI SEP 26 2014


...................................

...THE FRANKFORT KY CLIMATE SUMMARY FOR SEPTEMBER 25 2014...

CLIMATE NORMAL PERIOD 1981 TO 2010
CLIMATE RECORD PERIOD 1895 TO 2014


WEATHER ITEM   OBSERVED TIME   RECORD YEAR NORMAL DEPARTURE LAST
                VALUE   (LST)  VALUE       VALUE  FROM      YEAR
                                                  NORMAL
..................................................................
TEMPERATURE (F)
 YESTERDAY
  MAXIMUM         81    405 PM  95    2007  76      5       79
  MINIMUM         46    628 AM  32    1896  52     -6       58
  AVERAGE         64                        64      0       69

PRECIPITATION (IN)
  YESTERDAY        0.00          1.08 1970   0.10  -0.10     0.00
  MONTH TO DATE    2.83                      2.73   0.10     1.71
  SINCE SEP 1      2.83                      2.73   0.10     1.71
  SINCE JAN 1     36.12                     34.04   2.08    36.77

SNOWFALL (IN)
  YESTERDAY       MM            MM      MM  MM     MM       MM
  MONTH TO DATE   MM                        MM     MM       MM
  SINCE SEP 1     MM                        MM     MM       MM
  SINCE JUL 1     MM                        MM     MM       MM
  SNOW DEPTH      MM

DEGREE DAYS
 HEATING
  YESTERDAY        1                         3     -2        0
  MONTH TO DATE   58                        30     28       24
  SINCE SEP 1     58                        30     28       24
  SINCE JUL 1     61                        31     30       28

 COOLING
  YESTERDAY        0                         2     -2        4
  MONTH TO DATE  108                       122    -14      146
  SINCE SEP 1    108                       122    -14      146
  SINCE JAN 1   1034                      1124    -90     1082
..................................................................


WIND (MPH)
  HIGHEST WIND SPEED     9   HIGHEST WIND DIRECTION     E (110)
  HIGHEST GUST SPEED    11   HIGHEST GUST DIRECTION    NE (50)
  AVERAGE WIND SPEED     2.2


SKY COVER
  POSSIBLE SUNSHINE  MM
  AVERAGE SKY COVER 0.0


WEATHER CONDITIONS
 THE FOLLOWING WEATHER WAS RECORDED YESTERDAY.
  NO SIGNIFICANT WEATHER WAS OBSERVED.


RELATIVE HUMIDITY (PERCENT)
 HIGHEST    93           200 AM
 LOWEST     39           200 PM
 AVERAGE    66

..........................................................


THE FRANKFORT KY CLIMATE NORMALS FOR TODAY
                         NORMAL    RECORD    YEAR
 MAXIMUM TEMPERATURE (F)   76        90      1973
                                             1959
 MINIMUM TEMPERATURE (F)   51        32      1928


SUNRISE AND SUNSET
SEPTEMBER 26 2014.....SUNRISE   731 AM EDT   SUNSET   730 PM EDT
SEPTEMBER 27 2014.....SUNRISE   732 AM EDT   SUNSET   729 PM EDT


-  INDICATES NEGATIVE NUMBERS.
R  INDICATES RECORD WAS SET OR TIED.
MM INDICATES DATA IS MISSING.
T  INDICATES TRACE AMOUNT.

$$

SCHOETTMER
