000
CDUS43 KLMK 232125
CLIFFT


CLIMATE REPORT
NATIONAL WEATHER SERVICE LOUISVILLE KY
425 PM EST TUE DEC 23 2014


...................................

...THE FRANKFORT KY CLIMATE SUMMARY FOR DECEMBER 23 2014...
VALID TODAY AS OF 0400 PM LOCAL TIME.

CLIMATE NORMAL PERIOD 1981 TO 2010
CLIMATE RECORD PERIOD 1895 TO 2014


WEATHER ITEM   OBSERVED TIME   RECORD YEAR NORMAL DEPARTURE LAST
                VALUE   (LST)  VALUE       VALUE  FROM      YEAR
                                                  NORMAL
..................................................................
TEMPERATURE (F)
 TODAY
  MAXIMUM         56    259 PM  68    1933  42     14       38
  MINIMUM         50    314 AM -16    1989  24     26       26
  AVERAGE         53                        33     20       32

PRECIPITATION (IN)
  TODAY            0.08          2.48 1921   0.13  -0.05     0.01
  MONTH TO DATE    2.68                      3.09  -0.41     4.40
  SINCE DEC 1      2.68                      3.09  -0.41     4.40
  SINCE JAN 1     45.33                     44.70   0.63    49.62

SNOWFALL (IN)
  TODAY            0.0          MM      MM  MM     MM       MM
  MONTH TO DATE    0.0                      MM     MM       MM
  SINCE DEC 1      0.0                      MM     MM       MM
  SINCE JUL 1      0.0                      MM     MM       MM
  SNOW DEPTH       0

DEGREE DAYS
 HEATING
  TODAY           12                        32    -20       33
  MONTH TO DATE  600                       662    -62      621
  SINCE DEC 1    600                       662    -62      621
  SINCE JUL 1   1728                      1573    155     1664

 COOLING
  TODAY            0                         0      0        0
  MONTH TO DATE    0                         0      0        0
  SINCE DEC 1      0                         0      0        0
  SINCE JAN 1   1070                      1155    -85     1127
..................................................................


WIND (MPH)
  HIGHEST WIND SPEED    10   HIGHEST WIND DIRECTION    SE (150)
  HIGHEST GUST SPEED    14   HIGHEST GUST DIRECTION     S (170)
  AVERAGE WIND SPEED     6.5


SKY COVER
  POSSIBLE SUNSHINE  MM
  AVERAGE SKY COVER 0.9


WEATHER CONDITIONS
 THE FOLLOWING WEATHER WAS RECORDED TODAY.
  THUNDERSTORM
  HEAVY RAIN
  RAIN
  LIGHT RAIN
  FOG


RELATIVE HUMIDITY (PERCENT)
 HIGHEST   100           100 PM
 LOWEST     83           100 AM
 AVERAGE    92

..........................................................


THE FRANKFORT KY CLIMATE NORMALS FOR TOMORROW
                         NORMAL    RECORD    YEAR
 MAXIMUM TEMPERATURE (F)   42        70      1932
 MINIMUM TEMPERATURE (F)   24       -11      1989


SUNRISE AND SUNSET
DECEMBER 23 2014......SUNRISE   753 AM EST   SUNSET   524 PM EST
DECEMBER 24 2014......SUNRISE   754 AM EST   SUNSET   525 PM EST


-  INDICATES NEGATIVE NUMBERS.
R  INDICATES RECORD WAS SET OR TIED.
MM INDICATES DATA IS MISSING.
T  INDICATES TRACE AMOUNT.




$$
