852
CDUS43 KLMK 150644
CLIFFT


CLIMATE REPORT
NATIONAL WEATHER SERVICE LOUISVILLE KY
244 AM EDT TUE AUG 15 2017


...................................

...THE FRANKFORT KY CLIMATE SUMMARY FOR AUGUST 14 2017...

CLIMATE NORMAL PERIOD 1981 TO 2010
CLIMATE RECORD PERIOD 1895 TO 2017


WEATHER ITEM   OBSERVED TIME   RECORD YEAR NORMAL DEPARTURE LAST
                VALUE   (LST)  VALUE       VALUE  FROM      YEAR
                                                  NORMAL
..................................................................
TEMPERATURE (F)
 YESTERDAY
  MAXIMUM         84    434 PM 100    1943  87     -3       87
  MINIMUM         68    717 AM  42    1964  64      4       72
  AVERAGE         76                        76      0       80

PRECIPITATION (IN)
  YESTERDAY        0.29          1.20 1921   0.11   0.18     0.15
  MONTH TO DATE    1.40                      1.43  -0.03     2.75
  SINCE JUN 1     12.01                      9.91   2.10    14.79
  SINCE JAN 1     32.49                     29.38   3.11    34.45

SNOWFALL (IN)
  YESTERDAY       MM            MM      MM  MM     MM       MM
  MONTH TO DATE   MM                        MM     MM       MM
  SINCE JUN 1     MM                        MM     MM       MM
  SINCE JUL 1     MM                        MM     MM       MM
  SNOW DEPTH      MM

DEGREE DAYS
 HEATING
  YESTERDAY        0                         0      0        0
  MONTH TO DATE    0                         0      0        0
  SINCE JUN 1      1                        10     -9        1
  SINCE JUL 1      0                         0      0        0

 COOLING
  YESTERDAY       11                        11      0       15
  MONTH TO DATE  104                       154    -50      213
  SINCE JUN 1    733                       740     -7      950
  SINCE JAN 1    919                       839     80     1065
..................................................................


WIND (MPH)
  HIGHEST WIND SPEED    13   HIGHEST WIND DIRECTION    SE (150)
  HIGHEST GUST SPEED    16   HIGHEST GUST DIRECTION    SE (150)
  AVERAGE WIND SPEED     3.3


SKY COVER
  POSSIBLE SUNSHINE  MM
  AVERAGE SKY COVER 0.7


WEATHER CONDITIONS
 THE FOLLOWING WEATHER WAS RECORDED YESTERDAY.
  HEAVY RAIN
  RAIN
  LIGHT RAIN
  FOG


RELATIVE HUMIDITY (PERCENT)
 HIGHEST    93          1000 AM
 LOWEST     58           500 PM
 AVERAGE    76

..........................................................


THE FRANKFORT KY CLIMATE NORMALS FOR TODAY
                         NORMAL    RECORD    YEAR
 MAXIMUM TEMPERATURE (F)   87       101      2007
 MINIMUM TEMPERATURE (F)   64        49      2013
                                             1964


SUNRISE AND SUNSET
AUGUST 15 2017........SUNRISE   655 AM EDT   SUNSET   833 PM EDT
AUGUST 16 2017........SUNRISE   656 AM EDT   SUNSET   831 PM EDT


-  INDICATES NEGATIVE NUMBERS.
R  INDICATES RECORD WAS SET OR TIED.
MM INDICATES DATA IS MISSING.
T  INDICATES TRACE AMOUNT.




$$
