000
CDUS43 KLMK 240632
CLIFFT

CLIMATE REPORT
NATIONAL WEATHER SERVICE LOUISVILLE KY
130 AM EST TUE FEB 24 2015
..................................

...THE FRANKFORT KY CLIMATE SUMMARY FOR FEBRUARY 23 2015...

CLIMATE NORMAL PERIOD 1981 TO 2010
CLIMATE RECORD PERIOD 1895 TO 2015


WEATHER ITEM   OBSERVED TIME   RECORD YEAR NORMAL DEPARTURE LAST
                VALUE   (LST)  VALUE       VALUE  FROM      YEAR
                                                  NORMAL
..................................................................
TEMPERATURE (F)
 YESTERDAY
  MAXIMUM         27   1203 AM  71    1983  48    -21       48
  MINIMUM          8   1159 PM  -5    1963  28    -20       26
  AVERAGE         18                        38    -20       37

PRECIPITATION (IN)
  YESTERDAY        0.00          2.48 1925   0.14  -0.14     0.08
  MONTH TO DATE    2.10                      2.66  -0.56     3.92
  SINCE DEC 1      6.71                      9.93  -3.22    11.14
  SINCE JAN 1      3.56                      5.92  -2.36     6.20

SNOWFALL (IN)
  YESTERDAY       MM            MM      MM  MM     MM       MM
  MONTH TO DATE   MM                        MM     MM       MM
  SINCE DEC 1     MM                        MM     MM       MM
  SINCE JUL 1     MM                        MM     MM       MM
  SNOW DEPTH      MM

DEGREE DAYS
 HEATING
  YESTERDAY       47                        27     20       28
  MONTH TO DATE  901                       671    230      775
  SINCE DEC 1   2776                      2598    178     2877
  SINCE JUL 1   3904                      3509    395     3920

 COOLING
  YESTERDAY        0                         0      0        0
  MONTH TO DATE    0                         0      0        0
  SINCE DEC 1      0                         0      0        0
  SINCE JAN 1      0                         0      0        0
..................................................................


WIND (MPH)
  HIGHEST WIND SPEED    18   HIGHEST WIND DIRECTION     N (340)
  HIGHEST GUST SPEED    24   HIGHEST GUST DIRECTION    NW (330)
  AVERAGE WIND SPEED     9.2


SKY COVER
  POSSIBLE SUNSHINE  MM
  AVERAGE SKY COVER 0.4


WEATHER CONDITIONS
 THE FOLLOWING WEATHER WAS RECORDED YESTERDAY.
  NO SIGNIFICANT WEATHER WAS OBSERVED.


RELATIVE HUMIDITY (PERCENT)
 HIGHEST    68          1200 AM
 LOWEST     39           300 PM
 AVERAGE    54

..........................................................


THE FRANKFORT KY CLIMATE NORMALS FOR TODAY
                         NORMAL    RECORD    YEAR
 MAXIMUM TEMPERATURE (F)   49        78      1996
 MINIMUM TEMPERATURE (F)   28         1      1963


SUNRISE AND SUNSET
FEBRUARY 24 2015......SUNRISE   719 AM EST   SUNSET   627 PM EST
FEBRUARY 25 2015......SUNRISE   717 AM EST   SUNSET   629 PM EST


-  INDICATES NEGATIVE NUMBERS.
R  INDICATES RECORD WAS SET OR TIED.
MM INDICATES DATA IS MISSING.
T  INDICATES TRACE AMOUNT.

$$
04
