000
CDUS43 KLMK 230626
CLIFFT


CLIMATE REPORT
NATIONAL WEATHER SERVICE LOUISVILLE KY
226 AM EDT SAT AUG 23 2014


...................................

...THE FRANKFORT KY CLIMATE SUMMARY FOR AUGUST 22 2014...

CLIMATE NORMAL PERIOD 1981 TO 2010
CLIMATE RECORD PERIOD 1895 TO 2014


WEATHER ITEM   OBSERVED TIME   RECORD YEAR NORMAL DEPARTURE LAST
                VALUE   (LST)  VALUE       VALUE  FROM      YEAR
                                                  NORMAL
..................................................................
TEMPERATURE (F)
 YESTERDAY
  MAXIMUM         89    407 PM 104    1936  86      3       87
  MINIMUM         71   1159 PM  48    1982  63      8       67
                                      1950
                                      1940
  AVERAGE         80                        75      5       77

PRECIPITATION (IN)
  YESTERDAY        0.16          1.95 1920   0.11   0.05     0.00
  MONTH TO DATE    2.18                      2.31  -0.13     1.41
  SINCE JUN 1      9.13                     10.79  -1.66    15.64
  SINCE JAN 1     29.91                     30.26  -0.35    34.31

SNOWFALL (IN)
  YESTERDAY       MM            MM      MM  MM     MM       MM
  MONTH TO DATE   MM                        MM     MM       MM
  SINCE JUN 1     MM                        MM     MM       MM
  SINCE JUL 1     MM                        MM     MM       MM
  SNOW DEPTH      MM

DEGREE DAYS
 HEATING
  YESTERDAY        0                         0      0        0
  MONTH TO DATE    0                         0      0        3
  SINCE JUN 1      6                        10     -4        6
  SINCE JUL 1      3                         0      3        4

 COOLING
  YESTERDAY       15                        10      5       12
  MONTH TO DATE  194                       236    -42      178
  SINCE JUN 1    684                       822   -138      703
  SINCE JAN 1    806                       921   -115      822
..................................................................


WIND (MPH)
  HIGHEST WIND SPEED    16   HIGHEST WIND DIRECTION    SW (220)
  HIGHEST GUST SPEED    20   HIGHEST GUST DIRECTION    SW (210)
  AVERAGE WIND SPEED     6.0


SKY COVER
  POSSIBLE SUNSHINE  MM
  AVERAGE SKY COVER 0.3


WEATHER CONDITIONS
 THE FOLLOWING WEATHER WAS RECORDED YESTERDAY.
  THUNDERSTORM
  HEAVY RAIN
  RAIN
  LIGHT RAIN
  FOG


RELATIVE HUMIDITY (PERCENT)
 HIGHEST    93           300 AM
 LOWEST     63           300 PM
 AVERAGE    78

..........................................................


THE FRANKFORT KY CLIMATE NORMALS FOR TODAY
                         NORMAL    RECORD    YEAR
 MAXIMUM TEMPERATURE (F)   86       100      1983
 MINIMUM TEMPERATURE (F)   63        49      1997


SUNRISE AND SUNSET
AUGUST 23 2014........SUNRISE   701 AM EDT   SUNSET   822 PM EDT
AUGUST 24 2014........SUNRISE   702 AM EDT   SUNSET   821 PM EDT


-  INDICATES NEGATIVE NUMBERS.
R  INDICATES RECORD WAS SET OR TIED.
MM INDICATES DATA IS MISSING.
T  INDICATES TRACE AMOUNT.




$$
