000
CDUS43 KLMK 172135
CLIFFT


CLIMATE REPORT
NATIONAL WEATHER SERVICE LOUISVILLE KY
430 PM EST FRI FEB 17 2017


...................................

...THE FRANKFORT KY CLIMATE SUMMARY FOR FEBRUARY 17 2017...
VALID TODAY AS OF 0400 PM LOCAL TIME.

CLIMATE NORMAL PERIOD 1981 TO 2010
CLIMATE RECORD PERIOD 1895 TO 2017


WEATHER ITEM   OBSERVED TIME   RECORD YEAR NORMAL DEPARTURE LAST
                VALUE   (LST)  VALUE       VALUE  FROM      YEAR
                                                  NORMAL
..................................................................
TEMPERATURE (F)
 TODAY
  MAXIMUM         68    359 PM  73    1927  47     21       36
  MINIMUM         41   1223 AM  -9    2015  27     14       27
  AVERAGE         55                        37     18       32

PRECIPITATION (IN)
  TODAY            0.00          1.36 1910   0.10  -0.10     0.00
  MONTH TO DATE    1.09                      1.84  -0.75     2.64
  SINCE DEC 1     10.50                      9.11   1.39    10.35
  SINCE JAN 1      5.03                      5.10  -0.07     4.09

SNOWFALL (IN)
  TODAY           MM            MM      MM  MM     MM       MM
  MONTH TO DATE   MM                        MM     MM       MM
  SINCE DEC 1     MM                        MM     MM       MM
  SINCE JUL 1     MM                        MM     MM       MM
  SNOW DEPTH      MM

DEGREE DAYS
 HEATING
  TODAY           10                        28    -18       33
  MONTH TO DATE  392                       507   -115      557
  SINCE DEC 1   2025                      2434   -409     2117
  SINCE JUL 1   2643                      3345   -702     2851

 COOLING
  TODAY            0                         0      0        0
  MONTH TO DATE    0                         0      0        0
  SINCE DEC 1      0                         0      0        1
  SINCE JAN 1      0                         0      0        0
..................................................................


WIND (MPH)
  HIGHEST WIND SPEED    22   HIGHEST WIND DIRECTION    SW (230)
  HIGHEST GUST SPEED    27   HIGHEST GUST DIRECTION    SW (210)
  AVERAGE WIND SPEED    11.4


SKY COVER
  POSSIBLE SUNSHINE  MM
  AVERAGE SKY COVER 0.0


WEATHER CONDITIONS
 THE FOLLOWING WEATHER WAS RECORDED TODAY.
  NO SIGNIFICANT WEATHER WAS OBSERVED.


RELATIVE HUMIDITY (PERCENT)
 HIGHEST    53           700 AM
 LOWEST     26           400 PM
 AVERAGE    40

..........................................................


THE FRANKFORT KY CLIMATE NORMALS FOR TOMORROW
                         NORMAL    RECORD    YEAR
 MAXIMUM TEMPERATURE (F)   47        72      1948
 MINIMUM TEMPERATURE (F)   27        -6      1936


SUNRISE AND SUNSET
FEBRUARY 17 2017......SUNRISE   727 AM EST   SUNSET   621 PM EST
FEBRUARY 18 2017......SUNRISE   726 AM EST   SUNSET   622 PM EST


-  INDICATES NEGATIVE NUMBERS.
R  INDICATES RECORD WAS SET OR TIED.
MM INDICATES DATA IS MISSING.
T  INDICATES TRACE AMOUNT.




$$
