013
CDUS43 KLMK 170632
CLIFFT


CLIMATE REPORT
NATIONAL WEATHER SERVICE LOUISVILLE KY
231 AM EDT TUE OCT 17 2017


...................................

...THE FRANKFORT KY CLIMATE SUMMARY FOR OCTOBER 16 2017...

CLIMATE NORMAL PERIOD 1981 TO 2010
CLIMATE RECORD PERIOD 1895 TO 2017


WEATHER ITEM   OBSERVED TIME   RECORD YEAR NORMAL DEPARTURE LAST
                VALUE   (LST)  VALUE       VALUE  FROM      YEAR
                                                  NORMAL
..................................................................
TEMPERATURE (F)
 YESTERDAY
  MAXIMUM         64    347 PM  87    1953  68     -4       82
  MINIMUM         41   1159 PM  27    1939  44     -3       60
  AVERAGE         53                        56     -3       71

PRECIPITATION (IN)
  YESTERDAY        0.00          1.32 2006   0.11  -0.11     0.00
  MONTH TO DATE    3.84                      1.61   2.23     0.09
  SINCE SEP 1      8.80                      4.94   3.86     2.14
  SINCE JAN 1     42.52                     36.25   6.27    38.19

SNOWFALL (IN)
  YESTERDAY       MM            MM      MM  MM     MM       MM
  MONTH TO DATE   MM                        MM     MM       MM
  SINCE SEP 1     MM                        MM     MM       MM
  SINCE JUL 1     MM                        MM     MM       MM
  SNOW DEPTH      MM

DEGREE DAYS
 HEATING
  YESTERDAY       12                         9      3        0
  MONTH TO DATE   22                       116    -94       44
  SINCE SEP 1     54                       169   -115       62
  SINCE JUL 1     54                       170   -116       62

 COOLING
  YESTERDAY        0                         0      0        6
  MONTH TO DATE   44                        15     29       35
  SINCE SEP 1    186                       148     38      297
  SINCE JAN 1   1273                      1150    123     1588
..................................................................


WIND (MPH)
  HIGHEST WIND SPEED    12   HIGHEST WIND DIRECTION    NW (330)
  HIGHEST GUST SPEED    15   HIGHEST GUST DIRECTION    NW (330)
  AVERAGE WIND SPEED     4.1


SKY COVER
  POSSIBLE SUNSHINE  MM
  AVERAGE SKY COVER 0.4


WEATHER CONDITIONS
 THE FOLLOWING WEATHER WAS RECORDED YESTERDAY.
  NO SIGNIFICANT WEATHER WAS OBSERVED.


RELATIVE HUMIDITY (PERCENT)
 HIGHEST    89          1100 PM
 LOWEST     39           200 PM
 AVERAGE    64

..........................................................


THE FRANKFORT KY CLIMATE NORMALS FOR TODAY
                         NORMAL    RECORD    YEAR
 MAXIMUM TEMPERATURE (F)   68        88      1938
 MINIMUM TEMPERATURE (F)   44        29      1982


SUNRISE AND SUNSET
OCTOBER 17 2017.......SUNRISE   751 AM EDT   SUNSET   659 PM EDT
OCTOBER 18 2017.......SUNRISE   752 AM EDT   SUNSET   657 PM EDT


-  INDICATES NEGATIVE NUMBERS.
R  INDICATES RECORD WAS SET OR TIED.
MM INDICATES DATA IS MISSING.
T  INDICATES TRACE AMOUNT.




$$
