368
CDUS43 KLMK 210629
CLIFFT


CLIMATE REPORT
NATIONAL WEATHER SERVICE LOUISVILLE KY
229 AM EDT THU JUL 21 2016


...................................

...THE FRANKFORT KY CLIMATE SUMMARY FOR JULY 20 2016...

CLIMATE NORMAL PERIOD 1981 TO 2010
CLIMATE RECORD PERIOD 1895 TO 2016


WEATHER ITEM   OBSERVED TIME   RECORD YEAR NORMAL DEPARTURE LAST
                VALUE   (LST)  VALUE       VALUE  FROM      YEAR
                                                  NORMAL
..................................................................
TEMPERATURE (F)
 YESTERDAY
  MAXIMUM         91    209 PM 101    1930  87      4       86
  MINIMUM         71   1159 PM  52    1947  66      5       70
  AVERAGE         81                        76      5       78

PRECIPITATION (IN)
  YESTERDAY        0.39          4.35 1896   0.15   0.24     0.03
  MONTH TO DATE    3.27                      2.80   0.47     9.35
  SINCE JUN 1      7.70                      6.89   0.81    15.56
  SINCE JAN 1     27.36                     26.36   1.00    38.96

SNOWFALL (IN)
  YESTERDAY       MM            MM      MM  MM     MM       MM
  MONTH TO DATE   MM                        MM     MM       MM
  SINCE JUN 1     MM                        MM     MM       MM
  SINCE JUL 1     MM                        MM     MM       MM
  SNOW DEPTH      MM

DEGREE DAYS
 HEATING
  YESTERDAY        0                         0      0        0
  MONTH TO DATE    0                         0      0        0
  SINCE JUN 1      1                        10     -9       16
  SINCE JUL 1      0                         0      0        0

 COOLING
  YESTERDAY       16                        11      5       13
  MONTH TO DATE  250                       220     30      219
  SINCE JUN 1    567                       456    111      515
  SINCE JAN 1    682                       555    127      670
..................................................................


WIND (MPH)
  HIGHEST WIND SPEED    18   HIGHEST WIND DIRECTION    SW (240)
  HIGHEST GUST SPEED    24   HIGHEST GUST DIRECTION    SW (240)
  AVERAGE WIND SPEED     3.7


SKY COVER
  POSSIBLE SUNSHINE  MM
  AVERAGE SKY COVER 0.2


WEATHER CONDITIONS
 THE FOLLOWING WEATHER WAS RECORDED YESTERDAY.
  THUNDERSTORM
  HEAVY RAIN
  RAIN
  LIGHT RAIN
  FOG


RELATIVE HUMIDITY (PERCENT)
 HIGHEST    93          1100 PM
 LOWEST     47           100 PM
 AVERAGE    70

..........................................................


THE FRANKFORT KY CLIMATE NORMALS FOR TODAY
                         NORMAL    RECORD    YEAR
 MAXIMUM TEMPERATURE (F)   87       104      1934
 MINIMUM TEMPERATURE (F)   66        51      1944


SUNRISE AND SUNSET
JULY 21 2016..........SUNRISE   634 AM EDT   SUNSET   858 PM EDT
JULY 22 2016..........SUNRISE   634 AM EDT   SUNSET   857 PM EDT


-  INDICATES NEGATIVE NUMBERS.
R  INDICATES RECORD WAS SET OR TIED.
MM INDICATES DATA IS MISSING.
T  INDICATES TRACE AMOUNT.




$$
