000
CDUS43 KLMK 270639
CLIFFT


CLIMATE REPORT
NATIONAL WEATHER SERVICE LOUISVILLE KY
237 AM EDT SUN JUL 27 2014
...................................

...THE FRANKFORT KY CLIMATE SUMMARY FOR JULY 26 2014...

CLIMATE NORMAL PERIOD 1981 TO 2010
CLIMATE RECORD PERIOD 1895 TO 2014


WEATHER ITEM   OBSERVED TIME   RECORD YEAR NORMAL DEPARTURE LAST
                VALUE   (LST)  VALUE       VALUE  FROM      YEAR
                                                  NORMAL
..................................................................
TEMPERATURE (F)
 YESTERDAY
  MAXIMUM         88    538 PM 100    1934  87      1       81
                                      1930
  MINIMUM         63    550 AM  50    1911  66     -3       56
  AVERAGE         76                        76      0       69

PRECIPITATION (IN)
  YESTERDAY        0.13          1.85 1938   0.14  -0.01     0.00
  MONTH TO DATE    1.62                      3.73  -2.11     7.35
  SINCE JUN 1      5.54                      7.82  -2.28    13.86
  SINCE JAN 1     26.32                     27.29  -0.97    32.53

SNOWFALL (IN)
  YESTERDAY       MM            MM      MM  MM     MM       MM
  MONTH TO DATE   MM                        MM     MM       MM
  SINCE JUN 1     MM                        MM     MM       MM
  SINCE JUL 1     MM                        MM     MM       MM
  SNOW DEPTH      MM

DEGREE DAYS
 HEATING
  YESTERDAY        0                         0      0        0
  MONTH TO DATE    1                         0      1        0
  SINCE JUN 1      4                        10     -6        2
  SINCE JUL 1      1                         0      1        0

 COOLING
  YESTERDAY       11                        11      0        4
  MONTH TO DATE  204                       286    -82      270
  SINCE JUN 1    469                       522    -53      511
  SINCE JAN 1    591                       621    -30      630
..................................................................


WIND (MPH)
  HIGHEST WIND SPEED    24   HIGHEST WIND DIRECTION     W (270)
  HIGHEST GUST SPEED    38   HIGHEST GUST DIRECTION     W (260)
  AVERAGE WIND SPEED     7.4


SKY COVER
  POSSIBLE SUNSHINE  MM
  AVERAGE SKY COVER 0.2


WEATHER CONDITIONS
 THE FOLLOWING WEATHER WAS RECORDED YESTERDAY.
  THUNDERSTORM
  RAIN
  LIGHT RAIN


RELATIVE HUMIDITY (PERCENT)
 HIGHEST    87           500 AM
 LOWEST     51           600 PM
 AVERAGE    69

..........................................................


THE FRANKFORT KY CLIMATE NORMALS FOR TODAY
                         NORMAL    RECORD    YEAR
 MAXIMUM TEMPERATURE (F)   87       103      1952
 MINIMUM TEMPERATURE (F)   66        50      1911


SUNRISE AND SUNSET
JULY 27 2014..........SUNRISE   638 AM EDT   SUNSET   854 PM EDT
JULY 28 2014..........SUNRISE   639 AM EDT   SUNSET   853 PM EDT


-  INDICATES NEGATIVE NUMBERS.
R  INDICATES RECORD WAS SET OR TIED.
MM INDICATES DATA IS MISSING.
T  INDICATES TRACE AMOUNT.

$$
04
