000
CDUS43 KLMK 210630
CLIFFT


CLIMATE REPORT
NATIONAL WEATHER SERVICE LOUISVILLE KY
229 AM EDT FRI APR 21 2017


...................................

...THE FRANKFORT KY CLIMATE SUMMARY FOR APRIL 20 2017...

CLIMATE NORMAL PERIOD 1981 TO 2010
CLIMATE RECORD PERIOD 1895 TO 2017


WEATHER ITEM   OBSERVED TIME   RECORD YEAR NORMAL DEPARTURE LAST
                VALUE   (LST)  VALUE       VALUE  FROM      YEAR
                                                  NORMAL
..................................................................
TEMPERATURE (F)
 YESTERDAY
  MAXIMUM         84    306 PM  89    1915  69     15       84
  MINIMUM         65    530 AM  26    1983  45     20       57
                                      1926
  AVERAGE         75                        57     18       71

PRECIPITATION (IN)
  YESTERDAY        0.10          1.75 1909   0.13  -0.03     0.00
  MONTH TO DATE    2.20                      2.29  -0.09     0.85
  SINCE MAR 1      7.29                      6.67   0.62     6.93
  SINCE JAN 1     13.39                     13.22   0.17    12.95

SNOWFALL (IN)
  YESTERDAY       MM            MM      MM  MM     MM       MM
  MONTH TO DATE   MM                        MM     MM       MM
  SINCE MAR 1     MM                        MM     MM       MM
  SINCE JUL 1     MM                        MM     MM       MM
  SNOW DEPTH      MM

DEGREE DAYS
 HEATING
  YESTERDAY        0                         9     -9        0
  MONTH TO DATE   97                       240   -143      236
  SINCE MAR 1    630                       865   -235      646
  SINCE JUL 1   3400                      4504  -1104     3718

 COOLING
  YESTERDAY       10                         1      9        6
  MONTH TO DATE   43                        12     31        8
  SINCE MAR 1     49                        14     35        9
  SINCE JAN 1     52                        14     38        9
..................................................................


WIND (MPH)
  HIGHEST WIND SPEED    26   HIGHEST WIND DIRECTION    SW (230)
  HIGHEST GUST SPEED    39   HIGHEST GUST DIRECTION    SW (230)
  AVERAGE WIND SPEED    11.1


SKY COVER
  POSSIBLE SUNSHINE  MM
  AVERAGE SKY COVER 0.4


WEATHER CONDITIONS
 THE FOLLOWING WEATHER WAS RECORDED YESTERDAY.
  HEAVY RAIN
  LIGHT RAIN
  HAZE


RELATIVE HUMIDITY (PERCENT)
 HIGHEST    78           100 AM
 LOWEST     42           200 PM
 AVERAGE    60

..........................................................


THE FRANKFORT KY CLIMATE NORMALS FOR TODAY
                         NORMAL    RECORD    YEAR
 MAXIMUM TEMPERATURE (F)   69        89      1976
 MINIMUM TEMPERATURE (F)   45        28      1988


SUNRISE AND SUNSET
APRIL 21 2017.........SUNRISE   655 AM EDT   SUNSET   822 PM EDT
APRIL 22 2017.........SUNRISE   654 AM EDT   SUNSET   823 PM EDT


-  INDICATES NEGATIVE NUMBERS.
R  INDICATES RECORD WAS SET OR TIED.
MM INDICATES DATA IS MISSING.
T  INDICATES TRACE AMOUNT.




$$
