000
CDUS43 KLMK 190635
CLIFFT


CLIMATE REPORT
NATIONAL WEATHER SERVICE LOUISVILLE KY
234 AM EDT THU MAY 19 2016


...................................

...THE FRANKFORT KY CLIMATE SUMMARY FOR MAY 18 2016...

CLIMATE NORMAL PERIOD 1981 TO 2010
CLIMATE RECORD PERIOD 1895 TO 2016


WEATHER ITEM   OBSERVED TIME   RECORD YEAR NORMAL DEPARTURE LAST
                VALUE   (LST)  VALUE       VALUE  FROM      YEAR
                                                  NORMAL
..................................................................
TEMPERATURE (F)
 YESTERDAY
  MAXIMUM         67    452 PM  92    1962  76     -9       77
  MINIMUM         50    400 AM  35    1973  53     -3       65
  AVERAGE         59                        64     -5       71

PRECIPITATION (IN)
  YESTERDAY        0.08          1.90 1995   0.15  -0.07      T
  MONTH TO DATE    3.25                      2.89   0.36     0.65
  SINCE MAR 1     12.40                     10.96   1.44    19.57
  SINCE JAN 1     18.42                     17.51   0.91    23.13

SNOWFALL (IN)
  YESTERDAY       MM            MM      MM  MM     MM       MM
  MONTH TO DATE   MM                        MM     MM       MM
  SINCE MAR 1     MM                        MM     MM       MM
  SINCE JUL 1     MM                        MM     MM       MM
  SNOW DEPTH      MM

DEGREE DAYS
 HEATING
  YESTERDAY        6                         3      3        0
  MONTH TO DATE  110                        83     27       31
  SINCE MAR 1    776                      1022   -246      976
  SINCE JUL 1   3848                      4661   -813     5096

 COOLING
  YESTERDAY        0                         3     -3        6
  MONTH TO DATE   22                        31     -9       84
  SINCE MAR 1     48                        51     -3       92
  SINCE JAN 1     48                        51     -3       92
..................................................................


WIND (MPH)
  HIGHEST WIND SPEED    15   HIGHEST WIND DIRECTION     E (70)
  HIGHEST GUST SPEED    20   HIGHEST GUST DIRECTION    NE (40)
  AVERAGE WIND SPEED     5.5


SKY COVER
  POSSIBLE SUNSHINE  MM
  AVERAGE SKY COVER 1.0


WEATHER CONDITIONS
 THE FOLLOWING WEATHER WAS RECORDED YESTERDAY.
  LIGHT RAIN
  FOG


RELATIVE HUMIDITY (PERCENT)
 HIGHEST    89          1200 AM
 LOWEST     48           500 PM
 AVERAGE    69

..........................................................


THE FRANKFORT KY CLIMATE NORMALS FOR TODAY
                         NORMAL    RECORD    YEAR
 MAXIMUM TEMPERATURE (F)   76        94      1962
 MINIMUM TEMPERATURE (F)   53        32      2002


SUNRISE AND SUNSET
MAY 19 2016...........SUNRISE   625 AM EDT   SUNSET   847 PM EDT
MAY 20 2016...........SUNRISE   624 AM EDT   SUNSET   848 PM EDT


-  INDICATES NEGATIVE NUMBERS.
R  INDICATES RECORD WAS SET OR TIED.
MM INDICATES DATA IS MISSING.
T  INDICATES TRACE AMOUNT.




$$
