000
CDUS43 KLMK 172040
CLIFFT


CLIMATE REPORT
NATIONAL WEATHER SERVICE LOUISVILLE KY
440 PM EDT WED AUG 17 2016


...................................

...THE FRANKFORT KY CLIMATE SUMMARY FOR AUGUST 17 2016...
VALID TODAY AS OF 0400 PM LOCAL TIME.

CLIMATE NORMAL PERIOD 1981 TO 2010
CLIMATE RECORD PERIOD 1895 TO 2016


WEATHER ITEM   OBSERVED TIME   RECORD YEAR NORMAL DEPARTURE LAST
                VALUE   (LST)  VALUE       VALUE  FROM      YEAR
                                                  NORMAL
..................................................................
TEMPERATURE (F)
 TODAY
  MAXIMUM         81    108 PM 100    1965  87     -6       78
                                      1940
  MINIMUM         73    346 AM  52    1994  64      9       69
                                      1963
  AVERAGE         77                        75      2       74

PRECIPITATION (IN)
  TODAY            0.32          1.31 1944   0.12   0.20     0.01
  MONTH TO DATE    3.22                      1.75   1.47     2.26
  SINCE JUN 1     15.26                     10.23   5.03    19.49
  SINCE JAN 1     34.92                     29.70   5.22    42.89

SNOWFALL (IN)
  TODAY           MM            MM      MM  MM     MM       MM
  MONTH TO DATE   MM                        MM     MM       MM
  SINCE JUN 1     MM                        MM     MM       MM
  SINCE JUL 1     MM                        MM     MM       MM
  SNOW DEPTH      MM

DEGREE DAYS
 HEATING
  TODAY            0                         0      0        0
  MONTH TO DATE    0                         0      0        0
  SINCE JUN 1      1                        10     -9       16
  SINCE JUL 1      0                         0      0        0

 COOLING
  TODAY           12                        10      2        9
  MONTH TO DATE  256                       186     70      153
  SINCE JUN 1    993                       772    221      797
  SINCE JAN 1   1108                       871    237      952
..................................................................


WIND (MPH)
  HIGHEST WIND SPEED    13   HIGHEST WIND DIRECTION    SW (240)
  HIGHEST GUST SPEED    18   HIGHEST GUST DIRECTION    SW (240)
  AVERAGE WIND SPEED     3.4


SKY COVER
  POSSIBLE SUNSHINE  MM
  AVERAGE SKY COVER 0.8


WEATHER CONDITIONS
 THE FOLLOWING WEATHER WAS RECORDED TODAY.
  RAIN
  LIGHT RAIN
  FOG


RELATIVE HUMIDITY (PERCENT)
 HIGHEST    93           200 AM
 LOWEST     79           200 PM
 AVERAGE    86

..........................................................


THE FRANKFORT KY CLIMATE NORMALS FOR TOMORROW
                         NORMAL    RECORD    YEAR
 MAXIMUM TEMPERATURE (F)   87        99      1988
 MINIMUM TEMPERATURE (F)   64        52      1976
                                             1943


SUNRISE AND SUNSET
AUGUST 17 2016........SUNRISE   657 AM EDT   SUNSET   830 PM EDT
AUGUST 18 2016........SUNRISE   657 AM EDT   SUNSET   828 PM EDT


-  INDICATES NEGATIVE NUMBERS.
R  INDICATES RECORD WAS SET OR TIED.
MM INDICATES DATA IS MISSING.
T  INDICATES TRACE AMOUNT.




$$
