000
CDUS43 KLMK 242031
CLIFFT


CLIMATE REPORT
NATIONAL WEATHER SERVICE LOUISVILLE KY
430 PM EDT SUN AUG 24 2014


...................................

...THE FRANKFORT KY CLIMATE SUMMARY FOR AUGUST 24 2014...
VALID TODAY AS OF 0400 PM LOCAL TIME.

CLIMATE NORMAL PERIOD 1981 TO 2010
CLIMATE RECORD PERIOD 1895 TO 2014


WEATHER ITEM   OBSERVED TIME   RECORD YEAR NORMAL DEPARTURE LAST
                VALUE   (LST)  VALUE       VALUE  FROM      YEAR
                                                  NORMAL
..................................................................
TEMPERATURE (F)
 TODAY
  MAXIMUM         90    314 PM 102    1943  86      4       87
  MINIMUM         71    430 AM  49    1952  63      8       62
                                      1951
                                      1923
  AVERAGE         81                        75      6       75

PRECIPITATION (IN)
  TODAY            0.03          2.76 1942   0.12  -0.09     0.00
  MONTH TO DATE    4.23                      2.55   1.68     1.41
  SINCE JUN 1     11.18                     11.03   0.15    15.64
  SINCE JAN 1     31.96                     30.50   1.46    34.31

SNOWFALL (IN)
  TODAY           MM            MM      MM  MM     MM       MM
  MONTH TO DATE   MM                        MM     MM       MM
  SINCE JUN 1     MM                        MM     MM       MM
  SINCE JUL 1     MM                        MM     MM       MM
  SNOW DEPTH      MM

DEGREE DAYS
 HEATING
  TODAY            0                         0      0        0
  MONTH TO DATE    0                         0      0        3
  SINCE JUN 1      6                        10     -4        6
  SINCE JUL 1      3                         0      3        4

 COOLING
  TODAY           16                        10      6       10
  MONTH TO DATE  224                       256    -32      199
  SINCE JUN 1    714                       842   -128      724
  SINCE JAN 1    836                       941   -105      843
..................................................................


WIND (MPH)
  HIGHEST WIND SPEED     8   HIGHEST WIND DIRECTION     E (90)
  HIGHEST GUST SPEED    11   HIGHEST GUST DIRECTION     E (100)
  AVERAGE WIND SPEED     2.8


SKY COVER
  POSSIBLE SUNSHINE  MM
  AVERAGE SKY COVER 0.7


WEATHER CONDITIONS
 THE FOLLOWING WEATHER WAS RECORDED TODAY.
  RAIN
  FOG


RELATIVE HUMIDITY (PERCENT)
 HIGHEST   100          1200 AM
 LOWEST     59           200 PM
 AVERAGE    80

..........................................................


THE FRANKFORT KY CLIMATE NORMALS FOR TOMORROW
                         NORMAL    RECORD    YEAR
 MAXIMUM TEMPERATURE (F)   86       102      1948
                                             1943
 MINIMUM TEMPERATURE (F)   63        46      1942


SUNRISE AND SUNSET
AUGUST 24 2014........SUNRISE   702 AM EDT   SUNSET   821 PM EDT
AUGUST 25 2014........SUNRISE   703 AM EDT   SUNSET   819 PM EDT


-  INDICATES NEGATIVE NUMBERS.
R  INDICATES RECORD WAS SET OR TIED.
MM INDICATES DATA IS MISSING.
T  INDICATES TRACE AMOUNT.




$$
