000
CDUS43 KLMK 042038
CLIFFT


CLIMATE REPORT
NATIONAL WEATHER SERVICE LOUISVILLE KY
438 PM EDT FRI JUL 4 2014


...................................

...THE FRANKFORT KY CLIMATE SUMMARY FOR JULY 4 2014...
VALID TODAY AS OF 0400 PM LOCAL TIME.

CLIMATE NORMAL PERIOD 1981 TO 2010
CLIMATE RECORD PERIOD 1895 TO 2014


WEATHER ITEM   OBSERVED TIME   RECORD YEAR NORMAL DEPARTURE LAST
                VALUE   (LST)  VALUE       VALUE  FROM      YEAR
                                                  NORMAL
..................................................................
TEMPERATURE (F)
 TODAY
  MAXIMUM         79    259 PM 100    1934  87     -8       71
  MINIMUM         52    549 AM  49    1968  66    -14       65
  AVERAGE         66                        76    -10       68

PRECIPITATION (IN)
  TODAY            0.00          2.60 1925   0.12  -0.12     1.96
  MONTH TO DATE    0.66                      0.47   0.19     2.10
  SINCE JUN 1      4.58                      4.56   0.02     8.61
  SINCE JAN 1     25.36                     24.03   1.33    27.28

SNOWFALL (IN)
  TODAY            0.0          MM      MM  MM     MM       MM
  MONTH TO DATE    0.0                      MM     MM       MM
  SINCE JUN 1      0.0                      MM     MM       MM
  SINCE JUL 1      0.0                      MM     MM       MM
  SNOW DEPTH       0

DEGREE DAYS
 HEATING
  TODAY            0                         0      0        0
  MONTH TO DATE    0                         0      0        0
  SINCE JUN 1      3                        10     -7        2
  SINCE JUL 1      0                         0      0        0

 COOLING
  TODAY            1                        11    -10        3
  MONTH TO DATE   29                        44    -15       24
  SINCE JUN 1    294                       280     14      265
  SINCE JAN 1    416                       379     37      384
..................................................................


WIND (MPH)
  HIGHEST WIND SPEED    13   HIGHEST WIND DIRECTION     N (10)
  HIGHEST GUST SPEED    17   HIGHEST GUST DIRECTION    NE (30)
  AVERAGE WIND SPEED     4.3


SKY COVER
  POSSIBLE SUNSHINE  MM
  AVERAGE SKY COVER 0.0


WEATHER CONDITIONS
 THE FOLLOWING WEATHER WAS RECORDED TODAY.
  NO SIGNIFICANT WEATHER WAS OBSERVED.


RELATIVE HUMIDITY (PERCENT)
 HIGHEST   100           400 AM
 LOWEST     35           300 PM
 AVERAGE    68

..........................................................


THE FRANKFORT KY CLIMATE NORMALS FOR TOMORROW
                         NORMAL    RECORD    YEAR
 MAXIMUM TEMPERATURE (F)   87        99      1934
 MINIMUM TEMPERATURE (F)   66        50      1940


SUNRISE AND SUNSET
JULY  4 2014..........SUNRISE   622 AM EDT   SUNSET   906 PM EDT
JULY  5 2014..........SUNRISE   622 AM EDT   SUNSET   906 PM EDT


-  INDICATES NEGATIVE NUMBERS.
R  INDICATES RECORD WAS SET OR TIED.
MM INDICATES DATA IS MISSING.
T  INDICATES TRACE AMOUNT.




$$
