000
CDUS43 KLMK 290628
CLIFFT


CLIMATE REPORT
NATIONAL WEATHER SERVICE LOUISVILLE KY
228 AM EDT TUE JUL 29 2014


...................................

...THE FRANKFORT KY CLIMATE SUMMARY FOR JULY 28 2014...

CLIMATE NORMAL PERIOD 1981 TO 2010
CLIMATE RECORD PERIOD 1895 TO 2014


WEATHER ITEM   OBSERVED TIME   RECORD YEAR NORMAL DEPARTURE LAST
                VALUE   (LST)  VALUE       VALUE  FROM      YEAR
                                                  NORMAL
..................................................................
TEMPERATURE (F)
 YESTERDAY
  MAXIMUM         73    607 PM 106    1930  87    -14       74
  MINIMUM         58   1153 PM  50    1962  66     -8       53
  AVERAGE         66                        76    -10       64

PRECIPITATION (IN)
  YESTERDAY        0.00          1.54 1992   0.14  -0.14     0.00
  MONTH TO DATE    3.03                      4.01  -0.98     7.41
  SINCE JUN 1      6.95                      8.10  -1.15    13.92
  SINCE JAN 1     27.73                     27.57   0.16    32.59

SNOWFALL (IN)
  YESTERDAY       MM            MM      MM  MM     MM       MM
  MONTH TO DATE   MM                        MM     MM       MM
  SINCE JUN 1     MM                        MM     MM       MM
  SINCE JUL 1     MM                        MM     MM       MM
  SNOW DEPTH      MM

DEGREE DAYS
 HEATING
  YESTERDAY        0                         0      0        1
  MONTH TO DATE    1                         0      1        1
  SINCE JUN 1      4                        10     -6        3
  SINCE JUL 1      1                         0      1        1

 COOLING
  YESTERDAY        1                        11    -10        0
  MONTH TO DATE  218                       308    -90      274
  SINCE JUN 1    483                       544    -61      515
  SINCE JAN 1    605                       643    -38      634
..................................................................


WIND (MPH)
  HIGHEST WIND SPEED    16   HIGHEST WIND DIRECTION     N (340)
  HIGHEST GUST SPEED    20   HIGHEST GUST DIRECTION    NW (330)
  AVERAGE WIND SPEED     6.4


SKY COVER
  POSSIBLE SUNSHINE  MM
  AVERAGE SKY COVER 0.4


WEATHER CONDITIONS
 THE FOLLOWING WEATHER WAS RECORDED YESTERDAY.
  NO SIGNIFICANT WEATHER WAS OBSERVED.


RELATIVE HUMIDITY (PERCENT)
 HIGHEST    90           600 AM
 LOWEST     57           600 PM
 AVERAGE    74

..........................................................


THE FRANKFORT KY CLIMATE NORMALS FOR TODAY
                         NORMAL    RECORD    YEAR
 MAXIMUM TEMPERATURE (F)   87       105      1952
                                             1930
 MINIMUM TEMPERATURE (F)   65        52      2013


SUNRISE AND SUNSET
JULY 29 2014..........SUNRISE   640 AM EDT   SUNSET   852 PM EDT
JULY 30 2014..........SUNRISE   640 AM EDT   SUNSET   851 PM EDT


-  INDICATES NEGATIVE NUMBERS.
R  INDICATES RECORD WAS SET OR TIED.
MM INDICATES DATA IS MISSING.
T  INDICATES TRACE AMOUNT.




$$
