000
CDUS43 KLMK 212033
CLIFFT


CLIMATE REPORT
NATIONAL WEATHER SERVICE LOUISVILLE KY
432 PM EDT THU MAY 21 2015


...................................

...THE FRANKFORT KY CLIMATE SUMMARY FOR MAY 21 2015...
VALID TODAY AS OF 0400 PM LOCAL TIME.

CLIMATE NORMAL PERIOD 1981 TO 2010
CLIMATE RECORD PERIOD 1895 TO 2015


WEATHER ITEM   OBSERVED TIME   RECORD YEAR NORMAL DEPARTURE LAST
                VALUE   (LST)  VALUE       VALUE  FROM      YEAR
                                                  NORMAL
..................................................................
TEMPERATURE (F)
 TODAY
  MAXIMUM         57   1238 AM  96    1941  77    -20       82
  MINIMUM         52    705 AM  35    2002  54     -2       62
  AVERAGE         55                        65    -10       72

PRECIPITATION (IN)
  TODAY            0.00          2.48 1935   0.16  -0.16     1.40
  MONTH TO DATE    0.65                      3.35  -2.70     4.70
  SINCE MAR 1     19.57                     11.42   8.15    13.53
  SINCE JAN 1     23.13                     17.97   5.16    19.73

SNOWFALL (IN)
  TODAY           MM            MM      MM  MM     MM       MM
  MONTH TO DATE   MM                        MM     MM       MM
  SINCE MAR 1     MM                        MM     MM       MM
  SINCE JUL 1     MM                        MM     MM       MM
  SNOW DEPTH      MM

DEGREE DAYS
 HEATING
  TODAY           10                         3      7        0
  MONTH TO DATE   46                        92    -46      103
  SINCE MAR 1    991                      1031    -40     1105
  SINCE JUL 1   5111                      4670    441     5217

 COOLING
  TODAY            0                         3     -3        7
  MONTH TO DATE   85                        40     45       56
  SINCE MAR 1     93                        60     33       64
  SINCE JAN 1     93                        60     33       64
..................................................................


WIND (MPH)
  HIGHEST WIND SPEED    15   HIGHEST WIND DIRECTION     W (290)
  HIGHEST GUST SPEED    22   HIGHEST GUST DIRECTION     W (290)
  AVERAGE WIND SPEED     8.0


SKY COVER
  POSSIBLE SUNSHINE  MM
  AVERAGE SKY COVER 1.0


WEATHER CONDITIONS
 THE FOLLOWING WEATHER WAS RECORDED TODAY.
  HAZE


RELATIVE HUMIDITY (PERCENT)
 HIGHEST    83           500 AM
 LOWEST     61           300 PM
 AVERAGE    72

..........................................................


THE FRANKFORT KY CLIMATE NORMALS FOR TOMORROW
                         NORMAL    RECORD    YEAR
 MAXIMUM TEMPERATURE (F)   77        95      1941
 MINIMUM TEMPERATURE (F)   54        31      2002


SUNRISE AND SUNSET
MAY 21 2015...........SUNRISE   624 AM EDT   SUNSET   848 PM EDT
MAY 22 2015...........SUNRISE   624 AM EDT   SUNSET   849 PM EDT


-  INDICATES NEGATIVE NUMBERS.
R  INDICATES RECORD WAS SET OR TIED.
MM INDICATES DATA IS MISSING.
T  INDICATES TRACE AMOUNT.




$$
