963
CDUS43 KLMK 300634
CLIFFT


CLIMATE REPORT
NATIONAL WEATHER SERVICE LOUISVILLE KY
229 AM EDT SAT APR 30 2016


...................................

...THE FRANKFORT KY CLIMATE SUMMARY FOR APRIL 29 2016...

CLIMATE NORMAL PERIOD 1981 TO 2010
CLIMATE RECORD PERIOD 1895 TO 2016


WEATHER ITEM   OBSERVED TIME   RECORD YEAR NORMAL DEPARTURE LAST
                VALUE   (LST)  VALUE       VALUE  FROM      YEAR
                                                  NORMAL
..................................................................
TEMPERATURE (F)
 YESTERDAY
  MAXIMUM         71    220 PM  89    1914  71      0       68
  MINIMUM         51    545 AM  31    1976  48      3       38
  AVERAGE         61                        59      2       53

PRECIPITATION (IN)
  YESTERDAY        0.00          2.20 2002   0.14  -0.14     0.00
  MONTH TO DATE    2.57                      3.54  -0.97    11.09
  SINCE MAR 1      8.65                      7.92   0.73    18.77
  SINCE JAN 1     14.67                     14.47   0.20    22.33

SNOWFALL (IN)
  YESTERDAY       MM            MM      MM  MM     MM       MM
  MONTH TO DATE   MM                        MM     MM       MM
  SINCE MAR 1     MM                        MM     MM       MM
  SINCE JUL 1     MM                        MM     MM       MM
  SNOW DEPTH      MM

DEGREE DAYS
 HEATING
  YESTERDAY        4                         7     -3       12
  MONTH TO DATE  253                       309    -56      262
  SINCE MAR 1    663                       934   -271      934
  SINCE JUL 1   3735                      4573   -838     5054

 COOLING
  YESTERDAY        0                         1     -1        0
  MONTH TO DATE   25                        21      4        8
  SINCE MAR 1     26                        23      3        8
  SINCE JAN 1     26                        23      3        8
..................................................................


WIND (MPH)
  HIGHEST WIND SPEED    15   HIGHEST WIND DIRECTION     E (80)
  HIGHEST GUST SPEED    20   HIGHEST GUST DIRECTION     E (80)
  AVERAGE WIND SPEED     3.9


SKY COVER
  POSSIBLE SUNSHINE  MM
  AVERAGE SKY COVER 0.1


WEATHER CONDITIONS
 THE FOLLOWING WEATHER WAS RECORDED YESTERDAY.
  NO SIGNIFICANT WEATHER WAS OBSERVED.


RELATIVE HUMIDITY (PERCENT)
 HIGHEST    89           400 AM
 LOWEST     44           200 PM
 AVERAGE    67

..........................................................


THE FRANKFORT KY CLIMATE NORMALS FOR TODAY
                         NORMAL    RECORD    YEAR
 MAXIMUM TEMPERATURE (F)   71        91      1942
 MINIMUM TEMPERATURE (F)   48        32      2008
                                             1958


SUNRISE AND SUNSET
APRIL 30 2016.........SUNRISE   644 AM EDT   SUNSET   830 PM EDT
MAY  1 2016...........SUNRISE   643 AM EDT   SUNSET   831 PM EDT


-  INDICATES NEGATIVE NUMBERS.
R  INDICATES RECORD WAS SET OR TIED.
MM INDICATES DATA IS MISSING.
T  INDICATES TRACE AMOUNT.




$$
