000
CDUS43 KLMK 140630
CLIFFT


CLIMATE REPORT
NATIONAL WEATHER SERVICE LOUISVILLE KY
128 AM EST SUN JAN 14 2018


...................................

...THE FRANKFORT KY CLIMATE SUMMARY FOR JANUARY 13 2018...

CLIMATE NORMAL PERIOD 1981 TO 2010
CLIMATE RECORD PERIOD 1895 TO 2018


WEATHER ITEM   OBSERVED TIME   RECORD YEAR NORMAL DEPARTURE LAST
                VALUE   (LST)  VALUE       VALUE  FROM      YEAR
                                                  NORMAL
..................................................................
TEMPERATURE (F)
 YESTERDAY
  MAXIMUM         24   1221 AM  73    1916  41    -17       41
  MINIMUM         10   1159 PM  -9    1977  23    -13       36
  AVERAGE         17                        32    -15       39

PRECIPITATION (IN)
  YESTERDAY        T             2.28 2013   0.11  -0.11     0.18
  MONTH TO DATE    0.75                      1.50  -0.75     1.87
  SINCE DEC 1      2.58                      5.51  -2.93     7.34
  SINCE JAN 1      0.75                      1.50  -0.75     1.87

SNOWFALL (IN)
  YESTERDAY       MM            MM      MM  MM     MM       MM
  MONTH TO DATE   MM                        MM     MM       MM
  SINCE DEC 1     MM                        MM     MM       MM
  SINCE JUL 1     MM                        MM     MM       MM
  SNOW DEPTH      MM

DEGREE DAYS
 HEATING
  YESTERDAY       48                        33     15       26
  MONTH TO DATE  498                       429     69      386
  SINCE DEC 1   1425                      1350     75     1259
  SINCE JUL 1   2233                      2261    -28     1877

 COOLING
  YESTERDAY        0                         0      0        0
  MONTH TO DATE    0                         0      0        0
  SINCE DEC 1      0                         0      0        0
  SINCE JAN 1      0                         0      0        0
..................................................................


WIND (MPH)
  HIGHEST WIND SPEED    20   HIGHEST WIND DIRECTION     N (340)
  HIGHEST GUST SPEED    28   HIGHEST GUST DIRECTION     N (340)
  AVERAGE WIND SPEED     7.6


SKY COVER
  POSSIBLE SUNSHINE  MM
  AVERAGE SKY COVER 0.9


WEATHER CONDITIONS
 THE FOLLOWING WEATHER WAS RECORDED YESTERDAY.
  LIGHT SNOW


RELATIVE HUMIDITY (PERCENT)
 HIGHEST    76          1100 PM
 LOWEST     47           400 PM
 AVERAGE    62

..........................................................


THE FRANKFORT KY CLIMATE NORMALS FOR TODAY
                         NORMAL    RECORD    YEAR
 MAXIMUM TEMPERATURE (F)   41        70      1950
                                             1928
 MINIMUM TEMPERATURE (F)   23        -9      1977


SUNRISE AND SUNSET
JANUARY 14 2018.......SUNRISE   755 AM EST   SUNSET   543 PM EST
JANUARY 15 2018.......SUNRISE   755 AM EST   SUNSET   544 PM EST


-  INDICATES NEGATIVE NUMBERS.
R  INDICATES RECORD WAS SET OR TIED.
MM INDICATES DATA IS MISSING.
T  INDICATES TRACE AMOUNT.

$$

SCHOETTMER
