000
CDUS43 KLMK 162030 RRB
CLIFFT

CLIMATE REPORT
NATIONAL WEATHER SERVICE LOUISVILLE KY
430 PM EDT SAT SEP 16 2017


...................................

...THE FRANKFORT KY CLIMATE SUMMARY FOR SEPTEMBER 16 2017...
VALID TODAY AS OF 0400 PM LOCAL TIME.

CLIMATE NORMAL PERIOD 1981 TO 2010
CLIMATE RECORD PERIOD 1895 TO 2017


WEATHER ITEM   OBSERVED TIME   RECORD YEAR NORMAL DEPARTURE LAST
                VALUE   (LST)  VALUE       VALUE  FROM      YEAR
                                                  NORMAL
..................................................................
TEMPERATURE (F)
 TODAY
  MAXIMUM         86    259 PM  96    1954  80      6       91
                                      1939
                                      1936
  MINIMUM         59    634 AM  38    1916  56      3       66
  AVERAGE         73                        68      5       79

PRECIPITATION (IN)
  TODAY            0.00          0.82 1996   0.12  -0.12     0.00
  MONTH TO DATE    4.30                      1.87   2.43     0.42
  SINCE SEP 1      4.30                      1.87   2.43     0.42
  SINCE JAN 1     38.02                     33.18   4.84    36.47

SNOWFALL (IN)
  TODAY           MM            MM      MM  MM     MM       MM
  MONTH TO DATE   MM                        MM     MM       MM
  SINCE SEP 1     MM                        MM     MM       MM
  SINCE JUL 1     MM                        MM     MM       MM
  SNOW DEPTH      MM

DEGREE DAYS
 HEATING
  TODAY            0                         1     -1        0
  MONTH TO DATE   29                         7     22        0
  SINCE SEP 1     29                         7     22        0
  SINCE JUL 1     29                         8     21        0

 COOLING
  TODAY            8                         4      4       14
  MONTH TO DATE   29                        95    -66      161
  SINCE SEP 1     29                        95    -66      161
  SINCE JAN 1   1116                      1097     19     1452
..................................................................


WIND (MPH)
  HIGHEST WIND SPEED     9   HIGHEST WIND DIRECTION     N (340)
  HIGHEST GUST SPEED    11   HIGHEST GUST DIRECTION    NW (330)
  AVERAGE WIND SPEED     1.2


SKY COVER
  POSSIBLE SUNSHINE  MM
  AVERAGE SKY COVER 0.1


WEATHER CONDITIONS
 THE FOLLOWING WEATHER WAS RECORDED TODAY.
  FOG


RELATIVE HUMIDITY (PERCENT)
 HIGHEST    93          1200 AM
 LOWEST     44           300 PM
 AVERAGE    69

..........................................................


THE FRANKFORT KY CLIMATE NORMALS FOR TOMORROW
                         NORMAL    RECORD    YEAR
 MAXIMUM TEMPERATURE (F)   79        97      1954
 MINIMUM TEMPERATURE (F)   55        40      1937


SUNRISE AND SUNSET
SEPTEMBER 16 2017.....SUNRISE   722 AM EDT   SUNSET   746 PM EDT
SEPTEMBER 17 2017.....SUNRISE   723 AM EDT   SUNSET   744 PM EDT


-  INDICATES NEGATIVE NUMBERS.
R  INDICATES RECORD WAS SET OR TIED.
MM INDICATES DATA IS MISSING.
T  INDICATES TRACE AMOUNT.




$$
