000
CDUS43 KLMK 180629
CLIFFT


CLIMATE REPORT
NATIONAL WEATHER SERVICE LOUISVILLE KY
229 AM EDT TUE APR 18 2017


...................................

...THE FRANKFORT KY CLIMATE SUMMARY FOR APRIL 17 2017...

CLIMATE NORMAL PERIOD 1981 TO 2010
CLIMATE RECORD PERIOD 1895 TO 2017


WEATHER ITEM   OBSERVED TIME   RECORD YEAR NORMAL DEPARTURE LAST
                VALUE   (LST)  VALUE       VALUE  FROM      YEAR
                                                  NORMAL
..................................................................
TEMPERATURE (F)
 YESTERDAY
  MAXIMUM         75    322 PM  88    1896  68      7       81
  MINIMUM         61    626 AM  27    1962  44     17       43
                                      1904
  AVERAGE         68                        56     12       62

PRECIPITATION (IN)
  YESTERDAY        0.01          2.60 1998   0.12  -0.11     0.00
  MONTH TO DATE    2.10                      1.91   0.19     0.85
  SINCE MAR 1      7.19                      6.29   0.90     6.93
  SINCE JAN 1     13.29                     12.84   0.45    12.95

SNOWFALL (IN)
  YESTERDAY       MM            MM      MM  MM     MM       MM
  MONTH TO DATE   MM                        MM     MM       MM
  SINCE MAR 1     MM                        MM     MM       MM
  SINCE JUL 1     MM                        MM     MM       MM
  SNOW DEPTH      MM

DEGREE DAYS
 HEATING
  YESTERDAY        0                        10    -10        3
  MONTH TO DATE   97                       212   -115      236
  SINCE MAR 1    630                       837   -207      646
  SINCE JUL 1   3400                      4476  -1076     3718

 COOLING
  YESTERDAY        3                         1      2        0
  MONTH TO DATE   24                         9     15        0
  SINCE MAR 1     30                        11     19        1
  SINCE JAN 1     33                        11     22        1
..................................................................


WIND (MPH)
  HIGHEST WIND SPEED    12   HIGHEST WIND DIRECTION     N (360)
  HIGHEST GUST SPEED    15   HIGHEST GUST DIRECTION     N (20)
  AVERAGE WIND SPEED     4.7


SKY COVER
  POSSIBLE SUNSHINE  MM
  AVERAGE SKY COVER 0.9


WEATHER CONDITIONS
 THE FOLLOWING WEATHER WAS RECORDED YESTERDAY.
  LIGHT RAIN
  FOG


RELATIVE HUMIDITY (PERCENT)
 HIGHEST    90          1200 AM
 LOWEST     31           400 PM
 AVERAGE    61

..........................................................


THE FRANKFORT KY CLIMATE NORMALS FOR TODAY
                         NORMAL    RECORD    YEAR
 MAXIMUM TEMPERATURE (F)   68        90      1914
 MINIMUM TEMPERATURE (F)   44        28      2001
                                             1980
                                             1936


SUNRISE AND SUNSET
APRIL 18 2017.........SUNRISE   659 AM EDT   SUNSET   819 PM EDT
APRIL 19 2017.........SUNRISE   658 AM EDT   SUNSET   820 PM EDT


-  INDICATES NEGATIVE NUMBERS.
R  INDICATES RECORD WAS SET OR TIED.
MM INDICATES DATA IS MISSING.
T  INDICATES TRACE AMOUNT.




$$
