982
CDUS43 KLMK 122035
CLIFFT


CLIMATE REPORT
NATIONAL WEATHER SERVICE LOUISVILLE KY
434 PM EDT TUE MAY 12 2015


...................................

...THE FRANKFORT KY CLIMATE SUMMARY FOR MAY 12 2015...
VALID TODAY AS OF 0400 PM LOCAL TIME.

CLIMATE NORMAL PERIOD 1981 TO 2010
CLIMATE RECORD PERIOD 1895 TO 2015


WEATHER ITEM   OBSERVED TIME   RECORD YEAR NORMAL DEPARTURE LAST
                VALUE   (LST)  VALUE       VALUE  FROM      YEAR
                                                  NORMAL
..................................................................
TEMPERATURE (F)
 TODAY
  MAXIMUM         73    214 PM  92    1914  74     -1       86
  MINIMUM         60    721 AM  34    1941  51      9       65
  AVERAGE         67                        63      4       76

PRECIPITATION (IN)
  TODAY            0.00          1.44 1943   0.16  -0.16     0.00
  MONTH TO DATE    0.05                      1.95  -1.90     1.38
  SINCE MAR 1     18.97                     10.02   8.95    10.21
  SINCE JAN 1     22.53                     16.57   5.96    16.41

SNOWFALL (IN)
  TODAY           MM            MM      MM  MM     MM       MM
  MONTH TO DATE   MM                        MM     MM       MM
  SINCE MAR 1     MM                        MM     MM       MM
  SINCE JUL 1     MM                        MM     MM       MM
  SNOW DEPTH      MM

DEGREE DAYS
 HEATING
  TODAY            0                         4     -4        0
  MONTH TO DATE   16                        60    -44       38
  SINCE MAR 1    961                       999    -38     1040
  SINCE JUL 1   5081                      4638    443     5152

 COOLING
  TODAY            2                         2      0       11
  MONTH TO DATE   57                        16     41       33
  SINCE MAR 1     65                        36     29       41
  SINCE JAN 1     65                        36     29       41
..................................................................


WIND (MPH)
  HIGHEST WIND SPEED    23   HIGHEST WIND DIRECTION    SW (230)
  HIGHEST GUST SPEED    30   HIGHEST GUST DIRECTION    SW (230)
  AVERAGE WIND SPEED     8.8


SKY COVER
  POSSIBLE SUNSHINE  MM
  AVERAGE SKY COVER 0.2


WEATHER CONDITIONS
 THE FOLLOWING WEATHER WAS RECORDED TODAY.
  NO SIGNIFICANT WEATHER WAS OBSERVED.


RELATIVE HUMIDITY (PERCENT)
 HIGHEST    97           400 AM
 LOWEST     33           200 PM
 AVERAGE    65

..........................................................


THE FRANKFORT KY CLIMATE NORMALS FOR TOMORROW
                         NORMAL    RECORD    YEAR
 MAXIMUM TEMPERATURE (F)   75        89      1896
 MINIMUM TEMPERATURE (F)   52        34      1941
                                             1938


SUNRISE AND SUNSET
MAY 12 2015...........SUNRISE   632 AM EDT   SUNSET   841 PM EDT
MAY 13 2015...........SUNRISE   631 AM EDT   SUNSET   842 PM EDT


-  INDICATES NEGATIVE NUMBERS.
R  INDICATES RECORD WAS SET OR TIED.
MM INDICATES DATA IS MISSING.
T  INDICATES TRACE AMOUNT.




$$
