000
CDUS43 KLMK 092034
CLIFFT


CLIMATE REPORT
NATIONAL WEATHER SERVICE LOUISVILLE KY
434 PM EDT MON OCT 9 2017


...................................

...THE FRANKFORT KY CLIMATE SUMMARY FOR OCTOBER 9 2017...
VALID TODAY AS OF 0400 PM LOCAL TIME.

CLIMATE NORMAL PERIOD 1981 TO 2010
CLIMATE RECORD PERIOD 1895 TO 2017


WEATHER ITEM   OBSERVED TIME   RECORD YEAR NORMAL DEPARTURE LAST
                VALUE   (LST)  VALUE       VALUE  FROM      YEAR
                                                  NORMAL
..................................................................
TEMPERATURE (F)
 TODAY
  MAXIMUM         76    259 PM  91    1939  71      5       71
  MINIMUM         70    941 AM  30    1917  46     24       41
  AVERAGE         73                        58     15       56

PRECIPITATION (IN)
  TODAY            0.01          1.41 2009   0.10  -0.09     0.00
  MONTH TO DATE    2.77                      0.89   1.88     0.09
  SINCE SEP 1      7.73                      4.22   3.51     2.14
  SINCE JAN 1     41.45                     35.53   5.92    38.19

SNOWFALL (IN)
  TODAY           MM            MM      MM  MM     MM       MM
  MONTH TO DATE   MM                        MM     MM       MM
  SINCE SEP 1     MM                        MM     MM       MM
  SINCE JUL 1     MM                        MM     MM       MM
  SNOW DEPTH      MM

DEGREE DAYS
 HEATING
  TODAY            0                         7     -7        9
  MONTH TO DATE    3                        57    -54       18
  SINCE SEP 1     35                       110    -75       36
  SINCE JUL 1     35                       111    -76       36

 COOLING
  TODAY            8                         1      7        0
  MONTH TO DATE   36                        11     25       23
  SINCE SEP 1    178                       144     34      285
  SINCE JAN 1   1265                      1146    119     1576
..................................................................


WIND (MPH)
  HIGHEST WIND SPEED    10   HIGHEST WIND DIRECTION    SW (220)
  HIGHEST GUST SPEED    15   HIGHEST GUST DIRECTION     W (270)
  AVERAGE WIND SPEED     4.6


SKY COVER
  POSSIBLE SUNSHINE  MM
  AVERAGE SKY COVER 1.0


WEATHER CONDITIONS
 THE FOLLOWING WEATHER WAS RECORDED TODAY.
  LIGHT RAIN
  FOG


RELATIVE HUMIDITY (PERCENT)
 HIGHEST    93          1200 AM
 LOWEST     74           300 PM
 AVERAGE    84

..........................................................


THE FRANKFORT KY CLIMATE NORMALS FOR TOMORROW
                         NORMAL    RECORD    YEAR
 MAXIMUM TEMPERATURE (F)   70        89      1939
 MINIMUM TEMPERATURE (F)   46        29      2000
                                             1964


SUNRISE AND SUNSET
OCTOBER  9 2017.......SUNRISE   743 AM EDT   SUNSET   710 PM EDT
OCTOBER 10 2017.......SUNRISE   744 AM EDT   SUNSET   709 PM EDT


-  INDICATES NEGATIVE NUMBERS.
R  INDICATES RECORD WAS SET OR TIED.
MM INDICATES DATA IS MISSING.
T  INDICATES TRACE AMOUNT.




$$
