917
CDUS43 KLMK 152028
CLIFFT


CLIMATE REPORT
NATIONAL WEATHER SERVICE LOUISVILLE KY
428 PM EDT THU JUN 15 2017


...................................

...THE FRANKFORT KY CLIMATE SUMMARY FOR JUNE 15 2017...
VALID TODAY AS OF 0400 PM LOCAL TIME.

CLIMATE NORMAL PERIOD 1981 TO 2010
CLIMATE RECORD PERIOD 1895 TO 2017


WEATHER ITEM   OBSERVED TIME   RECORD YEAR NORMAL DEPARTURE LAST
                VALUE   (LST)  VALUE       VALUE  FROM      YEAR
                                                  NORMAL
..................................................................
TEMPERATURE (F)
 TODAY
  MAXIMUM         83   1124 AM  95    1938  84     -1       88
                                      1936
  MINIMUM         69    648 AM  43    1933  62      7       67
  AVERAGE         76                        73      3       78

PRECIPITATION (IN)
  TODAY            0.21          1.94 1932   0.13   0.08     0.54
  MONTH TO DATE    0.78                      2.38  -1.60     2.45
  SINCE JUN 1      0.78                      2.38  -1.60     2.45
  SINCE JAN 1     21.26                     21.85  -0.59    22.11

SNOWFALL (IN)
  TODAY           MM            MM      MM  MM     MM       MM
  MONTH TO DATE   MM                        MM     MM       MM
  SINCE JUN 1     MM                        MM     MM       MM
  SINCE JUL 1     MM                        MM     MM       MM
  SNOW DEPTH      MM

DEGREE DAYS
 HEATING
  TODAY            0                         0      0        0
  MONTH TO DATE    1                         9     -8        1
  SINCE JUN 1      1                         9     -8        1
  SINCE JUL 1   3532                      4699  -1167     3874

 COOLING
  TODAY           11                         8      3       13
  MONTH TO DATE  107                        95     12      131
  SINCE JUN 1    107                        95     12      131
  SINCE JAN 1    293                       194     99      246
..................................................................


WIND (MPH)
  HIGHEST WIND SPEED    17   HIGHEST WIND DIRECTION    SW (220)
  HIGHEST GUST SPEED    22   HIGHEST GUST DIRECTION    SW (230)
  AVERAGE WIND SPEED     9.0


SKY COVER
  POSSIBLE SUNSHINE  MM
  AVERAGE SKY COVER 0.2


WEATHER CONDITIONS
 THE FOLLOWING WEATHER WAS RECORDED TODAY.
  HEAVY RAIN
  RAIN
  LIGHT RAIN
  FOG


RELATIVE HUMIDITY (PERCENT)
 HIGHEST    90           600 AM
 LOWEST     67          1000 AM
 AVERAGE    79

..........................................................


THE FRANKFORT KY CLIMATE NORMALS FOR TOMORROW
                         NORMAL    RECORD    YEAR
 MAXIMUM TEMPERATURE (F)   84        98      1952
 MINIMUM TEMPERATURE (F)   62        42      1917


SUNRISE AND SUNSET
JUNE 15 2017..........SUNRISE   616 AM EDT   SUNSET   905 PM EDT
JUNE 16 2017..........SUNRISE   616 AM EDT   SUNSET   905 PM EDT


-  INDICATES NEGATIVE NUMBERS.
R  INDICATES RECORD WAS SET OR TIED.
MM INDICATES DATA IS MISSING.
T  INDICATES TRACE AMOUNT.




$$
