000
CDUS43 KLMK 160628
CLIFFT


CLIMATE REPORT
NATIONAL WEATHER SERVICE LOUISVILLE KY
227 AM EDT SUN APR 16 2017


...................................

...THE FRANKFORT KY CLIMATE SUMMARY FOR APRIL 15 2017...

CLIMATE NORMAL PERIOD 1981 TO 2010
CLIMATE RECORD PERIOD 1895 TO 2017


WEATHER ITEM   OBSERVED TIME   RECORD YEAR NORMAL DEPARTURE LAST
                VALUE   (LST)  VALUE       VALUE  FROM      YEAR
                                                  NORMAL
..................................................................
TEMPERATURE (F)
 YESTERDAY
  MAXIMUM         83    436 PM  87    1936  67     16       77
  MINIMUM         62   1217 AM  25    1907  43     19       44
  AVERAGE         73                        55     18       61

PRECIPITATION (IN)
  YESTERDAY        0.00          1.18 1969   0.11  -0.11     0.00
  MONTH TO DATE    0.92                      1.68  -0.76     0.85
  SINCE MAR 1      6.01                      6.06  -0.05     6.93
  SINCE JAN 1     12.11                     12.61  -0.50    12.95

SNOWFALL (IN)
  YESTERDAY       MM            MM      MM  MM     MM       MM
  MONTH TO DATE   MM                        MM     MM       MM
  SINCE MAR 1     MM                        MM     MM       MM
  SINCE JUL 1     MM                        MM     MM       MM
  SNOW DEPTH      MM

DEGREE DAYS
 HEATING
  YESTERDAY        0                        11    -11        4
  MONTH TO DATE   97                       192    -95      231
  SINCE MAR 1    630                       817   -187      641
  SINCE JUL 1   3400                      4456  -1056     3713

 COOLING
  YESTERDAY        8                         1      7        0
  MONTH TO DATE   16                         7      9        0
  SINCE MAR 1     22                         9     13        1
  SINCE JAN 1     25                         9     16        1
..................................................................


WIND (MPH)
  HIGHEST WIND SPEED    24   HIGHEST WIND DIRECTION    SW (230)
  HIGHEST GUST SPEED    30   HIGHEST GUST DIRECTION    SW (210)
  AVERAGE WIND SPEED    10.5


SKY COVER
  POSSIBLE SUNSHINE  MM
  AVERAGE SKY COVER 0.2


WEATHER CONDITIONS
 THE FOLLOWING WEATHER WAS RECORDED YESTERDAY.
  NO SIGNIFICANT WEATHER WAS OBSERVED.


RELATIVE HUMIDITY (PERCENT)
 HIGHEST    56          1200 AM
 LOWEST     33           300 PM
 AVERAGE    45

..........................................................


THE FRANKFORT KY CLIMATE NORMALS FOR TODAY
                         NORMAL    RECORD    YEAR
 MAXIMUM TEMPERATURE (F)   67        87      1896
 MINIMUM TEMPERATURE (F)   44        24      2014


SUNRISE AND SUNSET
APRIL 16 2017.........SUNRISE   702 AM EDT   SUNSET   817 PM EDT
APRIL 17 2017.........SUNRISE   701 AM EDT   SUNSET   818 PM EDT


-  INDICATES NEGATIVE NUMBERS.
R  INDICATES RECORD WAS SET OR TIED.
MM INDICATES DATA IS MISSING.
T  INDICATES TRACE AMOUNT.




$$
