000
CDUS43 KLMK 032032
CLIFFT


CLIMATE REPORT
NATIONAL WEATHER SERVICE LOUISVILLE KY
431 PM EDT THU JUL 3 2014


...................................

...THE FRANKFORT KY CLIMATE SUMMARY FOR JULY 3 2014...
VALID TODAY AS OF 0400 PM LOCAL TIME.

CLIMATE NORMAL PERIOD 1981 TO 2010
CLIMATE RECORD PERIOD 1895 TO 2014


WEATHER ITEM   OBSERVED TIME   RECORD YEAR NORMAL DEPARTURE LAST
                VALUE   (LST)  VALUE       VALUE  FROM      YEAR
                                                  NORMAL
..................................................................
TEMPERATURE (F)
 TODAY
  MAXIMUM         74    250 PM 101    1897  86    -12       78
  MINIMUM         60    547 AM  50    1988  66     -6       65
  AVERAGE         67                        76     -9       72

PRECIPITATION (IN)
  TODAY            0.00          2.02 1908   0.12  -0.12     0.00
  MONTH TO DATE    0.66                      0.35   0.31     0.14
  SINCE JUN 1      4.58                      4.44   0.14     6.65
  SINCE JAN 1     25.36                     23.91   1.45    25.32

SNOWFALL (IN)
  TODAY           MM            MM      MM  MM     MM       MM
  MONTH TO DATE   MM                        MM     MM       MM
  SINCE JUN 1     MM                        MM     MM       MM
  SINCE JUL 1     MM                        MM     MM       MM
  SNOW DEPTH      MM

DEGREE DAYS
 HEATING
  TODAY            0                         0      0        0
  MONTH TO DATE    0                         0      0        0
  SINCE JUN 1      3                        10     -7        2
  SINCE JUL 1      0                         0      0        0

 COOLING
  TODAY            2                        11     -9        7
  MONTH TO DATE   28                        33     -5       21
  SINCE JUN 1    293                       269     24      262
  SINCE JAN 1    415                       368     47      381
..................................................................


WIND (MPH)
  HIGHEST WIND SPEED    13   HIGHEST WIND DIRECTION     N (340)
  HIGHEST GUST SPEED    18   HIGHEST GUST DIRECTION    NW (310)
  AVERAGE WIND SPEED     6.0


SKY COVER
  POSSIBLE SUNSHINE  MM
  AVERAGE SKY COVER 0.7


WEATHER CONDITIONS
 THE FOLLOWING WEATHER WAS RECORDED TODAY.
  NO SIGNIFICANT WEATHER WAS OBSERVED.


RELATIVE HUMIDITY (PERCENT)
 HIGHEST    97           600 AM
 LOWEST     57          1200 PM
 AVERAGE    77

..........................................................


THE FRANKFORT KY CLIMATE NORMALS FOR TOMORROW
                         NORMAL    RECORD    YEAR
 MAXIMUM TEMPERATURE (F)   87       100      1934
 MINIMUM TEMPERATURE (F)   66        49      1968


SUNRISE AND SUNSET
JULY  3 2014..........SUNRISE   621 AM EDT   SUNSET   906 PM EDT
JULY  4 2014..........SUNRISE   622 AM EDT   SUNSET   906 PM EDT


-  INDICATES NEGATIVE NUMBERS.
R  INDICATES RECORD WAS SET OR TIED.
MM INDICATES DATA IS MISSING.
T  INDICATES TRACE AMOUNT.




$$
