322
CDUS43 KLMK 290634
CLIFFT


CLIMATE REPORT
NATIONAL WEATHER SERVICE LOUISVILLE KY
133 AM EST TUE NOV 29 2016


...................................

...THE FRANKFORT KY CLIMATE SUMMARY FOR NOVEMBER 28 2016...

CLIMATE NORMAL PERIOD 1981 TO 2010
CLIMATE RECORD PERIOD 1895 TO 2016


WEATHER ITEM   OBSERVED TIME   RECORD YEAR NORMAL DEPARTURE LAST
                VALUE   (LST)  VALUE       VALUE  FROM      YEAR
                                                  NORMAL
..................................................................
TEMPERATURE (F)
 YESTERDAY
  MAXIMUM         57    138 PM  77    1990  51      6       60
  MINIMUM         45    158 AM  10    1955  31     14       46
                                      1930
  AVERAGE         51                        41     10       53

PRECIPITATION (IN)
  YESTERDAY        0.73          2.12 1921   0.13   0.60     0.62
  MONTH TO DATE    1.36                      3.46  -2.10     3.24
  SINCE SEP 1      4.06                     10.03  -5.97    10.87
  SINCE JAN 1     40.11                     41.34  -1.23    54.51

SNOWFALL (IN)
  YESTERDAY       MM            MM      MM  MM     MM       MM
  MONTH TO DATE   MM                        MM     MM       MM
  SINCE SEP 1     MM                        MM     MM       MM
  SINCE JUL 1     MM                        MM     MM       MM
  SNOW DEPTH      MM

DEGREE DAYS
 HEATING
  YESTERDAY       14                        24    -10       12
  MONTH TO DATE  449                       521    -72      429
  SINCE SEP 1    594                       861   -267      694
  SINCE JUL 1    594                       862   -268      695

 COOLING
  YESTERDAY        0                         0      0        0
  MONTH TO DATE   12                         0     12        3
  SINCE SEP 1    348                       152    196      194
  SINCE JAN 1   1639                      1154    485     1232
..................................................................


WIND (MPH)
  HIGHEST WIND SPEED    28   HIGHEST WIND DIRECTION    SW (230)
  HIGHEST GUST SPEED    35   HIGHEST GUST DIRECTION    SW (240)
  AVERAGE WIND SPEED     9.7


SKY COVER
  POSSIBLE SUNSHINE  MM
  AVERAGE SKY COVER 0.7


WEATHER CONDITIONS
 THE FOLLOWING WEATHER WAS RECORDED YESTERDAY.
  RAIN
  LIGHT RAIN
  FOG


RELATIVE HUMIDITY (PERCENT)
 HIGHEST    93          1100 PM
 LOWEST     44           900 AM
 AVERAGE    69

..........................................................


THE FRANKFORT KY CLIMATE NORMALS FOR TODAY
                         NORMAL    RECORD    YEAR
 MAXIMUM TEMPERATURE (F)   50        74      1927
 MINIMUM TEMPERATURE (F)   31        10      1955


SUNRISE AND SUNSET
NOVEMBER 29 2016......SUNRISE   736 AM EST   SUNSET   520 PM EST
NOVEMBER 30 2016......SUNRISE   737 AM EST   SUNSET   520 PM EST


-  INDICATES NEGATIVE NUMBERS.
R  INDICATES RECORD WAS SET OR TIED.
MM INDICATES DATA IS MISSING.
T  INDICATES TRACE AMOUNT.




$$
