000
CDUS43 KLMK 260629
CLIFFT


CLIMATE REPORT
NATIONAL WEATHER SERVICE LOUISVILLE KY
128 AM EST MON JAN 26 2015


...................................

...THE FRANKFORT KY CLIMATE SUMMARY FOR JANUARY 25 2015...

CLIMATE NORMAL PERIOD 1981 TO 2010
CLIMATE RECORD PERIOD 1895 TO 2015


WEATHER ITEM   OBSERVED TIME   RECORD YEAR NORMAL DEPARTURE LAST
                VALUE   (LST)  VALUE       VALUE  FROM      YEAR
                                                  NORMAL
..................................................................
TEMPERATURE (F)
 YESTERDAY
  MAXIMUM         42    223 PM  72    1972  42      0       37
                                      1943
  MINIMUM         32   1217 AM -18    1963  24      8       12
  AVERAGE         37                        33      4       25

PRECIPITATION (IN)
  YESTERDAY        0.24          1.30 1997   0.08   0.16     0.04
  MONTH TO DATE    1.38                      2.67  -1.29     2.28
  SINCE DEC 1      4.53                      6.68  -2.15     7.22
  SINCE JAN 1      1.38                      2.67  -1.29     2.28

SNOWFALL (IN)
  YESTERDAY       MM            MM      MM  MM     MM       MM
  MONTH TO DATE   MM                        MM     MM       MM
  SINCE DEC 1     MM                        MM     MM       MM
  SINCE JUL 1     MM                        MM     MM       MM
  SNOW DEPTH      MM

DEGREE DAYS
 HEATING
  YESTERDAY       28                        32     -4       40
  MONTH TO DATE  852                       819     33      954
  SINCE DEC 1   1670                      1740    -70     1842
  SINCE JUL 1   2798                      2651    147     2885

 COOLING
  YESTERDAY        0                         0      0        0
  MONTH TO DATE    0                         0      0        0
  SINCE DEC 1      0                         0      0        0
  SINCE JAN 1      0                         0      0        0
..................................................................


WIND (MPH)
  HIGHEST WIND SPEED    13   HIGHEST WIND DIRECTION     S (200)
  HIGHEST GUST SPEED    18   HIGHEST GUST DIRECTION     S (180)
  AVERAGE WIND SPEED     6.7


SKY COVER
  POSSIBLE SUNSHINE  MM
  AVERAGE SKY COVER 0.6


WEATHER CONDITIONS
 THE FOLLOWING WEATHER WAS RECORDED YESTERDAY.
  RAIN
  LIGHT RAIN
  FOG


RELATIVE HUMIDITY (PERCENT)
 HIGHEST   100           900 PM
 LOWEST     67           100 PM
 AVERAGE    84

..........................................................


THE FRANKFORT KY CLIMATE NORMALS FOR TODAY
                         NORMAL    RECORD    YEAR
 MAXIMUM TEMPERATURE (F)   42        77      1950
 MINIMUM TEMPERATURE (F)   24       -14      1940


SUNRISE AND SUNSET
JANUARY 26 2015.......SUNRISE   749 AM EST   SUNSET   555 PM EST
JANUARY 27 2015.......SUNRISE   749 AM EST   SUNSET   557 PM EST


-  INDICATES NEGATIVE NUMBERS.
R  INDICATES RECORD WAS SET OR TIED.
MM INDICATES DATA IS MISSING.
T  INDICATES TRACE AMOUNT.




$$
