000
CDUS43 KLMK 200640
CLIFFT


CLIMATE REPORT
NATIONAL WEATHER SERVICE LOUISVILLE KY
235 AM EDT MON OCT 20 2014


...................................

...THE FRANKFORT KY CLIMATE SUMMARY FOR OCTOBER 19 2014...

CLIMATE NORMAL PERIOD 1981 TO 2010
CLIMATE RECORD PERIOD 1895 TO 2014


WEATHER ITEM   OBSERVED TIME   RECORD YEAR NORMAL DEPARTURE LAST
                VALUE   (LST)  VALUE       VALUE  FROM      YEAR
                                                  NORMAL
..................................................................
TEMPERATURE (F)
 YESTERDAY
  MAXIMUM         61    301 PM  88    1953  67     -6       51
  MINIMUM         42   1050 PM  27    1992  43     -1       37
                                      1948
  AVERAGE         52                        55     -3       44

PRECIPITATION (IN)
  YESTERDAY        0.00          1.36 1916   0.11  -0.11     0.22
  MONTH TO DATE    3.91                      1.93   1.98     3.51
  SINCE SEP 1      6.74                      5.26   1.48     5.23
  SINCE JAN 1     40.03                     36.57   3.46    40.29

SNOWFALL (IN)
  YESTERDAY       MM            MM      MM  MM     MM       MM
  MONTH TO DATE   MM                        MM     MM       MM
  SINCE SEP 1     MM                        MM     MM       MM
  SINCE JUL 1     MM                        MM     MM       MM
  SNOW DEPTH      MM

DEGREE DAYS
 HEATING
  YESTERDAY       13                        10      3       21
  MONTH TO DATE  144                       145     -1      101
  SINCE SEP 1    202                       198      4      127
  SINCE JUL 1    205                       199      6      131

 COOLING
  YESTERDAY        0                         0      0        0
  MONTH TO DATE   16                        15      1       40
  SINCE SEP 1    144                       148     -4      191
  SINCE JAN 1   1070                      1150    -80     1127
..................................................................


WIND (MPH)
  HIGHEST WIND SPEED     9   HIGHEST WIND DIRECTION    NW (320)
  HIGHEST GUST SPEED    11   HIGHEST GUST DIRECTION     W (260)
  AVERAGE WIND SPEED     1.5


SKY COVER
  POSSIBLE SUNSHINE  MM
  AVERAGE SKY COVER 0.5


WEATHER CONDITIONS
 THE FOLLOWING WEATHER WAS RECORDED YESTERDAY.
  NO SIGNIFICANT WEATHER WAS OBSERVED.


RELATIVE HUMIDITY (PERCENT)
 HIGHEST    93           700 AM
 LOWEST     44           500 PM
 AVERAGE    69

..........................................................


THE FRANKFORT KY CLIMATE NORMALS FOR TODAY
                         NORMAL    RECORD    YEAR
 MAXIMUM TEMPERATURE (F)   67        90      1953
 MINIMUM TEMPERATURE (F)   43        24      1930


SUNRISE AND SUNSET
OCTOBER 20 2014.......SUNRISE   753 AM EDT   SUNSET   655 PM EDT
OCTOBER 21 2014.......SUNRISE   754 AM EDT   SUNSET   654 PM EDT


-  INDICATES NEGATIVE NUMBERS.
R  INDICATES RECORD WAS SET OR TIED.
MM INDICATES DATA IS MISSING.
T  INDICATES TRACE AMOUNT.




$$
