000
CDUS43 KLMK 170627
CLIFFT


CLIMATE REPORT
NATIONAL WEATHER SERVICE LOUISVILLE KY
227 AM EDT WED SEP 17 2014


...................................

...THE FRANKFORT KY CLIMATE SUMMARY FOR SEPTEMBER 16 2014...

CLIMATE NORMAL PERIOD 1981 TO 2010
CLIMATE RECORD PERIOD 1895 TO 2014


WEATHER ITEM   OBSERVED TIME   RECORD YEAR NORMAL DEPARTURE LAST
                VALUE   (LST)  VALUE       VALUE  FROM      YEAR
                                                  NORMAL
..................................................................
TEMPERATURE (F)
 YESTERDAY
  MAXIMUM         69    343 PM  96    1954  80    -11       74
                                      1939
                                      1936
  MINIMUM         49   1136 PM  38    1916  56     -7       58
  AVERAGE         59                        68     -9       66

PRECIPITATION (IN)
  YESTERDAY        T             0.82 1996   0.12  -0.12     0.03
  MONTH TO DATE    2.83                      1.87   0.96     0.12
  SINCE SEP 1      2.83                      1.87   0.96     0.12
  SINCE JAN 1     36.12                     33.18   2.94    35.18

SNOWFALL (IN)
  YESTERDAY       MM            MM      MM  MM     MM       MM
  MONTH TO DATE   MM                        MM     MM       MM
  SINCE SEP 1     MM                        MM     MM       MM
  SINCE JUL 1     MM                        MM     MM       MM
  SNOW DEPTH      MM

DEGREE DAYS
 HEATING
  YESTERDAY        6                         1      5        0
  MONTH TO DATE   27                         7     20       11
  SINCE SEP 1     27                         7     20       11
  SINCE JUL 1     30                         8     22       15

 COOLING
  YESTERDAY        0                         4     -4        1
  MONTH TO DATE  100                        95      5      119
  SINCE SEP 1    100                        95      5      119
  SINCE JAN 1   1026                      1097    -71     1055
..................................................................


WIND (MPH)
  HIGHEST WIND SPEED    13   HIGHEST WIND DIRECTION     N (360)
  HIGHEST GUST SPEED    16   HIGHEST GUST DIRECTION     N (360)
  AVERAGE WIND SPEED     4.6


SKY COVER
  POSSIBLE SUNSHINE  MM
  AVERAGE SKY COVER 0.7


WEATHER CONDITIONS
 THE FOLLOWING WEATHER WAS RECORDED YESTERDAY.
  LIGHT RAIN
  FOG


RELATIVE HUMIDITY (PERCENT)
 HIGHEST   100           500 AM
 LOWEST     59           200 PM
 AVERAGE    80

..........................................................


THE FRANKFORT KY CLIMATE NORMALS FOR TODAY
                         NORMAL    RECORD    YEAR
 MAXIMUM TEMPERATURE (F)   79        97      1954
 MINIMUM TEMPERATURE (F)   55        40      1937


SUNRISE AND SUNSET
SEPTEMBER 17 2014.....SUNRISE   723 AM EDT   SUNSET   744 PM EDT
SEPTEMBER 18 2014.....SUNRISE   724 AM EDT   SUNSET   743 PM EDT


-  INDICATES NEGATIVE NUMBERS.
R  INDICATES RECORD WAS SET OR TIED.
MM INDICATES DATA IS MISSING.
T  INDICATES TRACE AMOUNT.




$$
