000
CDUS43 KLMK 242135
CLIFFT


CLIMATE REPORT
NATIONAL WEATHER SERVICE LOUISVILLE KY
435 PM EST TUE FEB 24 2015


...................................

...THE FRANKFORT KY CLIMATE SUMMARY FOR FEBRUARY 24 2015...
VALID TODAY AS OF 0400 PM LOCAL TIME.

CLIMATE NORMAL PERIOD 1981 TO 2010
CLIMATE RECORD PERIOD 1895 TO 2015


WEATHER ITEM   OBSERVED TIME   RECORD YEAR NORMAL DEPARTURE LAST
                VALUE   (LST)  VALUE       VALUE  FROM      YEAR
                                                  NORMAL
..................................................................
TEMPERATURE (F)
 TODAY
  MAXIMUM         29    259 PM  78    1996  49    -20       38
  MINIMUM          4    644 AM   1    1963  28    -24       20
  AVERAGE         17                        39    -22       29

PRECIPITATION (IN)
  TODAY            0.00          3.75 1909   0.13  -0.13     0.00
  MONTH TO DATE    2.10                      2.79  -0.69     3.92
  SINCE DEC 1      6.71                     10.06  -3.35    11.14
  SINCE JAN 1      3.56                      6.05  -2.49     6.20

SNOWFALL (IN)
  TODAY           MM            MM      MM  MM     MM       MM
  MONTH TO DATE   MM                        MM     MM       MM
  SINCE DEC 1     MM                        MM     MM       MM
  SINCE JUL 1     MM                        MM     MM       MM
  SNOW DEPTH      MM

DEGREE DAYS
 HEATING
  TODAY           48                        26     22       36
  MONTH TO DATE  949                       697    252      811
  SINCE DEC 1   2824                      2624    200     2913
  SINCE JUL 1   3952                      3535    417     3956

 COOLING
  TODAY            0                         0      0        0
  MONTH TO DATE    0                         0      0        0
  SINCE DEC 1      0                         0      0        0
  SINCE JAN 1      0                         0      0        0
..................................................................


WIND (MPH)
  HIGHEST WIND SPEED    18   HIGHEST WIND DIRECTION    SW (230)
  HIGHEST GUST SPEED    21   HIGHEST GUST DIRECTION    SW (230)
  AVERAGE WIND SPEED     6.3


SKY COVER
  POSSIBLE SUNSHINE  MM
  AVERAGE SKY COVER 0.1


WEATHER CONDITIONS
 THE FOLLOWING WEATHER WAS RECORDED TODAY.
  NO SIGNIFICANT WEATHER WAS OBSERVED.


RELATIVE HUMIDITY (PERCENT)
 HIGHEST    76           800 AM
 LOWEST     38           200 PM
 AVERAGE    57

..........................................................


THE FRANKFORT KY CLIMATE NORMALS FOR TOMORROW
                         NORMAL    RECORD    YEAR
 MAXIMUM TEMPERATURE (F)   49        73      1930
 MINIMUM TEMPERATURE (F)   29        -3      1967


SUNRISE AND SUNSET
FEBRUARY 24 2015......SUNRISE   719 AM EST   SUNSET   627 PM EST
FEBRUARY 25 2015......SUNRISE   717 AM EST   SUNSET   629 PM EST


-  INDICATES NEGATIVE NUMBERS.
R  INDICATES RECORD WAS SET OR TIED.
MM INDICATES DATA IS MISSING.
T  INDICATES TRACE AMOUNT.




$$
