000
CDUS43 KLMK 110631
CLIFFT


CLIMATE REPORT
NATIONAL WEATHER SERVICE LOUISVILLE KY
231 AM EDT THU SEP 11 2014


...................................

...THE FRANKFORT KY CLIMATE SUMMARY FOR SEPTEMBER 10 2014...

CLIMATE NORMAL PERIOD 1981 TO 2010
CLIMATE RECORD PERIOD 1895 TO 2014


WEATHER ITEM   OBSERVED TIME   RECORD YEAR NORMAL DEPARTURE LAST
                VALUE   (LST)  VALUE       VALUE  FROM      YEAR
                                                  NORMAL
..................................................................
TEMPERATURE (F)
 YESTERDAY
  MAXIMUM         83    425 PM  99    1925  82      1       91
  MINIMUM         65   1239 AM  40    1924  58      7       72
  AVERAGE         74                        70      4       82

PRECIPITATION (IN)
  YESTERDAY        0.00          2.46 1957   0.12  -0.12     0.00
  MONTH TO DATE    0.06                      1.16  -1.10     0.05
  SINCE SEP 1      0.06                      1.16  -1.10     0.05
  SINCE JAN 1     33.35                     32.47   0.88    35.11

SNOWFALL (IN)
  YESTERDAY       MM            MM      MM  MM     MM       MM
  MONTH TO DATE   MM                        MM     MM       MM
  SINCE SEP 1     MM                        MM     MM       MM
  SINCE JUL 1     MM                        MM     MM       MM
  SNOW DEPTH      MM

DEGREE DAYS
 HEATING
  YESTERDAY        0                         1     -1        0
  MONTH TO DATE    0                         1     -1        0
  SINCE SEP 1      0                         1     -1        0
  SINCE JUL 1      3                         2      1        4

 COOLING
  YESTERDAY        9                         6      3       17
  MONTH TO DATE   96                        68     28       94
  SINCE SEP 1     96                        68     28       94
  SINCE JAN 1   1022                      1070    -48     1030
..................................................................


WIND (MPH)
  HIGHEST WIND SPEED    23   HIGHEST WIND DIRECTION     S (190)
  HIGHEST GUST SPEED    29   HIGHEST GUST DIRECTION     S (190)
  AVERAGE WIND SPEED    11.8


SKY COVER
  POSSIBLE SUNSHINE  MM
  AVERAGE SKY COVER 0.4


WEATHER CONDITIONS
 THE FOLLOWING WEATHER WAS RECORDED YESTERDAY.
  NO SIGNIFICANT WEATHER WAS OBSERVED.


RELATIVE HUMIDITY (PERCENT)
 HIGHEST    93          1200 AM
 LOWEST     65           300 PM
 AVERAGE    79

..........................................................


THE FRANKFORT KY CLIMATE NORMALS FOR TODAY
                         NORMAL    RECORD    YEAR
 MAXIMUM TEMPERATURE (F)   82        99      1964
 MINIMUM TEMPERATURE (F)   58        42      1917


SUNRISE AND SUNSET
SEPTEMBER 11 2014.....SUNRISE   718 AM EDT   SUNSET   754 PM EDT
SEPTEMBER 12 2014.....SUNRISE   719 AM EDT   SUNSET   752 PM EDT


-  INDICATES NEGATIVE NUMBERS.
R  INDICATES RECORD WAS SET OR TIED.
MM INDICATES DATA IS MISSING.
T  INDICATES TRACE AMOUNT.




$$
