000
CDUS43 KLMK 220633
CLIFFT


CLIMATE REPORT
NATIONAL WEATHER SERVICE LOUISVILLE KY
233 AM EDT FRI AUG 22 2014


...................................

...THE FRANKFORT KY CLIMATE SUMMARY FOR AUGUST 21 2014...

CLIMATE NORMAL PERIOD 1981 TO 2010
CLIMATE RECORD PERIOD 1895 TO 2014


WEATHER ITEM   OBSERVED TIME   RECORD YEAR NORMAL DEPARTURE LAST
                VALUE   (LST)  VALUE       VALUE  FROM      YEAR
                                                  NORMAL
..................................................................
TEMPERATURE (F)
 YESTERDAY
  MAXIMUM         87    445 PM 105    1936  86      1       87
  MINIMUM         68    631 AM  47    1932  64      4       64
  AVERAGE         78                        75      3       76

PRECIPITATION (IN)
  YESTERDAY        0.02          1.03 2007   0.12  -0.10     0.15
  MONTH TO DATE    2.02                      2.20  -0.18     1.41
  SINCE JUN 1      8.97                     10.68  -1.71    15.64
  SINCE JAN 1     29.75                     30.15  -0.40    34.31

SNOWFALL (IN)
  YESTERDAY       MM            MM      MM  MM     MM       MM
  MONTH TO DATE   MM                        MM     MM       MM
  SINCE JUN 1     MM                        MM     MM       MM
  SINCE JUL 1     MM                        MM     MM       MM
  SNOW DEPTH      MM

DEGREE DAYS
 HEATING
  YESTERDAY        0                         0      0        0
  MONTH TO DATE    0                         0      0        3
  SINCE JUN 1      6                        10     -4        6
  SINCE JUL 1      3                         0      3        4

 COOLING
  YESTERDAY       13                        10      3       11
  MONTH TO DATE  179                       226    -47      166
  SINCE JUN 1    669                       812   -143      691
  SINCE JAN 1    791                       911   -120      810
..................................................................


WIND (MPH)
  HIGHEST WIND SPEED    13   HIGHEST WIND DIRECTION    SW (230)
  HIGHEST GUST SPEED    18   HIGHEST GUST DIRECTION     W (250)
  AVERAGE WIND SPEED     5.8


SKY COVER
  POSSIBLE SUNSHINE  MM
  AVERAGE SKY COVER 0.2


WEATHER CONDITIONS
 THE FOLLOWING WEATHER WAS RECORDED YESTERDAY.
  THUNDERSTORM
  LIGHT RAIN


RELATIVE HUMIDITY (PERCENT)
 HIGHEST    97          1200 AM
 LOWEST     65           500 PM
 AVERAGE    81

..........................................................


THE FRANKFORT KY CLIMATE NORMALS FOR TODAY
                         NORMAL    RECORD    YEAR
 MAXIMUM TEMPERATURE (F)   86       104      1936
 MINIMUM TEMPERATURE (F)   63        48      1982
                                             1950
                                             1940


SUNRISE AND SUNSET
AUGUST 22 2014........SUNRISE   701 AM EDT   SUNSET   824 PM EDT
AUGUST 23 2014........SUNRISE   701 AM EDT   SUNSET   822 PM EDT


-  INDICATES NEGATIVE NUMBERS.
R  INDICATES RECORD WAS SET OR TIED.
MM INDICATES DATA IS MISSING.
T  INDICATES TRACE AMOUNT.




$$
