000
CDUS43 KLMK 150626
CLIFFT


CLIMATE REPORT
NATIONAL WEATHER SERVICE LOUISVILLE KY
226 AM EDT THU JUN 15 2017


...................................

...THE FRANKFORT KY CLIMATE SUMMARY FOR JUNE 14 2017...

CLIMATE NORMAL PERIOD 1981 TO 2010
CLIMATE RECORD PERIOD 1895 TO 2017


WEATHER ITEM   OBSERVED TIME   RECORD YEAR NORMAL DEPARTURE LAST
                VALUE   (LST)  VALUE       VALUE  FROM      YEAR
                                                  NORMAL
..................................................................
TEMPERATURE (F)
 YESTERDAY
  MAXIMUM         90    127 PM  94    2000  83      7       92
                                      1954
                                      1943
  MINIMUM         67    508 AM  41    1933  62      5       62
  AVERAGE         79                        72      7       77

PRECIPITATION (IN)
  YESTERDAY        0.05          2.61 1946   0.14  -0.09     0.40
  MONTH TO DATE    0.57                      2.25  -1.68     1.91
  SINCE JUN 1      0.57                      2.25  -1.68     1.91
  SINCE JAN 1     21.05                     21.72  -0.67    21.57

SNOWFALL (IN)
  YESTERDAY       MM            MM      MM  MM     MM       MM
  MONTH TO DATE   MM                        MM     MM       MM
  SINCE JUN 1     MM                        MM     MM       MM
  SINCE JUL 1     MM                        MM     MM       MM
  SNOW DEPTH      MM

DEGREE DAYS
 HEATING
  YESTERDAY        0                         0      0        0
  MONTH TO DATE    1                         9     -8        1
  SINCE JUN 1      1                         9     -8        1
  SINCE JUL 1   3532                      4699  -1167     3874

 COOLING
  YESTERDAY       14                         8      6       12
  MONTH TO DATE   96                        87      9      118
  SINCE JUN 1     96                        87      9      118
  SINCE JAN 1    282                       186     96      233
..................................................................


WIND (MPH)
  HIGHEST WIND SPEED    17   HIGHEST WIND DIRECTION     E (90)
  HIGHEST GUST SPEED    21   HIGHEST GUST DIRECTION     E (100)
  AVERAGE WIND SPEED     6.0


SKY COVER
  POSSIBLE SUNSHINE  MM
  AVERAGE SKY COVER 0.1


WEATHER CONDITIONS
 THE FOLLOWING WEATHER WAS RECORDED YESTERDAY.
  LIGHT RAIN


RELATIVE HUMIDITY (PERCENT)
 HIGHEST    87           100 AM
 LOWEST     52           100 PM
 AVERAGE    70

..........................................................


THE FRANKFORT KY CLIMATE NORMALS FOR TODAY
                         NORMAL    RECORD    YEAR
 MAXIMUM TEMPERATURE (F)   84        95      1938
                                             1936
 MINIMUM TEMPERATURE (F)   62        43      1933


SUNRISE AND SUNSET
JUNE 15 2017..........SUNRISE   616 AM EDT   SUNSET   905 PM EDT
JUNE 16 2017..........SUNRISE   616 AM EDT   SUNSET   905 PM EDT


-  INDICATES NEGATIVE NUMBERS.
R  INDICATES RECORD WAS SET OR TIED.
MM INDICATES DATA IS MISSING.
T  INDICATES TRACE AMOUNT.




$$
