000
CDUS43 KLMK 100648
CLIFFT


CLIMATE REPORT
NATIONAL WEATHER SERVICE LOUISVILLE KY
148 AM EST SUN DEC 10 2017


...................................

...THE FRANKFORT KY CLIMATE SUMMARY FOR DECEMBER 9 2017...

CLIMATE NORMAL PERIOD 1981 TO 2010
CLIMATE RECORD PERIOD 1895 TO 2017


WEATHER ITEM   OBSERVED TIME   RECORD YEAR NORMAL DEPARTURE LAST
                VALUE   (LST)  VALUE       VALUE  FROM      YEAR
                                                  NORMAL
..................................................................
TEMPERATURE (F)
 YESTERDAY
  MAXIMUM         32   1148 AM  70    1946  46    -14       25
                                      1911
  MINIMUM         18    448 AM  -6    1917  28    -10       18
  AVERAGE         25                        37    -12       22

PRECIPITATION (IN)
  YESTERDAY        T             1.78 1972   0.15  -0.15      T
  MONTH TO DATE    0.61                      1.30  -0.69     0.94
  SINCE DEC 1      0.61                      1.30  -0.69     0.94
  SINCE JAN 1     47.52                     42.91   4.61    41.18

SNOWFALL (IN)
  YESTERDAY       MM            MM      MM  MM     MM       MM
  MONTH TO DATE   MM                        MM     MM       MM
  SINCE DEC 1     MM                        MM     MM       MM
  SINCE JUL 1     MM                        MM     MM       MM
  SNOW DEPTH      MM

DEGREE DAYS
 HEATING
  YESTERDAY       40                        28     12       43
  MONTH TO DATE  242                       240      2      251
  SINCE DEC 1    242                       240      2      251
  SINCE JUL 1   1050                      1151   -101      869

 COOLING
  YESTERDAY        0                         0      0        0
  MONTH TO DATE    0                         0      0        0
  SINCE DEC 1      0                         0      0        0
  SINCE JAN 1   1279                      1155    124     1639
..................................................................


WIND (MPH)
  HIGHEST WIND SPEED    17   HIGHEST WIND DIRECTION    SW (230)
  HIGHEST GUST SPEED    24   HIGHEST GUST DIRECTION    SW (230)
  AVERAGE WIND SPEED     7.9


SKY COVER
  POSSIBLE SUNSHINE  MM
  AVERAGE SKY COVER 0.6


WEATHER CONDITIONS
 THE FOLLOWING WEATHER WAS RECORDED YESTERDAY.
  LIGHT SNOW
  HAZE


RELATIVE HUMIDITY (PERCENT)
 HIGHEST    78           400 PM
 LOWEST     53          1100 AM
 AVERAGE    66

..........................................................


THE FRANKFORT KY CLIMATE NORMALS FOR TODAY
                         NORMAL    RECORD    YEAR
 MAXIMUM TEMPERATURE (F)   46        70      1952
 MINIMUM TEMPERATURE (F)   27        -8      1917


SUNRISE AND SUNSET
DECEMBER 10 2017......SUNRISE   745 AM EST   SUNSET   520 PM EST
DECEMBER 11 2017......SUNRISE   746 AM EST   SUNSET   520 PM EST


-  INDICATES NEGATIVE NUMBERS.
R  INDICATES RECORD WAS SET OR TIED.
MM INDICATES DATA IS MISSING.
T  INDICATES TRACE AMOUNT.




$$
