000
CDUS43 KLMK 162034
CLIFFT


CLIMATE REPORT
NATIONAL WEATHER SERVICE LOUISVILLE KY
434 PM EDT SUN APR 16 2017


...................................

...THE FRANKFORT KY CLIMATE SUMMARY FOR APRIL 16 2017...
VALID TODAY AS OF 0400 PM LOCAL TIME.

CLIMATE NORMAL PERIOD 1981 TO 2010
CLIMATE RECORD PERIOD 1895 TO 2017


WEATHER ITEM   OBSERVED TIME   RECORD YEAR NORMAL DEPARTURE LAST
                VALUE   (LST)  VALUE       VALUE  FROM      YEAR
                                                  NORMAL
..................................................................
TEMPERATURE (F)
 TODAY
  MAXIMUM         78    138 PM  87    1896  67     11       77
  MINIMUM         63    739 AM  24    2014  44     19       48
  AVERAGE         71                        55     16       63

PRECIPITATION (IN)
  TODAY            0.52          2.65 1947   0.11   0.41     0.00
  MONTH TO DATE    1.44                      1.79  -0.35     0.85
  SINCE MAR 1      6.53                      6.17   0.36     6.93
  SINCE JAN 1     12.63                     12.72  -0.09    12.95

SNOWFALL (IN)
  TODAY           MM            MM      MM  MM     MM       MM
  MONTH TO DATE   MM                        MM     MM       MM
  SINCE MAR 1     MM                        MM     MM       MM
  SINCE JUL 1     MM                        MM     MM       MM
  SNOW DEPTH      MM

DEGREE DAYS
 HEATING
  TODAY            0                        10    -10        2
  MONTH TO DATE   97                       202   -105      233
  SINCE MAR 1    630                       827   -197      643
  SINCE JUL 1   3400                      4466  -1066     3715

 COOLING
  TODAY            6                         1      5        0
  MONTH TO DATE   22                         8     14        0
  SINCE MAR 1     28                        10     18        1
  SINCE JAN 1     31                        10     21        1
..................................................................


WIND (MPH)
  HIGHEST WIND SPEED    23   HIGHEST WIND DIRECTION     W (260)
  HIGHEST GUST SPEED    33   HIGHEST GUST DIRECTION     W (270)
  AVERAGE WIND SPEED    11.4


SKY COVER
  POSSIBLE SUNSHINE  MM
  AVERAGE SKY COVER 0.7


WEATHER CONDITIONS
 THE FOLLOWING WEATHER WAS RECORDED TODAY.
  THUNDERSTORM
  HEAVY RAIN
  RAIN
  LIGHT RAIN


RELATIVE HUMIDITY (PERCENT)
 HIGHEST    84           600 AM
 LOWEST     47          1200 AM
 AVERAGE    66

..........................................................


THE FRANKFORT KY CLIMATE NORMALS FOR TOMORROW
                         NORMAL    RECORD    YEAR
 MAXIMUM TEMPERATURE (F)   68        88      1896
 MINIMUM TEMPERATURE (F)   44        27      1962
                                             1904


SUNRISE AND SUNSET
APRIL 16 2017.........SUNRISE   702 AM EDT   SUNSET   817 PM EDT
APRIL 17 2017.........SUNRISE   701 AM EDT   SUNSET   818 PM EDT


-  INDICATES NEGATIVE NUMBERS.
R  INDICATES RECORD WAS SET OR TIED.
MM INDICATES DATA IS MISSING.
T  INDICATES TRACE AMOUNT.




$$
