000
CDUS43 KLMK 270627
CLIFFT


CLIMATE REPORT
NATIONAL WEATHER SERVICE LOUISVILLE KY
227 AM EDT WED AUG 27 2014


...................................

...THE FRANKFORT KY CLIMATE SUMMARY FOR AUGUST 26 2014...

CLIMATE NORMAL PERIOD 1981 TO 2010
CLIMATE RECORD PERIOD 1895 TO 2014


WEATHER ITEM   OBSERVED TIME   RECORD YEAR NORMAL DEPARTURE LAST
                VALUE   (LST)  VALUE       VALUE  FROM      YEAR
                                                  NORMAL
..................................................................
TEMPERATURE (F)
 YESTERDAY
  MAXIMUM         90    253 PM 101    1948  86      4       88
  MINIMUM         67    644 AM  41    1896  63      4       64
  AVERAGE         79                        74      5       76

PRECIPITATION (IN)
  YESTERDAY        0.00          1.35 1914   0.12  -0.12     0.00
  MONTH TO DATE    4.23                      2.79   1.44     1.41
  SINCE JUN 1     11.18                     11.27  -0.09    15.64
  SINCE JAN 1     31.96                     30.74   1.22    34.31

SNOWFALL (IN)
  YESTERDAY       MM            MM      MM  MM     MM       MM
  MONTH TO DATE   MM                        MM     MM       MM
  SINCE JUN 1     MM                        MM     MM       MM
  SINCE JUL 1     MM                        MM     MM       MM
  SNOW DEPTH      MM

DEGREE DAYS
 HEATING
  YESTERDAY        0                         0      0        0
  MONTH TO DATE    0                         0      0        3
  SINCE JUN 1      6                        10     -4        6
  SINCE JUL 1      3                         0      3        4

 COOLING
  YESTERDAY       14                         9      5       11
  MONTH TO DATE  252                       274    -22      217
  SINCE JUN 1    742                       860   -118      742
  SINCE JAN 1    864                       959    -95      861
..................................................................


WIND (MPH)
  HIGHEST WIND SPEED     9   HIGHEST WIND DIRECTION     E (110)
  HIGHEST GUST SPEED    12   HIGHEST GUST DIRECTION     E (100)
  AVERAGE WIND SPEED     2.8


SKY COVER
  POSSIBLE SUNSHINE  MM
  AVERAGE SKY COVER 0.1


WEATHER CONDITIONS
 THE FOLLOWING WEATHER WAS RECORDED YESTERDAY.
  FOG


RELATIVE HUMIDITY (PERCENT)
 HIGHEST    97           200 AM
 LOWEST     50           100 PM
 AVERAGE    74

..........................................................


THE FRANKFORT KY CLIMATE NORMALS FOR TODAY
                         NORMAL    RECORD    YEAR
 MAXIMUM TEMPERATURE (F)   86       104      1936
 MINIMUM TEMPERATURE (F)   63        41      1896


SUNRISE AND SUNSET
AUGUST 27 2014........SUNRISE   705 AM EDT   SUNSET   817 PM EDT
AUGUST 28 2014........SUNRISE   706 AM EDT   SUNSET   815 PM EDT


-  INDICATES NEGATIVE NUMBERS.
R  INDICATES RECORD WAS SET OR TIED.
MM INDICATES DATA IS MISSING.
T  INDICATES TRACE AMOUNT.




$$
